{"id":7834,"date":"2025-11-27T13:47:46","date_gmt":"2025-11-27T12:47:46","guid":{"rendered":"https:\/\/www.coccigames.com\/index.php\/produit\/vashtorr-larkifane\/"},"modified":"2026-04-06T09:26:47","modified_gmt":"2026-04-06T07:26:47","slug":"vashtorr-larkifane","status":"publish","type":"product","link":"https:\/\/www.coccigames.com\/index.php\/produit\/vashtorr-larkifane\/","title":{"rendered":"VASHTORR L&rsquo;ARKIFANE"},"content":{"rendered":"<p>Vashtorr est le Roi de la Forge des \u00c2mes, un demi-dieu d\u00e9moniaque \u00e0 l&rsquo;inventivit\u00e9 d\u00e9brid\u00e9e et aux abominables talents d&rsquo;artisan. Lorsque l&rsquo;Arkifane prend forme physique, c&rsquo;est celle d&rsquo;une silhouette de chair p\u00e2le tendue sur des m\u00e9canismes infernaux qui survole le champ de bataille au c\u0153ur d&rsquo;un nuage d&rsquo;\u00e9clairs et de fum\u00e9es grasse. Vashtorr r\u00e9pand la destruction \u00e0 chacun de ses pas vrombissants en d\u00e9cha\u00eenant des techno-mal\u00e9dictions sur ses ennemis tandis qu&rsquo;il con\u00e7oit \u00e0 l&rsquo;aide de la mati\u00e8re brute de la r\u00e9alit\u00e9 des am\u00e9liorations pour les machines-d\u00e9mons qui lui sont endett\u00e9es.<\/p>\n<p>Ce kit plastique permet d&rsquo;assembler Vashtorr l&rsquo;Arkifane, le ma\u00eetre des forges et manufactorums d\u00e9moniaques. Ce personnage d\u00e9gingand\u00e9 et surnaturel est couvert de sinistres d\u00e9tails cybern\u00e9tiques, des pots d&rsquo;\u00e9chappement et chemin\u00e9es qui saillent de son dos courb\u00e9 aux m\u00e9cavrilles qui grouillent sur son socle sc\u00e9nique. Il manie un odieux marteau de forgeron dans une main, tandis que l&rsquo;autre s&rsquo;\u00e9tire en une cruelle griffe cybern\u00e9tique dans laquelle est int\u00e9gr\u00e9e une arme cracheuse de flammes. Vashtorr porte une carapace blind\u00e9e avec un tablier de m\u00e9tal segment\u00e9, mais il peut \u00eatre assembl\u00e9 sans cette armure pour exposer la forme grotesque qu&rsquo;elle dissimule.<\/p>\n<p>Mesurant pr\u00e8s de 13cm de haut de ses sabots m\u00e9talliques \u00e0 la pointe de ses ailes \u00e9tiol\u00e9es, Vashtorr attire le regard sur le champ de bataille, et c&rsquo;est un concurrent m\u00e9ritant du Jeu Divin.<\/p>\n","protected":false},"excerpt":{"rendered":"<p>Vashtorr est le Roi de la Forge des \u00c2mes, un demi-dieu d\u00e9moniaque \u00e0 l&rsquo;inventivit\u00e9 d\u00e9brid\u00e9e et aux abominables talents d&rsquo;artisan. Lorsque l&rsquo;Arkifane prend forme physique, c&rsquo;est celle d&rsquo;une silhouette de chair p\u00e2le tendue sur des m\u00e9canismes infernaux qui survole le champ de bataille au c\u0153ur&hellip;<\/p>\n","protected":false},"featured_media":9827,"comment_status":"open","ping_status":"closed","template":"","meta":[],"product_brand":[23],"product_cat":[287],"product_tag":[55],"class_list":{"0":"post-7834","1":"product","2":"type-product","3":"status-publish","4":"has-post-thumbnail","6":"product_brand-games-workshop","7":"product_cat-chaos-space-marines","8":"product_tag-chaos-space-marines","10":"first","11":"onbackorder","12":"sale","13":"taxable","14":"shipping-taxable","15":"purchasable","16":"product-type-simple"},"yoast_head":"<!-- This site is optimized with the Yoast SEO plugin v26.4 - https:\/\/yoast.com\/wordpress\/plugins\/seo\/ -->\n<title>VASHTORR L&#039;ARKIFANE - Coccigames<\/title>\n<meta name=\"robots\" content=\"index, follow, max-snippet:-1, max-image-preview:large, max-video-preview:-1\" \/>\n<link rel=\"canonical\" href=\"https:\/\/www.coccigames.com\/index.php\/produit\/vashtorr-larkifane\/\" \/>\n<meta property=\"og:locale\" content=\"fr_FR\" \/>\n<meta property=\"og:type\" content=\"article\" \/>\n<meta property=\"og:title\" content=\"VASHTORR L&#039;ARKIFANE - Coccigames\" \/>\n<meta property=\"og:description\" content=\"Vashtorr est le Roi de la Forge des \u00c2mes, un demi-dieu d\u00e9moniaque \u00e0 l&rsquo;inventivit\u00e9 d\u00e9brid\u00e9e et aux abominables talents d&rsquo;artisan. Lorsque l&rsquo;Arkifane prend forme physique, c&rsquo;est celle d&rsquo;une silhouette de chair p\u00e2le tendue sur des m\u00e9canismes infernaux qui survole le champ de bataille au c\u0153ur&hellip;\" \/>\n<meta property=\"og:url\" content=\"https:\/\/www.coccigames.com\/index.php\/produit\/vashtorr-larkifane\/\" \/>\n<meta property=\"og:site_name\" content=\"Coccigames\" \/>\n<meta property=\"article:modified_time\" content=\"2026-04-06T07:26:47+00:00\" \/>\n<meta property=\"og:image\" content=\"https:\/\/www.coccigames.com\/wp-content\/uploads\/2025\/11\/99120102180_CSMVashtorrTheArkifaneStock.jpg\" \/>\n\t<meta property=\"og:image:width\" content=\"918\" \/>\n\t<meta property=\"og:image:height\" content=\"948\" \/>\n\t<meta property=\"og:image:type\" content=\"image\/jpeg\" \/>\n<meta name=\"twitter:card\" content=\"summary_large_image\" \/>\n<script type=\"application\/ld+json\" class=\"yoast-schema-graph\">{\"@context\":\"https:\/\/schema.org\",\"@graph\":[{\"@type\":\"WebPage\",\"@id\":\"https:\/\/www.coccigames.com\/index.php\/produit\/vashtorr-larkifane\/\",\"url\":\"https:\/\/www.coccigames.com\/index.php\/produit\/vashtorr-larkifane\/\",\"name\":\"VASHTORR L'ARKIFANE - Coccigames\",\"isPartOf\":{\"@id\":\"https:\/\/www.coccigames.com\/#website\"},\"primaryImageOfPage\":{\"@id\":\"https:\/\/www.coccigames.com\/index.php\/produit\/vashtorr-larkifane\/#primaryimage\"},\"image\":{\"@id\":\"https:\/\/www.coccigames.com\/index.php\/produit\/vashtorr-larkifane\/#primaryimage\"},\"thumbnailUrl\":\"https:\/\/www.coccigames.com\/wp-content\/uploads\/2025\/11\/99120102180_CSMVashtorrTheArkifaneStock.jpg\",\"datePublished\":\"2025-11-27T12:47:46+00:00\",\"dateModified\":\"2026-04-06T07:26:47+00:00\",\"breadcrumb\":{\"@id\":\"https:\/\/www.coccigames.com\/index.php\/produit\/vashtorr-larkifane\/#breadcrumb\"},\"inLanguage\":\"fr-FR\",\"potentialAction\":[{\"@type\":\"ReadAction\",\"target\":[\"https:\/\/www.coccigames.com\/index.php\/produit\/vashtorr-larkifane\/\"]}]},{\"@type\":\"ImageObject\",\"inLanguage\":\"fr-FR\",\"@id\":\"https:\/\/www.coccigames.com\/index.php\/produit\/vashtorr-larkifane\/#primaryimage\",\"url\":\"https:\/\/www.coccigames.com\/wp-content\/uploads\/2025\/11\/99120102180_CSMVashtorrTheArkifaneStock.jpg\",\"contentUrl\":\"https:\/\/www.coccigames.com\/wp-content\/uploads\/2025\/11\/99120102180_CSMVashtorrTheArkifaneStock.jpg\",\"width\":918,\"height\":948},{\"@type\":\"BreadcrumbList\",\"@id\":\"https:\/\/www.coccigames.com\/index.php\/produit\/vashtorr-larkifane\/#breadcrumb\",\"itemListElement\":[{\"@type\":\"ListItem\",\"position\":1,\"name\":\"Accueil\",\"item\":\"https:\/\/www.coccigames.com\/\"},{\"@type\":\"ListItem\",\"position\":2,\"name\":\"Boutique\",\"item\":\"https:\/\/www.coccigames.com\/index.php\/boutique\/\"},{\"@type\":\"ListItem\",\"position\":3,\"name\":\"VASHTORR L&rsquo;ARKIFANE\"}]},{\"@type\":\"WebSite\",\"@id\":\"https:\/\/www.coccigames.com\/#website\",\"url\":\"https:\/\/www.coccigames.com\/\",\"name\":\"Coccigames - Figurines et Peintures\",\"description\":\"Figurines et Peintures\",\"publisher\":{\"@id\":\"https:\/\/www.coccigames.com\/#organization\"},\"potentialAction\":[{\"@type\":\"SearchAction\",\"target\":{\"@type\":\"EntryPoint\",\"urlTemplate\":\"https:\/\/www.coccigames.com\/?s={search_term_string}\"},\"query-input\":{\"@type\":\"PropertyValueSpecification\",\"valueRequired\":true,\"valueName\":\"search_term_string\"}}],\"inLanguage\":\"fr-FR\"},{\"@type\":\"Organization\",\"@id\":\"https:\/\/www.coccigames.com\/#organization\",\"name\":\"Coccigames\",\"url\":\"https:\/\/www.coccigames.com\/\",\"logo\":{\"@type\":\"ImageObject\",\"inLanguage\":\"fr-FR\",\"@id\":\"https:\/\/www.coccigames.com\/#\/schema\/logo\/image\/\",\"url\":\"https:\/\/www.coccigames.com\/wp-content\/uploads\/2025\/12\/coccigames_logo_v5.png\",\"contentUrl\":\"https:\/\/www.coccigames.com\/wp-content\/uploads\/2025\/12\/coccigames_logo_v5.png\",\"width\":1768,\"height\":424,\"caption\":\"Coccigames\"},\"image\":{\"@id\":\"https:\/\/www.coccigames.com\/#\/schema\/logo\/image\/\"}}]}<\/script>\n<!-- \/ Yoast SEO plugin. -->","yoast_head_json":{"title":"VASHTORR L'ARKIFANE - Coccigames","robots":{"index":"index","follow":"follow","max-snippet":"max-snippet:-1","max-image-preview":"max-image-preview:large","max-video-preview":"max-video-preview:-1"},"canonical":"https:\/\/www.coccigames.com\/index.php\/produit\/vashtorr-larkifane\/","og_locale":"fr_FR","og_type":"article","og_title":"VASHTORR L'ARKIFANE - Coccigames","og_description":"Vashtorr est le Roi de la Forge des \u00c2mes, un demi-dieu d\u00e9moniaque \u00e0 l&rsquo;inventivit\u00e9 d\u00e9brid\u00e9e et aux abominables talents d&rsquo;artisan. Lorsque l&rsquo;Arkifane prend forme physique, c&rsquo;est celle d&rsquo;une silhouette de chair p\u00e2le tendue sur des m\u00e9canismes infernaux qui survole le champ de bataille au c\u0153ur&hellip;","og_url":"https:\/\/www.coccigames.com\/index.php\/produit\/vashtorr-larkifane\/","og_site_name":"Coccigames","article_modified_time":"2026-04-06T07:26:47+00:00","og_image":[{"width":918,"height":948,"url":"https:\/\/www.coccigames.com\/wp-content\/uploads\/2025\/11\/99120102180_CSMVashtorrTheArkifaneStock.jpg","type":"image\/jpeg"}],"twitter_card":"summary_large_image","schema":{"@context":"https:\/\/schema.org","@graph":[{"@type":"WebPage","@id":"https:\/\/www.coccigames.com\/index.php\/produit\/vashtorr-larkifane\/","url":"https:\/\/www.coccigames.com\/index.php\/produit\/vashtorr-larkifane\/","name":"VASHTORR L'ARKIFANE - Coccigames","isPartOf":{"@id":"https:\/\/www.coccigames.com\/#website"},"primaryImageOfPage":{"@id":"https:\/\/www.coccigames.com\/index.php\/produit\/vashtorr-larkifane\/#primaryimage"},"image":{"@id":"https:\/\/www.coccigames.com\/index.php\/produit\/vashtorr-larkifane\/#primaryimage"},"thumbnailUrl":"https:\/\/www.coccigames.com\/wp-content\/uploads\/2025\/11\/99120102180_CSMVashtorrTheArkifaneStock.jpg","datePublished":"2025-11-27T12:47:46+00:00","dateModified":"2026-04-06T07:26:47+00:00","breadcrumb":{"@id":"https:\/\/www.coccigames.com\/index.php\/produit\/vashtorr-larkifane\/#breadcrumb"},"inLanguage":"fr-FR","potentialAction":[{"@type":"ReadAction","target":["https:\/\/www.coccigames.com\/index.php\/produit\/vashtorr-larkifane\/"]}]},{"@type":"ImageObject","inLanguage":"fr-FR","@id":"https:\/\/www.coccigames.com\/index.php\/produit\/vashtorr-larkifane\/#primaryimage","url":"https:\/\/www.coccigames.com\/wp-content\/uploads\/2025\/11\/99120102180_CSMVashtorrTheArkifaneStock.jpg","contentUrl":"https:\/\/www.coccigames.com\/wp-content\/uploads\/2025\/11\/99120102180_CSMVashtorrTheArkifaneStock.jpg","width":918,"height":948},{"@type":"BreadcrumbList","@id":"https:\/\/www.coccigames.com\/index.php\/produit\/vashtorr-larkifane\/#breadcrumb","itemListElement":[{"@type":"ListItem","position":1,"name":"Accueil","item":"https:\/\/www.coccigames.com\/"},{"@type":"ListItem","position":2,"name":"Boutique","item":"https:\/\/www.coccigames.com\/index.php\/boutique\/"},{"@type":"ListItem","position":3,"name":"VASHTORR L&rsquo;ARKIFANE"}]},{"@type":"WebSite","@id":"https:\/\/www.coccigames.com\/#website","url":"https:\/\/www.coccigames.com\/","name":"Coccigames - Figurines et Peintures","description":"Figurines et Peintures","publisher":{"@id":"https:\/\/www.coccigames.com\/#organization"},"potentialAction":[{"@type":"SearchAction","target":{"@type":"EntryPoint","urlTemplate":"https:\/\/www.coccigames.com\/?s={search_term_string}"},"query-input":{"@type":"PropertyValueSpecification","valueRequired":true,"valueName":"search_term_string"}}],"inLanguage":"fr-FR"},{"@type":"Organization","@id":"https:\/\/www.coccigames.com\/#organization","name":"Coccigames","url":"https:\/\/www.coccigames.com\/","logo":{"@type":"ImageObject","inLanguage":"fr-FR","@id":"https:\/\/www.coccigames.com\/#\/schema\/logo\/image\/","url":"https:\/\/www.coccigames.com\/wp-content\/uploads\/2025\/12\/coccigames_logo_v5.png","contentUrl":"https:\/\/www.coccigames.com\/wp-content\/uploads\/2025\/12\/coccigames_logo_v5.png","width":1768,"height":424,"caption":"Coccigames"},"image":{"@id":"https:\/\/www.coccigames.com\/#\/schema\/logo\/image\/"}}]}},"_links":{"self":[{"href":"https:\/\/www.coccigames.com\/index.php\/wp-json\/wp\/v2\/product\/7834","targetHints":{"allow":["GET"]}}],"collection":[{"href":"https:\/\/www.coccigames.com\/index.php\/wp-json\/wp\/v2\/product"}],"about":[{"href":"https:\/\/www.coccigames.com\/index.php\/wp-json\/wp\/v2\/types\/product"}],"replies":[{"embeddable":true,"href":"https:\/\/www.coccigames.com\/index.php\/wp-json\/wp\/v2\/comments?post=7834"}],"wp:featuredmedia":[{"embeddable":true,"href":"https:\/\/www.coccigames.com\/index.php\/wp-json\/wp\/v2\/media\/9827"}],"wp:attachment":[{"href":"https:\/\/www.coccigames.com\/index.php\/wp-json\/wp\/v2\/media?parent=7834"}],"wp:term":[{"taxonomy":"product_brand","embeddable":true,"href":"https:\/\/www.coccigames.com\/index.php\/wp-json\/wp\/v2\/product_brand?post=7834"},{"taxonomy":"product_cat","embeddable":true,"href":"https:\/\/www.coccigames.com\/index.php\/wp-json\/wp\/v2\/product_cat?post=7834"},{"taxonomy":"product_tag","embeddable":true,"href":"https:\/\/www.coccigames.com\/index.php\/wp-json\/wp\/v2\/product_tag?post=7834"}],"curies":[{"name":"wp","href":"https:\/\/api.w.org\/{rel}","templated":true}]}}