{"id":7194,"date":"2025-11-21T16:54:55","date_gmt":"2025-11-21T15:54:55","guid":{"rendered":"https:\/\/www.coccigames.com\/index.php\/produit\/s-marines-escouade-dassaut-terminator\/"},"modified":"2026-04-06T09:26:32","modified_gmt":"2026-04-06T07:26:32","slug":"s-marines-escouade-dassaut-terminator","status":"publish","type":"product","link":"https:\/\/www.coccigames.com\/index.php\/produit\/s-marines-escouade-dassaut-terminator\/","title":{"rendered":"SPACE MARINES: ESCOUADE D&rsquo;ASSAUT TERMINATOR"},"content":{"rendered":"<p>Les Escouades d\u2019Assaut Terminator sont \u00e9quip\u00e9es d&rsquo;armes de corps \u00e0 corps d\u00e9vastatrices, id\u00e9ales pour les actions d\u2019avant-garde f\u00e9roces et les abordages. Les Terminators se pr\u00e9cipitent pour engager le combat contre les guerriers ennemis les plus redoutables, les lac\u00e8rent avec leurs griffes Lightning ou leur brisent le cr\u00e2ne \u00e0 coups de marteaux Thunder.  Ce kit en plastique permet d&rsquo;assembler cinq Terminators d&rsquo;Assaut, et leur Balise de T\u00e9l\u00e9portation, pour vos arm\u00e9es de Space Marines dans les parties de Warhammer 40,000. Rev\u00eatus des meilleures armures, ils ne craignent pas le tir des armes antipersonnelles, et ripostent une fois au contact en infligeant une quantit\u00e9 effarante de d\u00e9g\u00e2ts. L&rsquo;unit\u00e9 peut \u00eatre arm\u00e9e de marteaux Thunder et de boucliers Storm, l&rsquo;id\u00e9al pour venir \u00e0 bout des cibles les plus grosses et les plus coriaces, ou de paires de griffes Lightning pour r\u00e9duire en lambeaux des hordes de troupes ennemies.  Le kit inclut les \u00e9l\u00e9ments interchangeables suivants: \u2013 5x bras gauches avec griffes Lightning \u2013 5x bras droits avec griffes Lightning \u2013 5x bras gauches avec boucliers Storm \u2013 5x bras droits avec marteaux Thunder \u2013 5x t\u00eates casqu\u00e9es \u2013 6x t\u00eates nues \u2013 5x \u00e9cus \u2013 15x sceaux de puret\u00e9 et pendentifs honorifiques  Vous disposez aussi des \u00e9l\u00e9ments pour assembler un des membres de l&rsquo;escouade comme un Sergent Terminator d&rsquo;Assaut optionnel, avec un choix de deux t\u00eates (nue et casqu\u00e9e), deux \u00e9cus diff\u00e9rents, ainsi que des plaques d&rsquo;armure et des armes arborant davantage d&rsquo;ornements honorifiques.  Ce kit est fourni avec 1x Planche de D\u00e9calcos d&rsquo;Infanterie Space Marine, comprenant 758x d\u00e9calcos de grande qualit\u00e9. Celles-ci incluent des ic\u00f4nes de Chapitre pour les Ultramarines, les Imperial Fists, les Salamanders et les Raptors, ainsi que des indicateurs de r\u00f4le tactique, des chiffres, des chiffres romains, et plus encore.  Ce kit est compos\u00e9 de 144 \u00e9l\u00e9ments en plastique, de 5x Socles Ronds Citadel de 40mm et de 1x Socle Rond Citadel de 25mm. Ces figurines sont fournies non peintes et n\u00e9cessitent assemblage \u2013 nous recommandons d&#8217;employer la Colle Plastique Citadel et la peinture Citadel Colour.  Les r\u00e8gles pour utiliser ces figurines dans vos parties de Warhammer 40,000 sont t\u00e9l\u00e9chargeables gratuitement sur le site Warhammer Community.<\/p>\n","protected":false},"excerpt":{"rendered":"<p>Les Escouades d\u2019Assaut Terminator sont \u00e9quip\u00e9es d&rsquo;armes de corps \u00e0 corps d\u00e9vastatrices, id\u00e9ales pour les actions d\u2019avant-garde f\u00e9roces et les abordages. Les Terminators se pr\u00e9cipitent pour engager le combat contre les guerriers ennemis les plus redoutables, les lac\u00e8rent avec leurs griffes Lightning ou leur brisent&hellip;<\/p>\n","protected":false},"featured_media":7671,"comment_status":"open","ping_status":"closed","template":"","meta":[],"product_brand":[23],"product_cat":[363],"product_tag":[52],"class_list":{"0":"post-7194","1":"product","2":"type-product","3":"status-publish","4":"has-post-thumbnail","6":"product_brand-games-workshop","7":"product_cat-space-marines-warhammer-40000","8":"product_tag-space-marines","10":"first","11":"instock","12":"sale","13":"taxable","14":"shipping-taxable","15":"purchasable","16":"product-type-simple"},"yoast_head":"<!-- This site is optimized with the Yoast SEO plugin v26.4 - https:\/\/yoast.com\/wordpress\/plugins\/seo\/ -->\n<title>SPACE MARINES: ESCOUADE D&#039;ASSAUT TERMINATOR - Coccigames<\/title>\n<meta name=\"robots\" content=\"index, follow, max-snippet:-1, max-image-preview:large, max-video-preview:-1\" \/>\n<link rel=\"canonical\" href=\"https:\/\/www.coccigames.com\/index.php\/produit\/s-marines-escouade-dassaut-terminator\/\" \/>\n<meta property=\"og:locale\" content=\"fr_FR\" \/>\n<meta property=\"og:type\" content=\"article\" \/>\n<meta property=\"og:title\" content=\"SPACE MARINES: ESCOUADE D&#039;ASSAUT TERMINATOR - Coccigames\" \/>\n<meta property=\"og:description\" content=\"Les Escouades d\u2019Assaut Terminator sont \u00e9quip\u00e9es d&rsquo;armes de corps \u00e0 corps d\u00e9vastatrices, id\u00e9ales pour les actions d\u2019avant-garde f\u00e9roces et les abordages. Les Terminators se pr\u00e9cipitent pour engager le combat contre les guerriers ennemis les plus redoutables, les lac\u00e8rent avec leurs griffes Lightning ou leur brisent&hellip;\" \/>\n<meta property=\"og:url\" content=\"https:\/\/www.coccigames.com\/index.php\/produit\/s-marines-escouade-dassaut-terminator\/\" \/>\n<meta property=\"og:site_name\" content=\"Coccigames\" \/>\n<meta property=\"article:modified_time\" content=\"2026-04-06T07:26:32+00:00\" \/>\n<meta property=\"og:image\" content=\"https:\/\/www.coccigames.com\/wp-content\/uploads\/2025\/11\/https___trade.games-workshop.com_assets_2025_11_99120101454_SPACEMARINESTerminatorAssaultSquad07.jpg\" \/>\n\t<meta property=\"og:image:width\" content=\"1840\" \/>\n\t<meta property=\"og:image:height\" content=\"1900\" \/>\n\t<meta property=\"og:image:type\" content=\"image\/jpeg\" \/>\n<meta name=\"twitter:card\" content=\"summary_large_image\" \/>\n<meta name=\"twitter:label1\" content=\"Dur\u00e9e de lecture estim\u00e9e\" \/>\n\t<meta name=\"twitter:data1\" content=\"1 minute\" \/>\n<script type=\"application\/ld+json\" class=\"yoast-schema-graph\">{\"@context\":\"https:\/\/schema.org\",\"@graph\":[{\"@type\":\"WebPage\",\"@id\":\"https:\/\/www.coccigames.com\/index.php\/produit\/s-marines-escouade-dassaut-terminator\/\",\"url\":\"https:\/\/www.coccigames.com\/index.php\/produit\/s-marines-escouade-dassaut-terminator\/\",\"name\":\"SPACE MARINES: ESCOUADE D'ASSAUT TERMINATOR - Coccigames\",\"isPartOf\":{\"@id\":\"https:\/\/www.coccigames.com\/#website\"},\"primaryImageOfPage\":{\"@id\":\"https:\/\/www.coccigames.com\/index.php\/produit\/s-marines-escouade-dassaut-terminator\/#primaryimage\"},\"image\":{\"@id\":\"https:\/\/www.coccigames.com\/index.php\/produit\/s-marines-escouade-dassaut-terminator\/#primaryimage\"},\"thumbnailUrl\":\"https:\/\/www.coccigames.com\/wp-content\/uploads\/2025\/11\/https___trade.games-workshop.com_assets_2025_11_99120101454_SPACEMARINESTerminatorAssaultSquad07.jpg\",\"datePublished\":\"2025-11-21T15:54:55+00:00\",\"dateModified\":\"2026-04-06T07:26:32+00:00\",\"breadcrumb\":{\"@id\":\"https:\/\/www.coccigames.com\/index.php\/produit\/s-marines-escouade-dassaut-terminator\/#breadcrumb\"},\"inLanguage\":\"fr-FR\",\"potentialAction\":[{\"@type\":\"ReadAction\",\"target\":[\"https:\/\/www.coccigames.com\/index.php\/produit\/s-marines-escouade-dassaut-terminator\/\"]}]},{\"@type\":\"ImageObject\",\"inLanguage\":\"fr-FR\",\"@id\":\"https:\/\/www.coccigames.com\/index.php\/produit\/s-marines-escouade-dassaut-terminator\/#primaryimage\",\"url\":\"https:\/\/www.coccigames.com\/wp-content\/uploads\/2025\/11\/https___trade.games-workshop.com_assets_2025_11_99120101454_SPACEMARINESTerminatorAssaultSquad07.jpg\",\"contentUrl\":\"https:\/\/www.coccigames.com\/wp-content\/uploads\/2025\/11\/https___trade.games-workshop.com_assets_2025_11_99120101454_SPACEMARINESTerminatorAssaultSquad07.jpg\",\"width\":1840,\"height\":1900},{\"@type\":\"BreadcrumbList\",\"@id\":\"https:\/\/www.coccigames.com\/index.php\/produit\/s-marines-escouade-dassaut-terminator\/#breadcrumb\",\"itemListElement\":[{\"@type\":\"ListItem\",\"position\":1,\"name\":\"Accueil\",\"item\":\"https:\/\/www.coccigames.com\/\"},{\"@type\":\"ListItem\",\"position\":2,\"name\":\"Boutique\",\"item\":\"https:\/\/www.coccigames.com\/index.php\/boutique\/\"},{\"@type\":\"ListItem\",\"position\":3,\"name\":\"SPACE MARINES: ESCOUADE D&rsquo;ASSAUT TERMINATOR\"}]},{\"@type\":\"WebSite\",\"@id\":\"https:\/\/www.coccigames.com\/#website\",\"url\":\"https:\/\/www.coccigames.com\/\",\"name\":\"Coccigames - Figurines et Peintures\",\"description\":\"Figurines et Peintures\",\"publisher\":{\"@id\":\"https:\/\/www.coccigames.com\/#organization\"},\"potentialAction\":[{\"@type\":\"SearchAction\",\"target\":{\"@type\":\"EntryPoint\",\"urlTemplate\":\"https:\/\/www.coccigames.com\/?s={search_term_string}\"},\"query-input\":{\"@type\":\"PropertyValueSpecification\",\"valueRequired\":true,\"valueName\":\"search_term_string\"}}],\"inLanguage\":\"fr-FR\"},{\"@type\":\"Organization\",\"@id\":\"https:\/\/www.coccigames.com\/#organization\",\"name\":\"Coccigames\",\"url\":\"https:\/\/www.coccigames.com\/\",\"logo\":{\"@type\":\"ImageObject\",\"inLanguage\":\"fr-FR\",\"@id\":\"https:\/\/www.coccigames.com\/#\/schema\/logo\/image\/\",\"url\":\"https:\/\/www.coccigames.com\/wp-content\/uploads\/2025\/12\/coccigames_logo_v5.png\",\"contentUrl\":\"https:\/\/www.coccigames.com\/wp-content\/uploads\/2025\/12\/coccigames_logo_v5.png\",\"width\":1768,\"height\":424,\"caption\":\"Coccigames\"},\"image\":{\"@id\":\"https:\/\/www.coccigames.com\/#\/schema\/logo\/image\/\"}}]}<\/script>\n<!-- \/ Yoast SEO plugin. -->","yoast_head_json":{"title":"SPACE MARINES: ESCOUADE D'ASSAUT TERMINATOR - Coccigames","robots":{"index":"index","follow":"follow","max-snippet":"max-snippet:-1","max-image-preview":"max-image-preview:large","max-video-preview":"max-video-preview:-1"},"canonical":"https:\/\/www.coccigames.com\/index.php\/produit\/s-marines-escouade-dassaut-terminator\/","og_locale":"fr_FR","og_type":"article","og_title":"SPACE MARINES: ESCOUADE D'ASSAUT TERMINATOR - Coccigames","og_description":"Les Escouades d\u2019Assaut Terminator sont \u00e9quip\u00e9es d&rsquo;armes de corps \u00e0 corps d\u00e9vastatrices, id\u00e9ales pour les actions d\u2019avant-garde f\u00e9roces et les abordages. Les Terminators se pr\u00e9cipitent pour engager le combat contre les guerriers ennemis les plus redoutables, les lac\u00e8rent avec leurs griffes Lightning ou leur brisent&hellip;","og_url":"https:\/\/www.coccigames.com\/index.php\/produit\/s-marines-escouade-dassaut-terminator\/","og_site_name":"Coccigames","article_modified_time":"2026-04-06T07:26:32+00:00","og_image":[{"width":1840,"height":1900,"url":"https:\/\/www.coccigames.com\/wp-content\/uploads\/2025\/11\/https___trade.games-workshop.com_assets_2025_11_99120101454_SPACEMARINESTerminatorAssaultSquad07.jpg","type":"image\/jpeg"}],"twitter_card":"summary_large_image","twitter_misc":{"Dur\u00e9e de lecture estim\u00e9e":"1 minute"},"schema":{"@context":"https:\/\/schema.org","@graph":[{"@type":"WebPage","@id":"https:\/\/www.coccigames.com\/index.php\/produit\/s-marines-escouade-dassaut-terminator\/","url":"https:\/\/www.coccigames.com\/index.php\/produit\/s-marines-escouade-dassaut-terminator\/","name":"SPACE MARINES: ESCOUADE D'ASSAUT TERMINATOR - Coccigames","isPartOf":{"@id":"https:\/\/www.coccigames.com\/#website"},"primaryImageOfPage":{"@id":"https:\/\/www.coccigames.com\/index.php\/produit\/s-marines-escouade-dassaut-terminator\/#primaryimage"},"image":{"@id":"https:\/\/www.coccigames.com\/index.php\/produit\/s-marines-escouade-dassaut-terminator\/#primaryimage"},"thumbnailUrl":"https:\/\/www.coccigames.com\/wp-content\/uploads\/2025\/11\/https___trade.games-workshop.com_assets_2025_11_99120101454_SPACEMARINESTerminatorAssaultSquad07.jpg","datePublished":"2025-11-21T15:54:55+00:00","dateModified":"2026-04-06T07:26:32+00:00","breadcrumb":{"@id":"https:\/\/www.coccigames.com\/index.php\/produit\/s-marines-escouade-dassaut-terminator\/#breadcrumb"},"inLanguage":"fr-FR","potentialAction":[{"@type":"ReadAction","target":["https:\/\/www.coccigames.com\/index.php\/produit\/s-marines-escouade-dassaut-terminator\/"]}]},{"@type":"ImageObject","inLanguage":"fr-FR","@id":"https:\/\/www.coccigames.com\/index.php\/produit\/s-marines-escouade-dassaut-terminator\/#primaryimage","url":"https:\/\/www.coccigames.com\/wp-content\/uploads\/2025\/11\/https___trade.games-workshop.com_assets_2025_11_99120101454_SPACEMARINESTerminatorAssaultSquad07.jpg","contentUrl":"https:\/\/www.coccigames.com\/wp-content\/uploads\/2025\/11\/https___trade.games-workshop.com_assets_2025_11_99120101454_SPACEMARINESTerminatorAssaultSquad07.jpg","width":1840,"height":1900},{"@type":"BreadcrumbList","@id":"https:\/\/www.coccigames.com\/index.php\/produit\/s-marines-escouade-dassaut-terminator\/#breadcrumb","itemListElement":[{"@type":"ListItem","position":1,"name":"Accueil","item":"https:\/\/www.coccigames.com\/"},{"@type":"ListItem","position":2,"name":"Boutique","item":"https:\/\/www.coccigames.com\/index.php\/boutique\/"},{"@type":"ListItem","position":3,"name":"SPACE MARINES: ESCOUADE D&rsquo;ASSAUT TERMINATOR"}]},{"@type":"WebSite","@id":"https:\/\/www.coccigames.com\/#website","url":"https:\/\/www.coccigames.com\/","name":"Coccigames - Figurines et Peintures","description":"Figurines et Peintures","publisher":{"@id":"https:\/\/www.coccigames.com\/#organization"},"potentialAction":[{"@type":"SearchAction","target":{"@type":"EntryPoint","urlTemplate":"https:\/\/www.coccigames.com\/?s={search_term_string}"},"query-input":{"@type":"PropertyValueSpecification","valueRequired":true,"valueName":"search_term_string"}}],"inLanguage":"fr-FR"},{"@type":"Organization","@id":"https:\/\/www.coccigames.com\/#organization","name":"Coccigames","url":"https:\/\/www.coccigames.com\/","logo":{"@type":"ImageObject","inLanguage":"fr-FR","@id":"https:\/\/www.coccigames.com\/#\/schema\/logo\/image\/","url":"https:\/\/www.coccigames.com\/wp-content\/uploads\/2025\/12\/coccigames_logo_v5.png","contentUrl":"https:\/\/www.coccigames.com\/wp-content\/uploads\/2025\/12\/coccigames_logo_v5.png","width":1768,"height":424,"caption":"Coccigames"},"image":{"@id":"https:\/\/www.coccigames.com\/#\/schema\/logo\/image\/"}}]}},"_links":{"self":[{"href":"https:\/\/www.coccigames.com\/index.php\/wp-json\/wp\/v2\/product\/7194","targetHints":{"allow":["GET"]}}],"collection":[{"href":"https:\/\/www.coccigames.com\/index.php\/wp-json\/wp\/v2\/product"}],"about":[{"href":"https:\/\/www.coccigames.com\/index.php\/wp-json\/wp\/v2\/types\/product"}],"replies":[{"embeddable":true,"href":"https:\/\/www.coccigames.com\/index.php\/wp-json\/wp\/v2\/comments?post=7194"}],"wp:featuredmedia":[{"embeddable":true,"href":"https:\/\/www.coccigames.com\/index.php\/wp-json\/wp\/v2\/media\/7671"}],"wp:attachment":[{"href":"https:\/\/www.coccigames.com\/index.php\/wp-json\/wp\/v2\/media?parent=7194"}],"wp:term":[{"taxonomy":"product_brand","embeddable":true,"href":"https:\/\/www.coccigames.com\/index.php\/wp-json\/wp\/v2\/product_brand?post=7194"},{"taxonomy":"product_cat","embeddable":true,"href":"https:\/\/www.coccigames.com\/index.php\/wp-json\/wp\/v2\/product_cat?post=7194"},{"taxonomy":"product_tag","embeddable":true,"href":"https:\/\/www.coccigames.com\/index.php\/wp-json\/wp\/v2\/product_tag?post=7194"}],"curies":[{"name":"wp","href":"https:\/\/api.w.org\/{rel}","templated":true}]}}