{"id":6440,"date":"2025-11-20T05:43:13","date_gmt":"2025-11-20T04:43:13","guid":{"rendered":"https:\/\/www.coccigames.com\/index.php\/produit\/horus-heresy-age-of-darkness-saturnine-fre\/"},"modified":"2026-04-06T09:26:08","modified_gmt":"2026-04-06T07:26:08","slug":"horus-heresy-age-of-darkness-saturnine-fre","status":"publish","type":"product","link":"https:\/\/www.coccigames.com\/index.php\/produit\/horus-heresy-age-of-darkness-saturnine-fre\/","title":{"rendered":"HORUS HERESY: L&rsquo;AGE DES TENEBRES: SATURNINE (FRE)"},"content":{"rendered":"<p>Dans Warhammer: The Horus Heresy, vous alignerez l&rsquo;une contre l&rsquo;autre de puissantes arm\u00e9es de guerriers surhumains dans des batailles apocalyptiques sur la table de jeu. Choisissez votre L\u00e9gion favorite, des Dark Angels chevaleresques \u00e0 l&rsquo;Alpha Legion duplicite, assemblez votre propre arm\u00e9e \u00e0 partir d&rsquo;une gamme de figurines spectaculaires, et confrontez-vous \u00e0 vos camarades de jeu dans des parties d&rsquo;une grande profondeur tactique. Le r\u00e9cit de l&rsquo;H\u00e9r\u00e9sie d&rsquo;Horus a donn\u00e9 ses fondations au riche historique de Warhammer 40,000, et cette bo\u00eete constitue le premier pas id\u00e9al pour vous joindre \u00e0 ses conflits \u00e9piques qui ont refa\u00e7onn\u00e9 la galaxie.<\/p>\n<p>La bo\u00eete Warhammer: The Horus Heresy \u2013 Saturnine contient un vrai tr\u00e9sor en termes de contenu, ce qui inclut un livre de r\u00e8gles d\u00e9taillant l&rsquo;historique et la toile de fond de ce conflit civil ayant \u00e9branl\u00e9 la galaxie, avec des photographies et des illustrations somptueuses, et les r\u00e8gles de base dont vous avez besoin pour jouer au jeu. Cette bo\u00eete renferme \u00e9galement 50 figurines en plastique \u2013 dont un imposant Dreadnought Saturnine et une pl\u00e9thore de Space Marines en armures de Croisade MkII \u2013 pour vous permettre d&rsquo;assembler deux d\u00e9tachements oppos\u00e9s et de jouer aussit\u00f4t, ou d&rsquo;entamer une arm\u00e9e de L\u00e9gion qui soit uniquement la v\u00f4tre. Aux c\u00f4t\u00e9s de tout cela, vous trouverez des accessoires de jeu et des outils de r\u00e9f\u00e9rence aux r\u00e8gles pour mieux vous immerger dans l&rsquo;univers de l&rsquo;\u00c2ge des T\u00e9n\u00e8bres. Que vous aimiez principalement assembler des figurines, les peindre, ou disputer des parties narratives ou \u00e9quilibr\u00e9es en jeu \u00e9gal, cette bo\u00eete vous appuiera dans votre p\u00e9riple \u00e0 travers le 31e Mill\u00e9naire.<\/p>\n<p><strong>Cette bo\u00eete contient 50 figurines en plastique:<\/strong><\/p>\n<p>\u2013\u00a01x Praetor Saturnine<\/p>\n<p>\u2013\u00a01x Centurion en armure \u00e9nerg\u00e9tique MkII<\/p>\n<p>\u2013 1x Dreadnought Saturnine<\/p>\n<p>\u2013\u00a01x Plateforme d\u2019Acc\u00e9l\u00e9rateur Quadritube Araknae<\/p>\n<p>\u2013\u00a06x Terminators Saturnine<\/p>\n<p>\u2013\u00a040x L\u00e9gionnaires en armure \u00e9nerg\u00e9tique MkII<\/p>\n<p>\u2013 36x Am\u00e9liorations d&rsquo;armes d\u00e9sint\u00e9gratrices<\/p>\n<p>Ces figurines sont faciles \u00e0 personnaliser. Le Centurion dispose d&rsquo;un choix de deux t\u00eates diff\u00e9rentes. Le Praetor peut \u00eatre arm\u00e9 d&rsquo;une hache tranchante ou d&rsquo;un marteau brutal, et ses options esth\u00e9tiques incluent diff\u00e9rentes t\u00eates et \u00e9pauli\u00e8res.<\/p>\n<p>L&rsquo;intimidant Dreadnought Saturnine b\u00e9n\u00e9ficie d&rsquo;un choix entre des incin\u00e9rateurs photoniques ou des r\u00e9sonateurs \u00e0 commotion en tant qu&rsquo;armes secondaires, et de nombreuses options esth\u00e9tiques, incluant diverses t\u00eates et plaques de blindage.<\/p>\n<p>Les Terminators Saturnine s&rsquo;accompagnent de six bombardes \u00e0 plasma, six d\u00e9sint\u00e9grateurs lourds jumel\u00e9s, et six poings disrupteurs avec lac\u00e9rateurs \u00e0 particules optionnels, pour vous assurer de disposer de l&rsquo;arme adapt\u00e9e \u00e0 chaque cible.<\/p>\n<p>Les L\u00e9gionnaires Space Marines en armures \u00e9nerg\u00e9tiques MkII incluent des \u00e9l\u00e9ments pour pouvoir assembler des Sergents et des L\u00e9gionnaires avec nuncio-vox, scanner augure ou vexillum optionnels. Les Sergents ont chacun le choix entre trois t\u00eates et options d&rsquo;armement. Les L\u00e9gionnaires avec bolter peuvent recevoir une ba\u00efonnette ou une ba\u00efonnette tron\u00e7onneuse optionnelle, et les t\u00eates et accessoires \u2013 ce qui inclut des grenades, des holsters de pistolets et des \u00e9tuis \u2013 sont interchangeables entre les figurines. Cette bo\u00eete contient aussi un set d&rsquo;armes d\u00e9sint\u00e9gratrices afin que vous puissiez promouvoir votre infanterie en Escouades de V\u00e9t\u00e9rans Tactiques pourvus de cet arsenal d\u00e9vastateur.<\/p>\n<p>Ces figurines ne portent pas de marquages sp\u00e9cifiques \u00e0 une L\u00e9gion, et vous pouvez donc les utiliser dans n&rsquo;importe quel contingent de Space Marines, que vous soyez fid\u00e8le \u00e0 l&rsquo;Empereur ou que vous ayez rejoint Horus dans sa r\u00e9bellion.<\/p>\n<p><strong>Le <i>Livre de R\u00e8gles Warhammer: The Horus Heresy \u2013 L&rsquo;\u00c2ge des T\u00e9n\u00e8bres<\/i> reli\u00e9 de 352 pages contient:<\/strong><\/p>\n<p>\u2013 De l&rsquo;historique: Des informations pouss\u00e9es sur l&rsquo;\u00c2ge des T\u00e9n\u00e8bres, les HORUS HERESY: et d&rsquo;autres factions, une frise temporelle, des illustrations inspirantes et des photographies de figurines.<\/p>\n<p>\u2013 Les Principes de Base: Les r\u00e8gles de base de Warhammer: The Horus Heresy.<\/p>\n<p>\u2013 Les Principes Avanc\u00e9s: Les r\u00e8gles des Statuts Tactiques, des R\u00e9actions, des Aptitudes Psychiques, des V\u00e9hicules et du Terrain de Bataille.<\/p>\n<p>\u2013 Les R\u00e8gles de la Bataille: Un guide des diff\u00e9rentes phases du jeu.<\/p>\n<p>\u2013 Les Batailles \u00e0 l&rsquo;\u00c2ge des T\u00e9n\u00e8bres: Des instructions sur la fa\u00e7on de constituer votre arm\u00e9e.<\/p>\n<p>\u2013 Le Pack de Missions de Base: Trois Missions de Base, trois Cartes de D\u00e9ploiement, et toute une vari\u00e9t\u00e9 d&rsquo;Objectifs Secondaires pour vos parties.<\/p>\n<p>\u2013 L&rsquo;Arsenal de l&rsquo;\u00c2ge des T\u00e9n\u00e8bres: Les R\u00e8gles Sp\u00e9ciales de Warhammer: The Horus Heresy, et les Pouvoirs Psychiques des six Disciplines Psychiques.<\/p>\n<p><strong>Cette bo\u00eete int\u00e8gre \u00e9galement les livrets et accessoires de jeu suivants:<\/strong><\/p>\n<p>\u2013\u00a01x Livret R\u00e8gles d&rsquo;Introduction &amp; Guide d&rsquo;Assemblage de 48 pages<\/p>\n<p>\u2013\u00a02x Fiches de r\u00e9f\u00e9rence Warhammer: The Horus Heresy de 4 pages<\/p>\n<p>\u2013\u00a020x D\u00e9s \u00e0 six faces<\/p>\n<p>\u2013\u00a01x D\u00e9 de D\u00e9viation \u00e0 six faces<\/p>\n<p>\u2013 3x Gabarits en plastique orange translucide<\/p>\n<p>\u2013\u00a01x R\u00e9glette en plastique gris<\/p>\n<p>\u2013\u00a040x Pions de Statut Tactique et d&rsquo;Objectif en plastique<\/p>\n<p>Cette bo\u00eete contient 1207 \u00e9l\u00e9ments en plastique, 41x Socles Ronds Citadel de 32mm, 7x Socles Ronds Citadel de 50mm, 1x Socle Rond Citadel de 100mm et 1x Planche de D\u00e9calcos Warhammer: Horus Heresy proposant 1172 d\u00e9calcos de grande qualit\u00e9 \u2013 ce qui inclut de l&rsquo;iconographie de L\u00e9gion pour les Iron Warriors et les Salamanders \u2013 afin de d\u00e9corer vos figurines.<\/p>\n","protected":false},"excerpt":{"rendered":"<p>La galaxie br\u00fble ! Le Ma\u00eetre de Guerre Horus a trahi l&rsquo;Empereur et plong\u00e9 l&rsquo;Imperium dans la guerre civile ! La galaxie sombre dans un \u00e2ge de t\u00e9n\u00e8bres. Au cours de ce conflit fratricide, qui oppose le Space Marine au Space Marine, la puissance des immenses arm\u00e9es de l&rsquo;Imperium se retourne contre celui-ci dans un cataclysme de feu et de sang.<\/p>\n","protected":false},"featured_media":6446,"comment_status":"open","ping_status":"closed","template":"","meta":[],"product_brand":[23],"product_cat":[6230],"product_tag":[],"class_list":{"0":"post-6440","1":"product","2":"type-product","3":"status-publish","4":"has-post-thumbnail","6":"product_brand-games-workshop","7":"product_cat-astartes","9":"first","10":"instock","11":"sale","12":"featured","13":"taxable","14":"shipping-taxable","15":"purchasable","16":"product-type-simple"},"yoast_head":"<!-- This site is optimized with the Yoast SEO plugin v26.4 - https:\/\/yoast.com\/wordpress\/plugins\/seo\/ -->\n<title>HORUS HERESY: L&#039;AGE DES TENEBRES: SATURNINE (FRE) - Coccigames<\/title>\n<meta name=\"robots\" content=\"index, follow, max-snippet:-1, max-image-preview:large, max-video-preview:-1\" \/>\n<link rel=\"canonical\" href=\"https:\/\/www.coccigames.com\/index.php\/produit\/horus-heresy-age-of-darkness-saturnine-fre\/\" \/>\n<meta property=\"og:locale\" content=\"fr_FR\" \/>\n<meta property=\"og:type\" content=\"article\" \/>\n<meta property=\"og:title\" content=\"HORUS HERESY: L&#039;AGE DES TENEBRES: SATURNINE (FRE) - Coccigames\" \/>\n<meta property=\"og:description\" content=\"La galaxie br\u00fble ! Le Ma\u00eetre de Guerre Horus a trahi l&#039;Empereur et plong\u00e9 l&#039;Imperium dans la guerre civile ! La galaxie sombre dans un \u00e2ge de t\u00e9n\u00e8bres. Au cours de ce conflit fratricide, qui oppose le Space Marine au Space Marine, la puissance des immenses arm\u00e9es de l&#039;Imperium se retourne contre celui-ci dans un cataclysme de feu et de sang.\" \/>\n<meta property=\"og:url\" content=\"https:\/\/www.coccigames.com\/index.php\/produit\/horus-heresy-age-of-darkness-saturnine-fre\/\" \/>\n<meta property=\"og:site_name\" content=\"Coccigames\" \/>\n<meta property=\"article:modified_time\" content=\"2026-04-06T07:26:08+00:00\" \/>\n<meta property=\"og:image\" content=\"https:\/\/www.coccigames.com\/wp-content\/uploads\/2025\/11\/76974_grande.webp\" \/>\n\t<meta property=\"og:image:width\" content=\"1000\" \/>\n\t<meta property=\"og:image:height\" content=\"1044\" \/>\n\t<meta property=\"og:image:type\" content=\"image\/webp\" \/>\n<meta name=\"twitter:card\" content=\"summary_large_image\" \/>\n<meta name=\"twitter:label1\" content=\"Dur\u00e9e de lecture estim\u00e9e\" \/>\n\t<meta name=\"twitter:data1\" content=\"5 minutes\" \/>\n<script type=\"application\/ld+json\" class=\"yoast-schema-graph\">{\"@context\":\"https:\/\/schema.org\",\"@graph\":[{\"@type\":\"WebPage\",\"@id\":\"https:\/\/www.coccigames.com\/index.php\/produit\/horus-heresy-age-of-darkness-saturnine-fre\/\",\"url\":\"https:\/\/www.coccigames.com\/index.php\/produit\/horus-heresy-age-of-darkness-saturnine-fre\/\",\"name\":\"HORUS HERESY: L'AGE DES TENEBRES: SATURNINE (FRE) - Coccigames\",\"isPartOf\":{\"@id\":\"https:\/\/www.coccigames.com\/#website\"},\"primaryImageOfPage\":{\"@id\":\"https:\/\/www.coccigames.com\/index.php\/produit\/horus-heresy-age-of-darkness-saturnine-fre\/#primaryimage\"},\"image\":{\"@id\":\"https:\/\/www.coccigames.com\/index.php\/produit\/horus-heresy-age-of-darkness-saturnine-fre\/#primaryimage\"},\"thumbnailUrl\":\"https:\/\/www.coccigames.com\/wp-content\/uploads\/2025\/11\/76974_grande.webp\",\"datePublished\":\"2025-11-20T04:43:13+00:00\",\"dateModified\":\"2026-04-06T07:26:08+00:00\",\"breadcrumb\":{\"@id\":\"https:\/\/www.coccigames.com\/index.php\/produit\/horus-heresy-age-of-darkness-saturnine-fre\/#breadcrumb\"},\"inLanguage\":\"fr-FR\",\"potentialAction\":[{\"@type\":\"ReadAction\",\"target\":[\"https:\/\/www.coccigames.com\/index.php\/produit\/horus-heresy-age-of-darkness-saturnine-fre\/\"]}]},{\"@type\":\"ImageObject\",\"inLanguage\":\"fr-FR\",\"@id\":\"https:\/\/www.coccigames.com\/index.php\/produit\/horus-heresy-age-of-darkness-saturnine-fre\/#primaryimage\",\"url\":\"https:\/\/www.coccigames.com\/wp-content\/uploads\/2025\/11\/76974_grande.webp\",\"contentUrl\":\"https:\/\/www.coccigames.com\/wp-content\/uploads\/2025\/11\/76974_grande.webp\",\"width\":1000,\"height\":1044},{\"@type\":\"BreadcrumbList\",\"@id\":\"https:\/\/www.coccigames.com\/index.php\/produit\/horus-heresy-age-of-darkness-saturnine-fre\/#breadcrumb\",\"itemListElement\":[{\"@type\":\"ListItem\",\"position\":1,\"name\":\"Accueil\",\"item\":\"https:\/\/www.coccigames.com\/\"},{\"@type\":\"ListItem\",\"position\":2,\"name\":\"Boutique\",\"item\":\"https:\/\/www.coccigames.com\/index.php\/boutique\/\"},{\"@type\":\"ListItem\",\"position\":3,\"name\":\"HORUS HERESY: L&rsquo;AGE DES TENEBRES: SATURNINE (FRE)\"}]},{\"@type\":\"WebSite\",\"@id\":\"https:\/\/www.coccigames.com\/#website\",\"url\":\"https:\/\/www.coccigames.com\/\",\"name\":\"Coccigames - Figurines et Peintures\",\"description\":\"Figurines et Peintures\",\"publisher\":{\"@id\":\"https:\/\/www.coccigames.com\/#organization\"},\"potentialAction\":[{\"@type\":\"SearchAction\",\"target\":{\"@type\":\"EntryPoint\",\"urlTemplate\":\"https:\/\/www.coccigames.com\/?s={search_term_string}\"},\"query-input\":{\"@type\":\"PropertyValueSpecification\",\"valueRequired\":true,\"valueName\":\"search_term_string\"}}],\"inLanguage\":\"fr-FR\"},{\"@type\":\"Organization\",\"@id\":\"https:\/\/www.coccigames.com\/#organization\",\"name\":\"Coccigames\",\"url\":\"https:\/\/www.coccigames.com\/\",\"logo\":{\"@type\":\"ImageObject\",\"inLanguage\":\"fr-FR\",\"@id\":\"https:\/\/www.coccigames.com\/#\/schema\/logo\/image\/\",\"url\":\"https:\/\/www.coccigames.com\/wp-content\/uploads\/2025\/12\/coccigames_logo_v5.png\",\"contentUrl\":\"https:\/\/www.coccigames.com\/wp-content\/uploads\/2025\/12\/coccigames_logo_v5.png\",\"width\":1768,\"height\":424,\"caption\":\"Coccigames\"},\"image\":{\"@id\":\"https:\/\/www.coccigames.com\/#\/schema\/logo\/image\/\"}}]}<\/script>\n<!-- \/ Yoast SEO plugin. -->","yoast_head_json":{"title":"HORUS HERESY: L'AGE DES TENEBRES: SATURNINE (FRE) - Coccigames","robots":{"index":"index","follow":"follow","max-snippet":"max-snippet:-1","max-image-preview":"max-image-preview:large","max-video-preview":"max-video-preview:-1"},"canonical":"https:\/\/www.coccigames.com\/index.php\/produit\/horus-heresy-age-of-darkness-saturnine-fre\/","og_locale":"fr_FR","og_type":"article","og_title":"HORUS HERESY: L'AGE DES TENEBRES: SATURNINE (FRE) - Coccigames","og_description":"La galaxie br\u00fble ! Le Ma\u00eetre de Guerre Horus a trahi l'Empereur et plong\u00e9 l'Imperium dans la guerre civile ! La galaxie sombre dans un \u00e2ge de t\u00e9n\u00e8bres. Au cours de ce conflit fratricide, qui oppose le Space Marine au Space Marine, la puissance des immenses arm\u00e9es de l'Imperium se retourne contre celui-ci dans un cataclysme de feu et de sang.","og_url":"https:\/\/www.coccigames.com\/index.php\/produit\/horus-heresy-age-of-darkness-saturnine-fre\/","og_site_name":"Coccigames","article_modified_time":"2026-04-06T07:26:08+00:00","og_image":[{"width":1000,"height":1044,"url":"https:\/\/www.coccigames.com\/wp-content\/uploads\/2025\/11\/76974_grande.webp","type":"image\/webp"}],"twitter_card":"summary_large_image","twitter_misc":{"Dur\u00e9e de lecture estim\u00e9e":"5 minutes"},"schema":{"@context":"https:\/\/schema.org","@graph":[{"@type":"WebPage","@id":"https:\/\/www.coccigames.com\/index.php\/produit\/horus-heresy-age-of-darkness-saturnine-fre\/","url":"https:\/\/www.coccigames.com\/index.php\/produit\/horus-heresy-age-of-darkness-saturnine-fre\/","name":"HORUS HERESY: L'AGE DES TENEBRES: SATURNINE (FRE) - Coccigames","isPartOf":{"@id":"https:\/\/www.coccigames.com\/#website"},"primaryImageOfPage":{"@id":"https:\/\/www.coccigames.com\/index.php\/produit\/horus-heresy-age-of-darkness-saturnine-fre\/#primaryimage"},"image":{"@id":"https:\/\/www.coccigames.com\/index.php\/produit\/horus-heresy-age-of-darkness-saturnine-fre\/#primaryimage"},"thumbnailUrl":"https:\/\/www.coccigames.com\/wp-content\/uploads\/2025\/11\/76974_grande.webp","datePublished":"2025-11-20T04:43:13+00:00","dateModified":"2026-04-06T07:26:08+00:00","breadcrumb":{"@id":"https:\/\/www.coccigames.com\/index.php\/produit\/horus-heresy-age-of-darkness-saturnine-fre\/#breadcrumb"},"inLanguage":"fr-FR","potentialAction":[{"@type":"ReadAction","target":["https:\/\/www.coccigames.com\/index.php\/produit\/horus-heresy-age-of-darkness-saturnine-fre\/"]}]},{"@type":"ImageObject","inLanguage":"fr-FR","@id":"https:\/\/www.coccigames.com\/index.php\/produit\/horus-heresy-age-of-darkness-saturnine-fre\/#primaryimage","url":"https:\/\/www.coccigames.com\/wp-content\/uploads\/2025\/11\/76974_grande.webp","contentUrl":"https:\/\/www.coccigames.com\/wp-content\/uploads\/2025\/11\/76974_grande.webp","width":1000,"height":1044},{"@type":"BreadcrumbList","@id":"https:\/\/www.coccigames.com\/index.php\/produit\/horus-heresy-age-of-darkness-saturnine-fre\/#breadcrumb","itemListElement":[{"@type":"ListItem","position":1,"name":"Accueil","item":"https:\/\/www.coccigames.com\/"},{"@type":"ListItem","position":2,"name":"Boutique","item":"https:\/\/www.coccigames.com\/index.php\/boutique\/"},{"@type":"ListItem","position":3,"name":"HORUS HERESY: L&rsquo;AGE DES TENEBRES: SATURNINE (FRE)"}]},{"@type":"WebSite","@id":"https:\/\/www.coccigames.com\/#website","url":"https:\/\/www.coccigames.com\/","name":"Coccigames - Figurines et Peintures","description":"Figurines et Peintures","publisher":{"@id":"https:\/\/www.coccigames.com\/#organization"},"potentialAction":[{"@type":"SearchAction","target":{"@type":"EntryPoint","urlTemplate":"https:\/\/www.coccigames.com\/?s={search_term_string}"},"query-input":{"@type":"PropertyValueSpecification","valueRequired":true,"valueName":"search_term_string"}}],"inLanguage":"fr-FR"},{"@type":"Organization","@id":"https:\/\/www.coccigames.com\/#organization","name":"Coccigames","url":"https:\/\/www.coccigames.com\/","logo":{"@type":"ImageObject","inLanguage":"fr-FR","@id":"https:\/\/www.coccigames.com\/#\/schema\/logo\/image\/","url":"https:\/\/www.coccigames.com\/wp-content\/uploads\/2025\/12\/coccigames_logo_v5.png","contentUrl":"https:\/\/www.coccigames.com\/wp-content\/uploads\/2025\/12\/coccigames_logo_v5.png","width":1768,"height":424,"caption":"Coccigames"},"image":{"@id":"https:\/\/www.coccigames.com\/#\/schema\/logo\/image\/"}}]}},"_links":{"self":[{"href":"https:\/\/www.coccigames.com\/index.php\/wp-json\/wp\/v2\/product\/6440","targetHints":{"allow":["GET"]}}],"collection":[{"href":"https:\/\/www.coccigames.com\/index.php\/wp-json\/wp\/v2\/product"}],"about":[{"href":"https:\/\/www.coccigames.com\/index.php\/wp-json\/wp\/v2\/types\/product"}],"replies":[{"embeddable":true,"href":"https:\/\/www.coccigames.com\/index.php\/wp-json\/wp\/v2\/comments?post=6440"}],"wp:featuredmedia":[{"embeddable":true,"href":"https:\/\/www.coccigames.com\/index.php\/wp-json\/wp\/v2\/media\/6446"}],"wp:attachment":[{"href":"https:\/\/www.coccigames.com\/index.php\/wp-json\/wp\/v2\/media?parent=6440"}],"wp:term":[{"taxonomy":"product_brand","embeddable":true,"href":"https:\/\/www.coccigames.com\/index.php\/wp-json\/wp\/v2\/product_brand?post=6440"},{"taxonomy":"product_cat","embeddable":true,"href":"https:\/\/www.coccigames.com\/index.php\/wp-json\/wp\/v2\/product_cat?post=6440"},{"taxonomy":"product_tag","embeddable":true,"href":"https:\/\/www.coccigames.com\/index.php\/wp-json\/wp\/v2\/product_tag?post=6440"}],"curies":[{"name":"wp","href":"https:\/\/api.w.org\/{rel}","templated":true}]}}