{"id":14147,"date":"2026-03-18T11:00:17","date_gmt":"2026-03-18T10:00:17","guid":{"rendered":"https:\/\/www.coccigames.com\/?post_type=product&#038;p=14147"},"modified":"2026-04-06T09:28:58","modified_gmt":"2026-04-06T07:28:58","slug":"poignee-de-peinture-warhammer-colour","status":"publish","type":"product","link":"https:\/\/www.coccigames.com\/index.php\/produit\/poignee-de-peinture-warhammer-colour\/","title":{"rendered":"Poign\u00e9e de Peinture Warhammer Colour"},"content":{"rendered":"<p>Assurez-vous une bonne prise sur vos figurines pendant que vous vous \u00e9chinez \u00e0 en peindre les plus fins d\u00e9tails, gr\u00e2ce \u00e0 la toute nouvelle Poign\u00e9e de Peinture Warhammer Colour, une version simplifi\u00e9e et solide de la poign\u00e9e de peinture classique \u00e0 ressorts*, qui maintiendra fermement les socles de figurines allant de 25mm \u00e0 40mm de large par sa seule force de friction. Cet outil en plastique l\u00e9ger constitue une excellente alternative quand vous avez de nombreuses figurines \u00e0 peindre \u00e0 la cha\u00eene, et il dispose d\u2019un trou pour le <u>Support de Sous-assemblage<\/u>, afin que vous puissiez peindre tout aussi ais\u00e9ment les petits \u00e9l\u00e9ments.<\/p>\n","protected":false},"excerpt":{"rendered":"<p>Assurez-vous une bonne prise sur vos figurines pendant que vous vous \u00e9chinez \u00e0 en peindre les plus fins d\u00e9tails, gr\u00e2ce \u00e0 la toute nouvelle Poign\u00e9e de Peinture Warhammer Colour, une version simplifi\u00e9e et solide de la poign\u00e9e de peinture classique \u00e0 ressorts*, qui maintiendra fermement&hellip;<\/p>\n","protected":false},"featured_media":14148,"comment_status":"closed","ping_status":"closed","template":"","meta":[],"product_brand":[23],"product_cat":[327],"product_tag":[169],"class_list":{"0":"post-14147","1":"product","2":"type-product","3":"status-publish","4":"has-post-thumbnail","6":"product_brand-games-workshop","7":"product_cat-poignees","8":"product_tag-poignee","10":"first","11":"instock","12":"sale","13":"taxable","14":"shipping-taxable","15":"purchasable","16":"product-type-simple"},"yoast_head":"<!-- This site is optimized with the Yoast SEO plugin v26.4 - https:\/\/yoast.com\/wordpress\/plugins\/seo\/ -->\n<title>Poign\u00e9e de Peinture Warhammer Colour - Coccigames<\/title>\n<meta name=\"robots\" content=\"index, follow, max-snippet:-1, max-image-preview:large, max-video-preview:-1\" \/>\n<link rel=\"canonical\" href=\"https:\/\/www.coccigames.com\/index.php\/produit\/poignee-de-peinture-warhammer-colour\/\" \/>\n<meta property=\"og:locale\" content=\"fr_FR\" \/>\n<meta property=\"og:type\" content=\"article\" \/>\n<meta property=\"og:title\" content=\"Poign\u00e9e de Peinture Warhammer Colour - Coccigames\" \/>\n<meta property=\"og:description\" content=\"Assurez-vous une bonne prise sur vos figurines pendant que vous vous \u00e9chinez \u00e0 en peindre les plus fins d\u00e9tails, gr\u00e2ce \u00e0 la toute nouvelle Poign\u00e9e de Peinture Warhammer Colour, une version simplifi\u00e9e et solide de la poign\u00e9e de peinture classique \u00e0 ressorts*, qui maintiendra fermement&hellip;\" \/>\n<meta property=\"og:url\" content=\"https:\/\/www.coccigames.com\/index.php\/produit\/poignee-de-peinture-warhammer-colour\/\" \/>\n<meta property=\"og:site_name\" content=\"Coccigames\" \/>\n<meta property=\"article:modified_time\" content=\"2026-04-06T07:28:58+00:00\" \/>\n<meta property=\"og:image\" content=\"https:\/\/www.coccigames.com\/wp-content\/uploads\/2026\/03\/sundaypreview-mar16-mischandle-vxm4lptskg.jpg\" \/>\n\t<meta property=\"og:image:width\" content=\"1000\" \/>\n\t<meta property=\"og:image:height\" content=\"1000\" \/>\n\t<meta property=\"og:image:type\" content=\"image\/jpeg\" \/>\n<meta name=\"twitter:card\" content=\"summary_large_image\" \/>\n<meta name=\"twitter:label1\" content=\"Dur\u00e9e de lecture estim\u00e9e\" \/>\n\t<meta name=\"twitter:data1\" content=\"1 minute\" \/>\n<script type=\"application\/ld+json\" class=\"yoast-schema-graph\">{\"@context\":\"https:\/\/schema.org\",\"@graph\":[{\"@type\":\"WebPage\",\"@id\":\"https:\/\/www.coccigames.com\/index.php\/produit\/poignee-de-peinture-warhammer-colour\/\",\"url\":\"https:\/\/www.coccigames.com\/index.php\/produit\/poignee-de-peinture-warhammer-colour\/\",\"name\":\"Poign\u00e9e de Peinture Warhammer Colour - Coccigames\",\"isPartOf\":{\"@id\":\"https:\/\/www.coccigames.com\/#website\"},\"primaryImageOfPage\":{\"@id\":\"https:\/\/www.coccigames.com\/index.php\/produit\/poignee-de-peinture-warhammer-colour\/#primaryimage\"},\"image\":{\"@id\":\"https:\/\/www.coccigames.com\/index.php\/produit\/poignee-de-peinture-warhammer-colour\/#primaryimage\"},\"thumbnailUrl\":\"https:\/\/www.coccigames.com\/wp-content\/uploads\/2026\/03\/sundaypreview-mar16-mischandle-vxm4lptskg.jpg\",\"datePublished\":\"2026-03-18T10:00:17+00:00\",\"dateModified\":\"2026-04-06T07:28:58+00:00\",\"breadcrumb\":{\"@id\":\"https:\/\/www.coccigames.com\/index.php\/produit\/poignee-de-peinture-warhammer-colour\/#breadcrumb\"},\"inLanguage\":\"fr-FR\",\"potentialAction\":[{\"@type\":\"ReadAction\",\"target\":[\"https:\/\/www.coccigames.com\/index.php\/produit\/poignee-de-peinture-warhammer-colour\/\"]}]},{\"@type\":\"ImageObject\",\"inLanguage\":\"fr-FR\",\"@id\":\"https:\/\/www.coccigames.com\/index.php\/produit\/poignee-de-peinture-warhammer-colour\/#primaryimage\",\"url\":\"https:\/\/www.coccigames.com\/wp-content\/uploads\/2026\/03\/sundaypreview-mar16-mischandle-vxm4lptskg.jpg\",\"contentUrl\":\"https:\/\/www.coccigames.com\/wp-content\/uploads\/2026\/03\/sundaypreview-mar16-mischandle-vxm4lptskg.jpg\",\"width\":1000,\"height\":1000},{\"@type\":\"BreadcrumbList\",\"@id\":\"https:\/\/www.coccigames.com\/index.php\/produit\/poignee-de-peinture-warhammer-colour\/#breadcrumb\",\"itemListElement\":[{\"@type\":\"ListItem\",\"position\":1,\"name\":\"Accueil\",\"item\":\"https:\/\/www.coccigames.com\/\"},{\"@type\":\"ListItem\",\"position\":2,\"name\":\"Boutique\",\"item\":\"https:\/\/www.coccigames.com\/index.php\/boutique\/\"},{\"@type\":\"ListItem\",\"position\":3,\"name\":\"Poign\u00e9e de Peinture Warhammer Colour\"}]},{\"@type\":\"WebSite\",\"@id\":\"https:\/\/www.coccigames.com\/#website\",\"url\":\"https:\/\/www.coccigames.com\/\",\"name\":\"Coccigames - Figurines et Peintures\",\"description\":\"Figurines et Peintures\",\"publisher\":{\"@id\":\"https:\/\/www.coccigames.com\/#organization\"},\"potentialAction\":[{\"@type\":\"SearchAction\",\"target\":{\"@type\":\"EntryPoint\",\"urlTemplate\":\"https:\/\/www.coccigames.com\/?s={search_term_string}\"},\"query-input\":{\"@type\":\"PropertyValueSpecification\",\"valueRequired\":true,\"valueName\":\"search_term_string\"}}],\"inLanguage\":\"fr-FR\"},{\"@type\":\"Organization\",\"@id\":\"https:\/\/www.coccigames.com\/#organization\",\"name\":\"Coccigames\",\"url\":\"https:\/\/www.coccigames.com\/\",\"logo\":{\"@type\":\"ImageObject\",\"inLanguage\":\"fr-FR\",\"@id\":\"https:\/\/www.coccigames.com\/#\/schema\/logo\/image\/\",\"url\":\"https:\/\/www.coccigames.com\/wp-content\/uploads\/2025\/12\/coccigames_logo_v5.png\",\"contentUrl\":\"https:\/\/www.coccigames.com\/wp-content\/uploads\/2025\/12\/coccigames_logo_v5.png\",\"width\":1768,\"height\":424,\"caption\":\"Coccigames\"},\"image\":{\"@id\":\"https:\/\/www.coccigames.com\/#\/schema\/logo\/image\/\"}}]}<\/script>\n<!-- \/ Yoast SEO plugin. -->","yoast_head_json":{"title":"Poign\u00e9e de Peinture Warhammer Colour - Coccigames","robots":{"index":"index","follow":"follow","max-snippet":"max-snippet:-1","max-image-preview":"max-image-preview:large","max-video-preview":"max-video-preview:-1"},"canonical":"https:\/\/www.coccigames.com\/index.php\/produit\/poignee-de-peinture-warhammer-colour\/","og_locale":"fr_FR","og_type":"article","og_title":"Poign\u00e9e de Peinture Warhammer Colour - Coccigames","og_description":"Assurez-vous une bonne prise sur vos figurines pendant que vous vous \u00e9chinez \u00e0 en peindre les plus fins d\u00e9tails, gr\u00e2ce \u00e0 la toute nouvelle Poign\u00e9e de Peinture Warhammer Colour, une version simplifi\u00e9e et solide de la poign\u00e9e de peinture classique \u00e0 ressorts*, qui maintiendra fermement&hellip;","og_url":"https:\/\/www.coccigames.com\/index.php\/produit\/poignee-de-peinture-warhammer-colour\/","og_site_name":"Coccigames","article_modified_time":"2026-04-06T07:28:58+00:00","og_image":[{"width":1000,"height":1000,"url":"https:\/\/www.coccigames.com\/wp-content\/uploads\/2026\/03\/sundaypreview-mar16-mischandle-vxm4lptskg.jpg","type":"image\/jpeg"}],"twitter_card":"summary_large_image","twitter_misc":{"Dur\u00e9e de lecture estim\u00e9e":"1 minute"},"schema":{"@context":"https:\/\/schema.org","@graph":[{"@type":"WebPage","@id":"https:\/\/www.coccigames.com\/index.php\/produit\/poignee-de-peinture-warhammer-colour\/","url":"https:\/\/www.coccigames.com\/index.php\/produit\/poignee-de-peinture-warhammer-colour\/","name":"Poign\u00e9e de Peinture Warhammer Colour - Coccigames","isPartOf":{"@id":"https:\/\/www.coccigames.com\/#website"},"primaryImageOfPage":{"@id":"https:\/\/www.coccigames.com\/index.php\/produit\/poignee-de-peinture-warhammer-colour\/#primaryimage"},"image":{"@id":"https:\/\/www.coccigames.com\/index.php\/produit\/poignee-de-peinture-warhammer-colour\/#primaryimage"},"thumbnailUrl":"https:\/\/www.coccigames.com\/wp-content\/uploads\/2026\/03\/sundaypreview-mar16-mischandle-vxm4lptskg.jpg","datePublished":"2026-03-18T10:00:17+00:00","dateModified":"2026-04-06T07:28:58+00:00","breadcrumb":{"@id":"https:\/\/www.coccigames.com\/index.php\/produit\/poignee-de-peinture-warhammer-colour\/#breadcrumb"},"inLanguage":"fr-FR","potentialAction":[{"@type":"ReadAction","target":["https:\/\/www.coccigames.com\/index.php\/produit\/poignee-de-peinture-warhammer-colour\/"]}]},{"@type":"ImageObject","inLanguage":"fr-FR","@id":"https:\/\/www.coccigames.com\/index.php\/produit\/poignee-de-peinture-warhammer-colour\/#primaryimage","url":"https:\/\/www.coccigames.com\/wp-content\/uploads\/2026\/03\/sundaypreview-mar16-mischandle-vxm4lptskg.jpg","contentUrl":"https:\/\/www.coccigames.com\/wp-content\/uploads\/2026\/03\/sundaypreview-mar16-mischandle-vxm4lptskg.jpg","width":1000,"height":1000},{"@type":"BreadcrumbList","@id":"https:\/\/www.coccigames.com\/index.php\/produit\/poignee-de-peinture-warhammer-colour\/#breadcrumb","itemListElement":[{"@type":"ListItem","position":1,"name":"Accueil","item":"https:\/\/www.coccigames.com\/"},{"@type":"ListItem","position":2,"name":"Boutique","item":"https:\/\/www.coccigames.com\/index.php\/boutique\/"},{"@type":"ListItem","position":3,"name":"Poign\u00e9e de Peinture Warhammer Colour"}]},{"@type":"WebSite","@id":"https:\/\/www.coccigames.com\/#website","url":"https:\/\/www.coccigames.com\/","name":"Coccigames - Figurines et Peintures","description":"Figurines et Peintures","publisher":{"@id":"https:\/\/www.coccigames.com\/#organization"},"potentialAction":[{"@type":"SearchAction","target":{"@type":"EntryPoint","urlTemplate":"https:\/\/www.coccigames.com\/?s={search_term_string}"},"query-input":{"@type":"PropertyValueSpecification","valueRequired":true,"valueName":"search_term_string"}}],"inLanguage":"fr-FR"},{"@type":"Organization","@id":"https:\/\/www.coccigames.com\/#organization","name":"Coccigames","url":"https:\/\/www.coccigames.com\/","logo":{"@type":"ImageObject","inLanguage":"fr-FR","@id":"https:\/\/www.coccigames.com\/#\/schema\/logo\/image\/","url":"https:\/\/www.coccigames.com\/wp-content\/uploads\/2025\/12\/coccigames_logo_v5.png","contentUrl":"https:\/\/www.coccigames.com\/wp-content\/uploads\/2025\/12\/coccigames_logo_v5.png","width":1768,"height":424,"caption":"Coccigames"},"image":{"@id":"https:\/\/www.coccigames.com\/#\/schema\/logo\/image\/"}}]}},"_links":{"self":[{"href":"https:\/\/www.coccigames.com\/index.php\/wp-json\/wp\/v2\/product\/14147","targetHints":{"allow":["GET"]}}],"collection":[{"href":"https:\/\/www.coccigames.com\/index.php\/wp-json\/wp\/v2\/product"}],"about":[{"href":"https:\/\/www.coccigames.com\/index.php\/wp-json\/wp\/v2\/types\/product"}],"replies":[{"embeddable":true,"href":"https:\/\/www.coccigames.com\/index.php\/wp-json\/wp\/v2\/comments?post=14147"}],"wp:featuredmedia":[{"embeddable":true,"href":"https:\/\/www.coccigames.com\/index.php\/wp-json\/wp\/v2\/media\/14148"}],"wp:attachment":[{"href":"https:\/\/www.coccigames.com\/index.php\/wp-json\/wp\/v2\/media?parent=14147"}],"wp:term":[{"taxonomy":"product_brand","embeddable":true,"href":"https:\/\/www.coccigames.com\/index.php\/wp-json\/wp\/v2\/product_brand?post=14147"},{"taxonomy":"product_cat","embeddable":true,"href":"https:\/\/www.coccigames.com\/index.php\/wp-json\/wp\/v2\/product_cat?post=14147"},{"taxonomy":"product_tag","embeddable":true,"href":"https:\/\/www.coccigames.com\/index.php\/wp-json\/wp\/v2\/product_tag?post=14147"}],"curies":[{"name":"wp","href":"https:\/\/api.w.org\/{rel}","templated":true}]}}