{"id":13665,"date":"2026-02-12T11:26:49","date_gmt":"2026-02-12T10:26:49","guid":{"rendered":"https:\/\/www.coccigames.com\/?post_type=product&#038;p=13665"},"modified":"2026-04-20T10:06:04","modified_gmt":"2026-04-20T08:06:04","slug":"the-maelstrom-lantre-du-tyran","status":"publish","type":"product","link":"https:\/\/www.coccigames.com\/index.php\/produit\/the-maelstrom-lantre-du-tyran\/","title":{"rendered":"The Maelstrom: L\u2019Antre du Tyran"},"content":{"rendered":"<div id=\"\" class=\"\">\n<div class=\"column md:w-10\/12 mx-auto xl:w-9\/12\">\n<p>La prochaine grande extension narrative pour Warhammer\u00a040,000 nous emporte dans le vortex oppressant du Maelstr\u00f6m, alors que Huron Blackheart et ses Red Corsairs ourdissent un nouveau raid d\u00e9vastateur sur l\u2019espace imp\u00e9rial. Mais ils ne sont pas les seuls \u00e0 chasser dans les \u00e9tendues du n\u00e9ant, car les Pillards Sorciers du Prince Yriel ont leurs propres projets pour cette r\u00e9gion maudite entre toutes.<\/p>\n<p>\u00c0 l\u2019image de son pr\u00e9d\u00e9cesseur, <em>500 Worlds: Titus<\/em>, <em>The Maelstrom: L\u2019Antre du Tyran<\/em> se pr\u00e9sente sous la forme d\u2019un ensemble de livres gliss\u00e9s dans un \u00e9tui d\u00e9coratif, chaque ouvrage d\u00e9taillant de nouveaux r\u00e9cits ou r\u00e8gles qui s\u2019inscrivent dans un cadre narratif g\u00e9n\u00e9ral.<\/p>\n<\/div>\n<\/div>\n<div id=\"\" class=\"\">\n<div class=\"article-fullWidthImage \">\n<div class=\"xl:flex flex-col items-end xl-max:out-container xl:w-full mx-auto xl:column\">\n<div class=\"w-full\"><img loading=\"lazy\" decoding=\"async\" class=\"w-full\" src=\"https:\/\/assets.warhammer-community.com\/sundaypreview-feb08-40k_02-maelstrom_wide_fre-o5szs8arkv.jpg\" alt=\"\" width=\"1920\" height=\"907\" data-nimg=\"1\" \/><\/div>\n<\/div>\n<div class=\"column w-full\"><\/div>\n<\/div>\n<\/div>\n<div id=\"\" class=\"\">\n<div class=\"column md:w-10\/12 mx-auto xl:w-9\/12\">\n<p>L\u2019ouvrage d\u00e9di\u00e9 \u00e0 l\u2019historique nous relate le dernier raid en date de Huron et l\u2019obstacle que tentent de lui faire les Corsaires Aeldari, tandis que le suppl\u00e9ment <em>Creuset des Champions<\/em> nous pr\u00e9sente de nouvelles r\u00e8gles narratives pour cr\u00e9er vos propres personnages customis\u00e9s pour Warhammer\u00a040,000, que le livret <em>D\u00e9tachements<\/em> ajoute de nouvelles options de D\u00e9tachements pour les Space Marines du Chaos, les Aeldari, les Orks et les Ligues de Votann, et que l\u2019ouvrage <em>Pillage et Ruine<\/em> offre aux joueurs un nouveau syst\u00e8me de campagne pour envoyer leurs arm\u00e9es en errances pleines d\u2019\u00e9pop\u00e9es pirates \u00e0 travers les t\u00e9n\u00e8bres de l\u2019espace.<\/p>\n<p><img decoding=\"async\" src=\"https:\/\/assets.warhammer-community.com\/sundaypreview-feb08-40k_03-maelstromcoll-lhnxvpoqqw.jpg\" \/><\/p>\n<p>Et si vous cherchez un tr\u00e9sor digne d\u2019un seigneur pirate, cet ensemble de livres est \u00e9galement disponible dans une luxueuse \u00c9dition Collector (disponible uniquement en anglais). Cette version contient les trois livres par\u00e9s d\u2019illustrations de couverture alternatives, et leur \u00e9tui dispose lui aussi d\u2019une magnifique illustration alternative, avec des d\u00e9tails emboss\u00e9s en rouge brillant et des pages rouges sur tranche assorties. Chaque livre dispose \u00e9galement d\u2019un ruban marque-page rouge. L\u2019ensemble ne sera disponible que dans la limite des stocks.<\/p>\n<\/div>\n<\/div>\n","protected":false},"excerpt":{"rendered":"<p>La prochaine grande extension narrative pour Warhammer\u00a040,000 nous emporte dans le vortex oppressant du Maelstr\u00f6m, alors que Huron Blackheart et ses Red Corsairs ourdissent un nouveau raid d\u00e9vastateur sur l\u2019espace imp\u00e9rial. Mais ils ne sont pas les seuls \u00e0 chasser dans les \u00e9tendues du n\u00e9ant,&hellip;<\/p>\n","protected":false},"featured_media":13666,"comment_status":"closed","ping_status":"closed","template":"","meta":[],"product_brand":[23],"product_cat":[287,16],"product_tag":[129],"class_list":{"0":"post-13665","1":"product","2":"type-product","3":"status-publish","4":"has-post-thumbnail","6":"product_brand-games-workshop","7":"product_cat-chaos-space-marines","8":"product_cat-warhammer-40000","9":"product_tag-livre","11":"first","12":"outofstock","13":"sale","14":"featured","15":"taxable","16":"shipping-taxable","17":"purchasable","18":"product-type-simple"},"yoast_head":"<!-- This site is optimized with the Yoast SEO plugin v26.4 - https:\/\/yoast.com\/wordpress\/plugins\/seo\/ -->\n<title>The Maelstrom: L\u2019Antre du Tyran - Coccigames<\/title>\n<meta name=\"robots\" content=\"index, follow, max-snippet:-1, max-image-preview:large, max-video-preview:-1\" \/>\n<link rel=\"canonical\" href=\"https:\/\/www.coccigames.com\/index.php\/produit\/the-maelstrom-lantre-du-tyran\/\" \/>\n<meta property=\"og:locale\" content=\"fr_FR\" \/>\n<meta property=\"og:type\" content=\"article\" \/>\n<meta property=\"og:title\" content=\"The Maelstrom: L\u2019Antre du Tyran - Coccigames\" \/>\n<meta property=\"og:description\" content=\"La prochaine grande extension narrative pour Warhammer\u00a040,000 nous emporte dans le vortex oppressant du Maelstr\u00f6m, alors que Huron Blackheart et ses Red Corsairs ourdissent un nouveau raid d\u00e9vastateur sur l\u2019espace imp\u00e9rial. Mais ils ne sont pas les seuls \u00e0 chasser dans les \u00e9tendues du n\u00e9ant,&hellip;\" \/>\n<meta property=\"og:url\" content=\"https:\/\/www.coccigames.com\/index.php\/produit\/the-maelstrom-lantre-du-tyran\/\" \/>\n<meta property=\"og:site_name\" content=\"Coccigames\" \/>\n<meta property=\"article:modified_time\" content=\"2026-04-20T08:06:04+00:00\" \/>\n<meta property=\"og:image\" content=\"https:\/\/www.coccigames.com\/wp-content\/uploads\/2026\/02\/sundaypreview-feb08-40k_01-maelstrom_fre-mcqemy9aj5.jpg\" \/>\n\t<meta property=\"og:image:width\" content=\"1000\" \/>\n\t<meta property=\"og:image:height\" content=\"939\" \/>\n\t<meta property=\"og:image:type\" content=\"image\/jpeg\" \/>\n<meta name=\"twitter:card\" content=\"summary_large_image\" \/>\n<meta name=\"twitter:label1\" content=\"Dur\u00e9e de lecture estim\u00e9e\" \/>\n\t<meta name=\"twitter:data1\" content=\"3 minutes\" \/>\n<script type=\"application\/ld+json\" class=\"yoast-schema-graph\">{\"@context\":\"https:\/\/schema.org\",\"@graph\":[{\"@type\":\"WebPage\",\"@id\":\"https:\/\/www.coccigames.com\/index.php\/produit\/the-maelstrom-lantre-du-tyran\/\",\"url\":\"https:\/\/www.coccigames.com\/index.php\/produit\/the-maelstrom-lantre-du-tyran\/\",\"name\":\"The Maelstrom: L\u2019Antre du Tyran - Coccigames\",\"isPartOf\":{\"@id\":\"https:\/\/www.coccigames.com\/#website\"},\"primaryImageOfPage\":{\"@id\":\"https:\/\/www.coccigames.com\/index.php\/produit\/the-maelstrom-lantre-du-tyran\/#primaryimage\"},\"image\":{\"@id\":\"https:\/\/www.coccigames.com\/index.php\/produit\/the-maelstrom-lantre-du-tyran\/#primaryimage\"},\"thumbnailUrl\":\"https:\/\/www.coccigames.com\/wp-content\/uploads\/2026\/02\/sundaypreview-feb08-40k_01-maelstrom_fre-mcqemy9aj5.jpg\",\"datePublished\":\"2026-02-12T10:26:49+00:00\",\"dateModified\":\"2026-04-20T08:06:04+00:00\",\"breadcrumb\":{\"@id\":\"https:\/\/www.coccigames.com\/index.php\/produit\/the-maelstrom-lantre-du-tyran\/#breadcrumb\"},\"inLanguage\":\"fr-FR\",\"potentialAction\":[{\"@type\":\"ReadAction\",\"target\":[\"https:\/\/www.coccigames.com\/index.php\/produit\/the-maelstrom-lantre-du-tyran\/\"]}]},{\"@type\":\"ImageObject\",\"inLanguage\":\"fr-FR\",\"@id\":\"https:\/\/www.coccigames.com\/index.php\/produit\/the-maelstrom-lantre-du-tyran\/#primaryimage\",\"url\":\"https:\/\/www.coccigames.com\/wp-content\/uploads\/2026\/02\/sundaypreview-feb08-40k_01-maelstrom_fre-mcqemy9aj5.jpg\",\"contentUrl\":\"https:\/\/www.coccigames.com\/wp-content\/uploads\/2026\/02\/sundaypreview-feb08-40k_01-maelstrom_fre-mcqemy9aj5.jpg\",\"width\":1000,\"height\":939},{\"@type\":\"BreadcrumbList\",\"@id\":\"https:\/\/www.coccigames.com\/index.php\/produit\/the-maelstrom-lantre-du-tyran\/#breadcrumb\",\"itemListElement\":[{\"@type\":\"ListItem\",\"position\":1,\"name\":\"Accueil\",\"item\":\"https:\/\/www.coccigames.com\/\"},{\"@type\":\"ListItem\",\"position\":2,\"name\":\"Boutique\",\"item\":\"https:\/\/www.coccigames.com\/index.php\/boutique\/\"},{\"@type\":\"ListItem\",\"position\":3,\"name\":\"The Maelstrom: L\u2019Antre du Tyran\"}]},{\"@type\":\"WebSite\",\"@id\":\"https:\/\/www.coccigames.com\/#website\",\"url\":\"https:\/\/www.coccigames.com\/\",\"name\":\"Coccigames - Figurines et Peintures\",\"description\":\"Figurines et Peintures\",\"publisher\":{\"@id\":\"https:\/\/www.coccigames.com\/#organization\"},\"potentialAction\":[{\"@type\":\"SearchAction\",\"target\":{\"@type\":\"EntryPoint\",\"urlTemplate\":\"https:\/\/www.coccigames.com\/?s={search_term_string}\"},\"query-input\":{\"@type\":\"PropertyValueSpecification\",\"valueRequired\":true,\"valueName\":\"search_term_string\"}}],\"inLanguage\":\"fr-FR\"},{\"@type\":\"Organization\",\"@id\":\"https:\/\/www.coccigames.com\/#organization\",\"name\":\"Coccigames\",\"url\":\"https:\/\/www.coccigames.com\/\",\"logo\":{\"@type\":\"ImageObject\",\"inLanguage\":\"fr-FR\",\"@id\":\"https:\/\/www.coccigames.com\/#\/schema\/logo\/image\/\",\"url\":\"https:\/\/www.coccigames.com\/wp-content\/uploads\/2025\/12\/coccigames_logo_v5.png\",\"contentUrl\":\"https:\/\/www.coccigames.com\/wp-content\/uploads\/2025\/12\/coccigames_logo_v5.png\",\"width\":1768,\"height\":424,\"caption\":\"Coccigames\"},\"image\":{\"@id\":\"https:\/\/www.coccigames.com\/#\/schema\/logo\/image\/\"}}]}<\/script>\n<!-- \/ Yoast SEO plugin. -->","yoast_head_json":{"title":"The Maelstrom: L\u2019Antre du Tyran - Coccigames","robots":{"index":"index","follow":"follow","max-snippet":"max-snippet:-1","max-image-preview":"max-image-preview:large","max-video-preview":"max-video-preview:-1"},"canonical":"https:\/\/www.coccigames.com\/index.php\/produit\/the-maelstrom-lantre-du-tyran\/","og_locale":"fr_FR","og_type":"article","og_title":"The Maelstrom: L\u2019Antre du Tyran - Coccigames","og_description":"La prochaine grande extension narrative pour Warhammer\u00a040,000 nous emporte dans le vortex oppressant du Maelstr\u00f6m, alors que Huron Blackheart et ses Red Corsairs ourdissent un nouveau raid d\u00e9vastateur sur l\u2019espace imp\u00e9rial. Mais ils ne sont pas les seuls \u00e0 chasser dans les \u00e9tendues du n\u00e9ant,&hellip;","og_url":"https:\/\/www.coccigames.com\/index.php\/produit\/the-maelstrom-lantre-du-tyran\/","og_site_name":"Coccigames","article_modified_time":"2026-04-20T08:06:04+00:00","og_image":[{"width":1000,"height":939,"url":"https:\/\/www.coccigames.com\/wp-content\/uploads\/2026\/02\/sundaypreview-feb08-40k_01-maelstrom_fre-mcqemy9aj5.jpg","type":"image\/jpeg"}],"twitter_card":"summary_large_image","twitter_misc":{"Dur\u00e9e de lecture estim\u00e9e":"3 minutes"},"schema":{"@context":"https:\/\/schema.org","@graph":[{"@type":"WebPage","@id":"https:\/\/www.coccigames.com\/index.php\/produit\/the-maelstrom-lantre-du-tyran\/","url":"https:\/\/www.coccigames.com\/index.php\/produit\/the-maelstrom-lantre-du-tyran\/","name":"The Maelstrom: L\u2019Antre du Tyran - Coccigames","isPartOf":{"@id":"https:\/\/www.coccigames.com\/#website"},"primaryImageOfPage":{"@id":"https:\/\/www.coccigames.com\/index.php\/produit\/the-maelstrom-lantre-du-tyran\/#primaryimage"},"image":{"@id":"https:\/\/www.coccigames.com\/index.php\/produit\/the-maelstrom-lantre-du-tyran\/#primaryimage"},"thumbnailUrl":"https:\/\/www.coccigames.com\/wp-content\/uploads\/2026\/02\/sundaypreview-feb08-40k_01-maelstrom_fre-mcqemy9aj5.jpg","datePublished":"2026-02-12T10:26:49+00:00","dateModified":"2026-04-20T08:06:04+00:00","breadcrumb":{"@id":"https:\/\/www.coccigames.com\/index.php\/produit\/the-maelstrom-lantre-du-tyran\/#breadcrumb"},"inLanguage":"fr-FR","potentialAction":[{"@type":"ReadAction","target":["https:\/\/www.coccigames.com\/index.php\/produit\/the-maelstrom-lantre-du-tyran\/"]}]},{"@type":"ImageObject","inLanguage":"fr-FR","@id":"https:\/\/www.coccigames.com\/index.php\/produit\/the-maelstrom-lantre-du-tyran\/#primaryimage","url":"https:\/\/www.coccigames.com\/wp-content\/uploads\/2026\/02\/sundaypreview-feb08-40k_01-maelstrom_fre-mcqemy9aj5.jpg","contentUrl":"https:\/\/www.coccigames.com\/wp-content\/uploads\/2026\/02\/sundaypreview-feb08-40k_01-maelstrom_fre-mcqemy9aj5.jpg","width":1000,"height":939},{"@type":"BreadcrumbList","@id":"https:\/\/www.coccigames.com\/index.php\/produit\/the-maelstrom-lantre-du-tyran\/#breadcrumb","itemListElement":[{"@type":"ListItem","position":1,"name":"Accueil","item":"https:\/\/www.coccigames.com\/"},{"@type":"ListItem","position":2,"name":"Boutique","item":"https:\/\/www.coccigames.com\/index.php\/boutique\/"},{"@type":"ListItem","position":3,"name":"The Maelstrom: L\u2019Antre du Tyran"}]},{"@type":"WebSite","@id":"https:\/\/www.coccigames.com\/#website","url":"https:\/\/www.coccigames.com\/","name":"Coccigames - Figurines et Peintures","description":"Figurines et Peintures","publisher":{"@id":"https:\/\/www.coccigames.com\/#organization"},"potentialAction":[{"@type":"SearchAction","target":{"@type":"EntryPoint","urlTemplate":"https:\/\/www.coccigames.com\/?s={search_term_string}"},"query-input":{"@type":"PropertyValueSpecification","valueRequired":true,"valueName":"search_term_string"}}],"inLanguage":"fr-FR"},{"@type":"Organization","@id":"https:\/\/www.coccigames.com\/#organization","name":"Coccigames","url":"https:\/\/www.coccigames.com\/","logo":{"@type":"ImageObject","inLanguage":"fr-FR","@id":"https:\/\/www.coccigames.com\/#\/schema\/logo\/image\/","url":"https:\/\/www.coccigames.com\/wp-content\/uploads\/2025\/12\/coccigames_logo_v5.png","contentUrl":"https:\/\/www.coccigames.com\/wp-content\/uploads\/2025\/12\/coccigames_logo_v5.png","width":1768,"height":424,"caption":"Coccigames"},"image":{"@id":"https:\/\/www.coccigames.com\/#\/schema\/logo\/image\/"}}]}},"_links":{"self":[{"href":"https:\/\/www.coccigames.com\/index.php\/wp-json\/wp\/v2\/product\/13665","targetHints":{"allow":["GET"]}}],"collection":[{"href":"https:\/\/www.coccigames.com\/index.php\/wp-json\/wp\/v2\/product"}],"about":[{"href":"https:\/\/www.coccigames.com\/index.php\/wp-json\/wp\/v2\/types\/product"}],"replies":[{"embeddable":true,"href":"https:\/\/www.coccigames.com\/index.php\/wp-json\/wp\/v2\/comments?post=13665"}],"wp:featuredmedia":[{"embeddable":true,"href":"https:\/\/www.coccigames.com\/index.php\/wp-json\/wp\/v2\/media\/13666"}],"wp:attachment":[{"href":"https:\/\/www.coccigames.com\/index.php\/wp-json\/wp\/v2\/media?parent=13665"}],"wp:term":[{"taxonomy":"product_brand","embeddable":true,"href":"https:\/\/www.coccigames.com\/index.php\/wp-json\/wp\/v2\/product_brand?post=13665"},{"taxonomy":"product_cat","embeddable":true,"href":"https:\/\/www.coccigames.com\/index.php\/wp-json\/wp\/v2\/product_cat?post=13665"},{"taxonomy":"product_tag","embeddable":true,"href":"https:\/\/www.coccigames.com\/index.php\/wp-json\/wp\/v2\/product_tag?post=13665"}],"curies":[{"name":"wp","href":"https:\/\/api.w.org\/{rel}","templated":true}]}}