{"id":13576,"date":"2026-01-10T08:13:46","date_gmt":"2026-01-10T07:13:46","guid":{"rendered":"https:\/\/www.coccigames.com\/?post_type=product&#038;p=13576"},"modified":"2026-04-07T09:37:14","modified_gmt":"2026-04-07T07:37:14","slug":"leontus-le-seigneur-solaire","status":"publish","type":"product","link":"https:\/\/www.coccigames.com\/index.php\/produit\/leontus-le-seigneur-solaire\/","title":{"rendered":"LEONTUS : LE SEIGNEUR SOLAIRE"},"content":{"rendered":"<p>En orbite de Fortuna Minor, une flotte imp\u00e9riale bat en retraite lorsque son d\u00e9ploiement est bris\u00e9 par la ruse ork, alors qu\u2019un module de sauvetage fonce vers la surface. Les chanceux qui parviennent \u00e0 atterrir d\u00e9couvrent que le monde est la proie de plusieurs Turbowaaagh! et que sa population a \u00e9t\u00e9 asservie pour construire des armes \u00e0 l\u2019effigie des inf\u00e2mes divinit\u00e9s orks. Arcadian Leontus, Seigneur-commandeur du Segmentum Solar, tacticien hors pair et artisan d\u2019innombrables victoires, \u00e9merge du module de sauvetage. M\u00eame priv\u00e9 de ses arm\u00e9es, Leontus n\u2019a aucune intention de se contenter de survivre \u00e0 cette guerre. Il compte bien la gagner.<\/p>\n","protected":false},"excerpt":{"rendered":"<p>En orbite de Fortuna Minor, une flotte imp\u00e9riale bat en retraite lorsque son d\u00e9ploiement est bris\u00e9 par la ruse ork, alors qu\u2019un module de sauvetage fonce vers la surface. Les chanceux qui parviennent \u00e0 atterrir d\u00e9couvrent que le monde est la proie de plusieurs Turbowaaagh!&hellip;<\/p>\n","protected":false},"featured_media":13577,"comment_status":"closed","ping_status":"closed","template":"","meta":[],"product_brand":[23],"product_cat":[6218],"product_tag":[129],"class_list":{"0":"post-13576","1":"product","2":"type-product","3":"status-publish","4":"has-post-thumbnail","6":"product_brand-games-workshop","7":"product_cat-livres","8":"product_tag-livre","10":"first","11":"instock","12":"sale","13":"taxable","14":"shipping-taxable","15":"purchasable","16":"product-type-simple"},"yoast_head":"<!-- This site is optimized with the Yoast SEO plugin v26.4 - https:\/\/yoast.com\/wordpress\/plugins\/seo\/ -->\n<title>LEONTUS : LE SEIGNEUR SOLAIRE - Coccigames<\/title>\n<meta name=\"robots\" content=\"index, follow, max-snippet:-1, max-image-preview:large, max-video-preview:-1\" \/>\n<link rel=\"canonical\" href=\"https:\/\/www.coccigames.com\/index.php\/produit\/leontus-le-seigneur-solaire\/\" \/>\n<meta property=\"og:locale\" content=\"fr_FR\" \/>\n<meta property=\"og:type\" content=\"article\" \/>\n<meta property=\"og:title\" content=\"LEONTUS : LE SEIGNEUR SOLAIRE - Coccigames\" \/>\n<meta property=\"og:description\" content=\"En orbite de Fortuna Minor, une flotte imp\u00e9riale bat en retraite lorsque son d\u00e9ploiement est bris\u00e9 par la ruse ork, alors qu\u2019un module de sauvetage fonce vers la surface. Les chanceux qui parviennent \u00e0 atterrir d\u00e9couvrent que le monde est la proie de plusieurs Turbowaaagh!&hellip;\" \/>\n<meta property=\"og:url\" content=\"https:\/\/www.coccigames.com\/index.php\/produit\/leontus-le-seigneur-solaire\/\" \/>\n<meta property=\"og:site_name\" content=\"Coccigames\" \/>\n<meta property=\"article:modified_time\" content=\"2026-04-07T07:37:14+00:00\" \/>\n<meta property=\"og:image\" content=\"https:\/\/www.coccigames.com\/wp-content\/uploads\/2026\/01\/https___trade.games-workshop.com_assets_2026_01_01040181052_BLLeontusLordSolarFRE2026.jpg\" \/>\n\t<meta property=\"og:image:width\" content=\"1840\" \/>\n\t<meta property=\"og:image:height\" content=\"1900\" \/>\n\t<meta property=\"og:image:type\" content=\"image\/jpeg\" \/>\n<meta name=\"twitter:card\" content=\"summary_large_image\" \/>\n<meta name=\"twitter:label1\" content=\"Dur\u00e9e de lecture estim\u00e9e\" \/>\n\t<meta name=\"twitter:data1\" content=\"1 minute\" \/>\n<script type=\"application\/ld+json\" class=\"yoast-schema-graph\">{\"@context\":\"https:\/\/schema.org\",\"@graph\":[{\"@type\":\"WebPage\",\"@id\":\"https:\/\/www.coccigames.com\/index.php\/produit\/leontus-le-seigneur-solaire\/\",\"url\":\"https:\/\/www.coccigames.com\/index.php\/produit\/leontus-le-seigneur-solaire\/\",\"name\":\"LEONTUS : LE SEIGNEUR SOLAIRE - Coccigames\",\"isPartOf\":{\"@id\":\"https:\/\/www.coccigames.com\/#website\"},\"primaryImageOfPage\":{\"@id\":\"https:\/\/www.coccigames.com\/index.php\/produit\/leontus-le-seigneur-solaire\/#primaryimage\"},\"image\":{\"@id\":\"https:\/\/www.coccigames.com\/index.php\/produit\/leontus-le-seigneur-solaire\/#primaryimage\"},\"thumbnailUrl\":\"https:\/\/www.coccigames.com\/wp-content\/uploads\/2026\/01\/https___trade.games-workshop.com_assets_2026_01_01040181052_BLLeontusLordSolarFRE2026.jpg\",\"datePublished\":\"2026-01-10T07:13:46+00:00\",\"dateModified\":\"2026-04-07T07:37:14+00:00\",\"breadcrumb\":{\"@id\":\"https:\/\/www.coccigames.com\/index.php\/produit\/leontus-le-seigneur-solaire\/#breadcrumb\"},\"inLanguage\":\"fr-FR\",\"potentialAction\":[{\"@type\":\"ReadAction\",\"target\":[\"https:\/\/www.coccigames.com\/index.php\/produit\/leontus-le-seigneur-solaire\/\"]}]},{\"@type\":\"ImageObject\",\"inLanguage\":\"fr-FR\",\"@id\":\"https:\/\/www.coccigames.com\/index.php\/produit\/leontus-le-seigneur-solaire\/#primaryimage\",\"url\":\"https:\/\/www.coccigames.com\/wp-content\/uploads\/2026\/01\/https___trade.games-workshop.com_assets_2026_01_01040181052_BLLeontusLordSolarFRE2026.jpg\",\"contentUrl\":\"https:\/\/www.coccigames.com\/wp-content\/uploads\/2026\/01\/https___trade.games-workshop.com_assets_2026_01_01040181052_BLLeontusLordSolarFRE2026.jpg\",\"width\":1840,\"height\":1900},{\"@type\":\"BreadcrumbList\",\"@id\":\"https:\/\/www.coccigames.com\/index.php\/produit\/leontus-le-seigneur-solaire\/#breadcrumb\",\"itemListElement\":[{\"@type\":\"ListItem\",\"position\":1,\"name\":\"Accueil\",\"item\":\"https:\/\/www.coccigames.com\/\"},{\"@type\":\"ListItem\",\"position\":2,\"name\":\"Boutique\",\"item\":\"https:\/\/www.coccigames.com\/index.php\/boutique\/\"},{\"@type\":\"ListItem\",\"position\":3,\"name\":\"LEONTUS : LE SEIGNEUR SOLAIRE\"}]},{\"@type\":\"WebSite\",\"@id\":\"https:\/\/www.coccigames.com\/#website\",\"url\":\"https:\/\/www.coccigames.com\/\",\"name\":\"Coccigames - Figurines et Peintures\",\"description\":\"Figurines et Peintures\",\"publisher\":{\"@id\":\"https:\/\/www.coccigames.com\/#organization\"},\"potentialAction\":[{\"@type\":\"SearchAction\",\"target\":{\"@type\":\"EntryPoint\",\"urlTemplate\":\"https:\/\/www.coccigames.com\/?s={search_term_string}\"},\"query-input\":{\"@type\":\"PropertyValueSpecification\",\"valueRequired\":true,\"valueName\":\"search_term_string\"}}],\"inLanguage\":\"fr-FR\"},{\"@type\":\"Organization\",\"@id\":\"https:\/\/www.coccigames.com\/#organization\",\"name\":\"Coccigames\",\"url\":\"https:\/\/www.coccigames.com\/\",\"logo\":{\"@type\":\"ImageObject\",\"inLanguage\":\"fr-FR\",\"@id\":\"https:\/\/www.coccigames.com\/#\/schema\/logo\/image\/\",\"url\":\"https:\/\/www.coccigames.com\/wp-content\/uploads\/2025\/12\/coccigames_logo_v5.png\",\"contentUrl\":\"https:\/\/www.coccigames.com\/wp-content\/uploads\/2025\/12\/coccigames_logo_v5.png\",\"width\":1768,\"height\":424,\"caption\":\"Coccigames\"},\"image\":{\"@id\":\"https:\/\/www.coccigames.com\/#\/schema\/logo\/image\/\"}}]}<\/script>\n<!-- \/ Yoast SEO plugin. -->","yoast_head_json":{"title":"LEONTUS : LE SEIGNEUR SOLAIRE - Coccigames","robots":{"index":"index","follow":"follow","max-snippet":"max-snippet:-1","max-image-preview":"max-image-preview:large","max-video-preview":"max-video-preview:-1"},"canonical":"https:\/\/www.coccigames.com\/index.php\/produit\/leontus-le-seigneur-solaire\/","og_locale":"fr_FR","og_type":"article","og_title":"LEONTUS : LE SEIGNEUR SOLAIRE - Coccigames","og_description":"En orbite de Fortuna Minor, une flotte imp\u00e9riale bat en retraite lorsque son d\u00e9ploiement est bris\u00e9 par la ruse ork, alors qu\u2019un module de sauvetage fonce vers la surface. Les chanceux qui parviennent \u00e0 atterrir d\u00e9couvrent que le monde est la proie de plusieurs Turbowaaagh!&hellip;","og_url":"https:\/\/www.coccigames.com\/index.php\/produit\/leontus-le-seigneur-solaire\/","og_site_name":"Coccigames","article_modified_time":"2026-04-07T07:37:14+00:00","og_image":[{"width":1840,"height":1900,"url":"https:\/\/www.coccigames.com\/wp-content\/uploads\/2026\/01\/https___trade.games-workshop.com_assets_2026_01_01040181052_BLLeontusLordSolarFRE2026.jpg","type":"image\/jpeg"}],"twitter_card":"summary_large_image","twitter_misc":{"Dur\u00e9e de lecture estim\u00e9e":"1 minute"},"schema":{"@context":"https:\/\/schema.org","@graph":[{"@type":"WebPage","@id":"https:\/\/www.coccigames.com\/index.php\/produit\/leontus-le-seigneur-solaire\/","url":"https:\/\/www.coccigames.com\/index.php\/produit\/leontus-le-seigneur-solaire\/","name":"LEONTUS : LE SEIGNEUR SOLAIRE - Coccigames","isPartOf":{"@id":"https:\/\/www.coccigames.com\/#website"},"primaryImageOfPage":{"@id":"https:\/\/www.coccigames.com\/index.php\/produit\/leontus-le-seigneur-solaire\/#primaryimage"},"image":{"@id":"https:\/\/www.coccigames.com\/index.php\/produit\/leontus-le-seigneur-solaire\/#primaryimage"},"thumbnailUrl":"https:\/\/www.coccigames.com\/wp-content\/uploads\/2026\/01\/https___trade.games-workshop.com_assets_2026_01_01040181052_BLLeontusLordSolarFRE2026.jpg","datePublished":"2026-01-10T07:13:46+00:00","dateModified":"2026-04-07T07:37:14+00:00","breadcrumb":{"@id":"https:\/\/www.coccigames.com\/index.php\/produit\/leontus-le-seigneur-solaire\/#breadcrumb"},"inLanguage":"fr-FR","potentialAction":[{"@type":"ReadAction","target":["https:\/\/www.coccigames.com\/index.php\/produit\/leontus-le-seigneur-solaire\/"]}]},{"@type":"ImageObject","inLanguage":"fr-FR","@id":"https:\/\/www.coccigames.com\/index.php\/produit\/leontus-le-seigneur-solaire\/#primaryimage","url":"https:\/\/www.coccigames.com\/wp-content\/uploads\/2026\/01\/https___trade.games-workshop.com_assets_2026_01_01040181052_BLLeontusLordSolarFRE2026.jpg","contentUrl":"https:\/\/www.coccigames.com\/wp-content\/uploads\/2026\/01\/https___trade.games-workshop.com_assets_2026_01_01040181052_BLLeontusLordSolarFRE2026.jpg","width":1840,"height":1900},{"@type":"BreadcrumbList","@id":"https:\/\/www.coccigames.com\/index.php\/produit\/leontus-le-seigneur-solaire\/#breadcrumb","itemListElement":[{"@type":"ListItem","position":1,"name":"Accueil","item":"https:\/\/www.coccigames.com\/"},{"@type":"ListItem","position":2,"name":"Boutique","item":"https:\/\/www.coccigames.com\/index.php\/boutique\/"},{"@type":"ListItem","position":3,"name":"LEONTUS : LE SEIGNEUR SOLAIRE"}]},{"@type":"WebSite","@id":"https:\/\/www.coccigames.com\/#website","url":"https:\/\/www.coccigames.com\/","name":"Coccigames - Figurines et Peintures","description":"Figurines et Peintures","publisher":{"@id":"https:\/\/www.coccigames.com\/#organization"},"potentialAction":[{"@type":"SearchAction","target":{"@type":"EntryPoint","urlTemplate":"https:\/\/www.coccigames.com\/?s={search_term_string}"},"query-input":{"@type":"PropertyValueSpecification","valueRequired":true,"valueName":"search_term_string"}}],"inLanguage":"fr-FR"},{"@type":"Organization","@id":"https:\/\/www.coccigames.com\/#organization","name":"Coccigames","url":"https:\/\/www.coccigames.com\/","logo":{"@type":"ImageObject","inLanguage":"fr-FR","@id":"https:\/\/www.coccigames.com\/#\/schema\/logo\/image\/","url":"https:\/\/www.coccigames.com\/wp-content\/uploads\/2025\/12\/coccigames_logo_v5.png","contentUrl":"https:\/\/www.coccigames.com\/wp-content\/uploads\/2025\/12\/coccigames_logo_v5.png","width":1768,"height":424,"caption":"Coccigames"},"image":{"@id":"https:\/\/www.coccigames.com\/#\/schema\/logo\/image\/"}}]}},"_links":{"self":[{"href":"https:\/\/www.coccigames.com\/index.php\/wp-json\/wp\/v2\/product\/13576","targetHints":{"allow":["GET"]}}],"collection":[{"href":"https:\/\/www.coccigames.com\/index.php\/wp-json\/wp\/v2\/product"}],"about":[{"href":"https:\/\/www.coccigames.com\/index.php\/wp-json\/wp\/v2\/types\/product"}],"replies":[{"embeddable":true,"href":"https:\/\/www.coccigames.com\/index.php\/wp-json\/wp\/v2\/comments?post=13576"}],"wp:featuredmedia":[{"embeddable":true,"href":"https:\/\/www.coccigames.com\/index.php\/wp-json\/wp\/v2\/media\/13577"}],"wp:attachment":[{"href":"https:\/\/www.coccigames.com\/index.php\/wp-json\/wp\/v2\/media?parent=13576"}],"wp:term":[{"taxonomy":"product_brand","embeddable":true,"href":"https:\/\/www.coccigames.com\/index.php\/wp-json\/wp\/v2\/product_brand?post=13576"},{"taxonomy":"product_cat","embeddable":true,"href":"https:\/\/www.coccigames.com\/index.php\/wp-json\/wp\/v2\/product_cat?post=13576"},{"taxonomy":"product_tag","embeddable":true,"href":"https:\/\/www.coccigames.com\/index.php\/wp-json\/wp\/v2\/product_tag?post=13576"}],"curies":[{"name":"wp","href":"https:\/\/api.w.org\/{rel}","templated":true}]}}