{"id":13059,"date":"2025-12-20T13:22:47","date_gmt":"2025-12-20T12:22:47","guid":{"rendered":"https:\/\/www.coccigames.com\/index.php\/produit\/vindicator-siege-tank-squadron\/"},"modified":"2026-04-06T09:28:35","modified_gmt":"2026-04-06T07:28:35","slug":"vindicator-siege-tank-squadron","status":"publish","type":"product","link":"https:\/\/www.coccigames.com\/index.php\/produit\/vindicator-siege-tank-squadron\/","title":{"rendered":"VINDICATOR SIEGE TANK SQUADRON"},"content":{"rendered":"<p>Le Vindicator est un char de si\u00e8ge d\u00e9ploy\u00e9 pour briser les fortifications ennemies et d\u00e9truire les v\u00e9hicules les plus lourdement blind\u00e9s de l&rsquo;adversaire. Ces chars sont particuli\u00e8rement utiles sur les terrains \u00e9troits des cit\u00e9s, o\u00f9 leur courte port\u00e9e de tir repr\u00e9sente un d\u00e9savantage bien plus faible. Arm\u00e9s d&rsquo;un canon Demolisher, ils peuvent facilement r\u00e9duire les b\u00e2timents en gravats pour ouvrir la voie aux troupes \u00e0 travers des obstacles en apparence impossibles \u00e0 traverser.<\/p>\n<p>Ce kit en plastique permet d&rsquo;assembler 8 Vindicator Siege Tanks pour vos arm\u00e9es de Legiones Astartes lors des parties de Legions Imperialis. Arm\u00e9s de canons Demolisher d\u00e9vastateurs, ils sont tout d\u00e9sign\u00e9s pour r\u00e9duire \u00e0 n\u00e9ant les atouts les plus lourds de l&rsquo;adversaire, qu&rsquo;il s&rsquo;agisse de fortifications ou de blind\u00e9s. Chaque tank peut \u00eatre assembl\u00e9 avec son \u00e9coutille sup\u00e9rieure ferm\u00e9e, ou avec un commandant de tank pour diriger votre puissance de feu destructrice.<\/p>\n<p>Ce kit est compos\u00e9 de 124 \u00e9l\u00e9ments en plastique et de 1x Planche de D\u00e9calcos de V\u00e9hicules de L\u00e9gion proposant 1130 d\u00e9calcos de grande qualit\u00e9 pour d\u00e9corer vos figurines.<\/p>\n","protected":false},"excerpt":{"rendered":"<p>Le Vindicator est un char de si\u00e8ge d\u00e9ploy\u00e9 pour briser les fortifications ennemies et d\u00e9truire les v\u00e9hicules les plus lourdement blind\u00e9s de l&rsquo;adversaire. Ces chars sont particuli\u00e8rement utiles sur les terrains \u00e9troits des cit\u00e9s, o\u00f9 leur courte port\u00e9e de tir repr\u00e9sente un d\u00e9savantage bien plus&hellip;<\/p>\n","protected":false},"featured_media":13184,"comment_status":"open","ping_status":"closed","template":"","meta":[],"product_brand":[23],"product_cat":[6185],"product_tag":[434,6184],"class_list":{"0":"post-13059","1":"product","2":"type-product","3":"status-publish","4":"has-post-thumbnail","6":"product_brand-games-workshop","7":"product_cat-legion-imperialis","8":"product_tag-generic","9":"product_tag-legion-imperialis","11":"first","12":"onbackorder","13":"sale","14":"taxable","15":"shipping-taxable","16":"purchasable","17":"product-type-simple"},"yoast_head":"<!-- This site is optimized with the Yoast SEO plugin v26.4 - https:\/\/yoast.com\/wordpress\/plugins\/seo\/ -->\n<title>VINDICATOR SIEGE TANK SQUADRON - Coccigames<\/title>\n<meta name=\"robots\" content=\"index, follow, max-snippet:-1, max-image-preview:large, max-video-preview:-1\" \/>\n<link rel=\"canonical\" href=\"https:\/\/www.coccigames.com\/index.php\/produit\/vindicator-siege-tank-squadron\/\" \/>\n<meta property=\"og:locale\" content=\"fr_FR\" \/>\n<meta property=\"og:type\" content=\"article\" \/>\n<meta property=\"og:title\" content=\"VINDICATOR SIEGE TANK SQUADRON - Coccigames\" \/>\n<meta property=\"og:description\" content=\"Le Vindicator est un char de si\u00e8ge d\u00e9ploy\u00e9 pour briser les fortifications ennemies et d\u00e9truire les v\u00e9hicules les plus lourdement blind\u00e9s de l&rsquo;adversaire. Ces chars sont particuli\u00e8rement utiles sur les terrains \u00e9troits des cit\u00e9s, o\u00f9 leur courte port\u00e9e de tir repr\u00e9sente un d\u00e9savantage bien plus&hellip;\" \/>\n<meta property=\"og:url\" content=\"https:\/\/www.coccigames.com\/index.php\/produit\/vindicator-siege-tank-squadron\/\" \/>\n<meta property=\"og:site_name\" content=\"Coccigames\" \/>\n<meta property=\"article:modified_time\" content=\"2026-04-06T07:28:35+00:00\" \/>\n<meta property=\"og:image\" content=\"https:\/\/www.coccigames.com\/wp-content\/uploads\/2025\/12\/99122601029_LAVindicatorSiegeTankSquadron05.jpg\" \/>\n\t<meta property=\"og:image:width\" content=\"918\" \/>\n\t<meta property=\"og:image:height\" content=\"948\" \/>\n\t<meta property=\"og:image:type\" content=\"image\/jpeg\" \/>\n<meta name=\"twitter:card\" content=\"summary_large_image\" \/>\n<meta name=\"twitter:label1\" content=\"Dur\u00e9e de lecture estim\u00e9e\" \/>\n\t<meta name=\"twitter:data1\" content=\"2 minutes\" \/>\n<script type=\"application\/ld+json\" class=\"yoast-schema-graph\">{\"@context\":\"https:\/\/schema.org\",\"@graph\":[{\"@type\":\"WebPage\",\"@id\":\"https:\/\/www.coccigames.com\/index.php\/produit\/vindicator-siege-tank-squadron\/\",\"url\":\"https:\/\/www.coccigames.com\/index.php\/produit\/vindicator-siege-tank-squadron\/\",\"name\":\"VINDICATOR SIEGE TANK SQUADRON - Coccigames\",\"isPartOf\":{\"@id\":\"https:\/\/www.coccigames.com\/#website\"},\"primaryImageOfPage\":{\"@id\":\"https:\/\/www.coccigames.com\/index.php\/produit\/vindicator-siege-tank-squadron\/#primaryimage\"},\"image\":{\"@id\":\"https:\/\/www.coccigames.com\/index.php\/produit\/vindicator-siege-tank-squadron\/#primaryimage\"},\"thumbnailUrl\":\"https:\/\/www.coccigames.com\/wp-content\/uploads\/2025\/12\/99122601029_LAVindicatorSiegeTankSquadron05.jpg\",\"datePublished\":\"2025-12-20T12:22:47+00:00\",\"dateModified\":\"2026-04-06T07:28:35+00:00\",\"breadcrumb\":{\"@id\":\"https:\/\/www.coccigames.com\/index.php\/produit\/vindicator-siege-tank-squadron\/#breadcrumb\"},\"inLanguage\":\"fr-FR\",\"potentialAction\":[{\"@type\":\"ReadAction\",\"target\":[\"https:\/\/www.coccigames.com\/index.php\/produit\/vindicator-siege-tank-squadron\/\"]}]},{\"@type\":\"ImageObject\",\"inLanguage\":\"fr-FR\",\"@id\":\"https:\/\/www.coccigames.com\/index.php\/produit\/vindicator-siege-tank-squadron\/#primaryimage\",\"url\":\"https:\/\/www.coccigames.com\/wp-content\/uploads\/2025\/12\/99122601029_LAVindicatorSiegeTankSquadron05.jpg\",\"contentUrl\":\"https:\/\/www.coccigames.com\/wp-content\/uploads\/2025\/12\/99122601029_LAVindicatorSiegeTankSquadron05.jpg\",\"width\":918,\"height\":948},{\"@type\":\"BreadcrumbList\",\"@id\":\"https:\/\/www.coccigames.com\/index.php\/produit\/vindicator-siege-tank-squadron\/#breadcrumb\",\"itemListElement\":[{\"@type\":\"ListItem\",\"position\":1,\"name\":\"Accueil\",\"item\":\"https:\/\/www.coccigames.com\/\"},{\"@type\":\"ListItem\",\"position\":2,\"name\":\"Boutique\",\"item\":\"https:\/\/www.coccigames.com\/index.php\/boutique\/\"},{\"@type\":\"ListItem\",\"position\":3,\"name\":\"VINDICATOR SIEGE TANK SQUADRON\"}]},{\"@type\":\"WebSite\",\"@id\":\"https:\/\/www.coccigames.com\/#website\",\"url\":\"https:\/\/www.coccigames.com\/\",\"name\":\"Coccigames - Figurines et Peintures\",\"description\":\"Figurines et Peintures\",\"publisher\":{\"@id\":\"https:\/\/www.coccigames.com\/#organization\"},\"potentialAction\":[{\"@type\":\"SearchAction\",\"target\":{\"@type\":\"EntryPoint\",\"urlTemplate\":\"https:\/\/www.coccigames.com\/?s={search_term_string}\"},\"query-input\":{\"@type\":\"PropertyValueSpecification\",\"valueRequired\":true,\"valueName\":\"search_term_string\"}}],\"inLanguage\":\"fr-FR\"},{\"@type\":\"Organization\",\"@id\":\"https:\/\/www.coccigames.com\/#organization\",\"name\":\"Coccigames\",\"url\":\"https:\/\/www.coccigames.com\/\",\"logo\":{\"@type\":\"ImageObject\",\"inLanguage\":\"fr-FR\",\"@id\":\"https:\/\/www.coccigames.com\/#\/schema\/logo\/image\/\",\"url\":\"https:\/\/www.coccigames.com\/wp-content\/uploads\/2025\/12\/coccigames_logo_v5.png\",\"contentUrl\":\"https:\/\/www.coccigames.com\/wp-content\/uploads\/2025\/12\/coccigames_logo_v5.png\",\"width\":1768,\"height\":424,\"caption\":\"Coccigames\"},\"image\":{\"@id\":\"https:\/\/www.coccigames.com\/#\/schema\/logo\/image\/\"}}]}<\/script>\n<!-- \/ Yoast SEO plugin. -->","yoast_head_json":{"title":"VINDICATOR SIEGE TANK SQUADRON - Coccigames","robots":{"index":"index","follow":"follow","max-snippet":"max-snippet:-1","max-image-preview":"max-image-preview:large","max-video-preview":"max-video-preview:-1"},"canonical":"https:\/\/www.coccigames.com\/index.php\/produit\/vindicator-siege-tank-squadron\/","og_locale":"fr_FR","og_type":"article","og_title":"VINDICATOR SIEGE TANK SQUADRON - Coccigames","og_description":"Le Vindicator est un char de si\u00e8ge d\u00e9ploy\u00e9 pour briser les fortifications ennemies et d\u00e9truire les v\u00e9hicules les plus lourdement blind\u00e9s de l&rsquo;adversaire. Ces chars sont particuli\u00e8rement utiles sur les terrains \u00e9troits des cit\u00e9s, o\u00f9 leur courte port\u00e9e de tir repr\u00e9sente un d\u00e9savantage bien plus&hellip;","og_url":"https:\/\/www.coccigames.com\/index.php\/produit\/vindicator-siege-tank-squadron\/","og_site_name":"Coccigames","article_modified_time":"2026-04-06T07:28:35+00:00","og_image":[{"width":918,"height":948,"url":"https:\/\/www.coccigames.com\/wp-content\/uploads\/2025\/12\/99122601029_LAVindicatorSiegeTankSquadron05.jpg","type":"image\/jpeg"}],"twitter_card":"summary_large_image","twitter_misc":{"Dur\u00e9e de lecture estim\u00e9e":"2 minutes"},"schema":{"@context":"https:\/\/schema.org","@graph":[{"@type":"WebPage","@id":"https:\/\/www.coccigames.com\/index.php\/produit\/vindicator-siege-tank-squadron\/","url":"https:\/\/www.coccigames.com\/index.php\/produit\/vindicator-siege-tank-squadron\/","name":"VINDICATOR SIEGE TANK SQUADRON - Coccigames","isPartOf":{"@id":"https:\/\/www.coccigames.com\/#website"},"primaryImageOfPage":{"@id":"https:\/\/www.coccigames.com\/index.php\/produit\/vindicator-siege-tank-squadron\/#primaryimage"},"image":{"@id":"https:\/\/www.coccigames.com\/index.php\/produit\/vindicator-siege-tank-squadron\/#primaryimage"},"thumbnailUrl":"https:\/\/www.coccigames.com\/wp-content\/uploads\/2025\/12\/99122601029_LAVindicatorSiegeTankSquadron05.jpg","datePublished":"2025-12-20T12:22:47+00:00","dateModified":"2026-04-06T07:28:35+00:00","breadcrumb":{"@id":"https:\/\/www.coccigames.com\/index.php\/produit\/vindicator-siege-tank-squadron\/#breadcrumb"},"inLanguage":"fr-FR","potentialAction":[{"@type":"ReadAction","target":["https:\/\/www.coccigames.com\/index.php\/produit\/vindicator-siege-tank-squadron\/"]}]},{"@type":"ImageObject","inLanguage":"fr-FR","@id":"https:\/\/www.coccigames.com\/index.php\/produit\/vindicator-siege-tank-squadron\/#primaryimage","url":"https:\/\/www.coccigames.com\/wp-content\/uploads\/2025\/12\/99122601029_LAVindicatorSiegeTankSquadron05.jpg","contentUrl":"https:\/\/www.coccigames.com\/wp-content\/uploads\/2025\/12\/99122601029_LAVindicatorSiegeTankSquadron05.jpg","width":918,"height":948},{"@type":"BreadcrumbList","@id":"https:\/\/www.coccigames.com\/index.php\/produit\/vindicator-siege-tank-squadron\/#breadcrumb","itemListElement":[{"@type":"ListItem","position":1,"name":"Accueil","item":"https:\/\/www.coccigames.com\/"},{"@type":"ListItem","position":2,"name":"Boutique","item":"https:\/\/www.coccigames.com\/index.php\/boutique\/"},{"@type":"ListItem","position":3,"name":"VINDICATOR SIEGE TANK SQUADRON"}]},{"@type":"WebSite","@id":"https:\/\/www.coccigames.com\/#website","url":"https:\/\/www.coccigames.com\/","name":"Coccigames - Figurines et Peintures","description":"Figurines et Peintures","publisher":{"@id":"https:\/\/www.coccigames.com\/#organization"},"potentialAction":[{"@type":"SearchAction","target":{"@type":"EntryPoint","urlTemplate":"https:\/\/www.coccigames.com\/?s={search_term_string}"},"query-input":{"@type":"PropertyValueSpecification","valueRequired":true,"valueName":"search_term_string"}}],"inLanguage":"fr-FR"},{"@type":"Organization","@id":"https:\/\/www.coccigames.com\/#organization","name":"Coccigames","url":"https:\/\/www.coccigames.com\/","logo":{"@type":"ImageObject","inLanguage":"fr-FR","@id":"https:\/\/www.coccigames.com\/#\/schema\/logo\/image\/","url":"https:\/\/www.coccigames.com\/wp-content\/uploads\/2025\/12\/coccigames_logo_v5.png","contentUrl":"https:\/\/www.coccigames.com\/wp-content\/uploads\/2025\/12\/coccigames_logo_v5.png","width":1768,"height":424,"caption":"Coccigames"},"image":{"@id":"https:\/\/www.coccigames.com\/#\/schema\/logo\/image\/"}}]}},"_links":{"self":[{"href":"https:\/\/www.coccigames.com\/index.php\/wp-json\/wp\/v2\/product\/13059","targetHints":{"allow":["GET"]}}],"collection":[{"href":"https:\/\/www.coccigames.com\/index.php\/wp-json\/wp\/v2\/product"}],"about":[{"href":"https:\/\/www.coccigames.com\/index.php\/wp-json\/wp\/v2\/types\/product"}],"replies":[{"embeddable":true,"href":"https:\/\/www.coccigames.com\/index.php\/wp-json\/wp\/v2\/comments?post=13059"}],"wp:featuredmedia":[{"embeddable":true,"href":"https:\/\/www.coccigames.com\/index.php\/wp-json\/wp\/v2\/media\/13184"}],"wp:attachment":[{"href":"https:\/\/www.coccigames.com\/index.php\/wp-json\/wp\/v2\/media?parent=13059"}],"wp:term":[{"taxonomy":"product_brand","embeddable":true,"href":"https:\/\/www.coccigames.com\/index.php\/wp-json\/wp\/v2\/product_brand?post=13059"},{"taxonomy":"product_cat","embeddable":true,"href":"https:\/\/www.coccigames.com\/index.php\/wp-json\/wp\/v2\/product_cat?post=13059"},{"taxonomy":"product_tag","embeddable":true,"href":"https:\/\/www.coccigames.com\/index.php\/wp-json\/wp\/v2\/product_tag?post=13059"}],"curies":[{"name":"wp","href":"https:\/\/api.w.org\/{rel}","templated":true}]}}