{"id":13040,"date":"2025-12-20T13:22:38","date_gmt":"2025-12-20T12:22:38","guid":{"rendered":"https:\/\/www.coccigames.com\/index.php\/produit\/mechanicum-infantry\/"},"modified":"2026-04-06T09:28:33","modified_gmt":"2026-04-06T07:28:33","slug":"mechanicum-infantry","status":"publish","type":"product","link":"https:\/\/www.coccigames.com\/index.php\/produit\/mechanicum-infantry\/","title":{"rendered":"MECHANICUM INFANTRY"},"content":{"rendered":"<p>La myst\u00e9rieuse infanterie du Mechanicum part en guerre arm\u00e9e d&rsquo;une science \u00e9sot\u00e9rique et inconcevable: leurs osts d&rsquo;automates de bataille et de soldats cybern\u00e9tiques sont guid\u00e9s par la logique froide de leurs ma\u00eetres Technopr\u00eatres. Ayant acc\u00e8s \u00e0 des ressources in\u00e9gal\u00e9es \u00e0 l&rsquo;\u00c2ge des T\u00e9n\u00e8bres, ces guerriers agissent comme une machine bien huil\u00e9e, chaque rouage \u00e9tant parfaitement \u00e0 sa place.<\/p>\n<p>Cette bo\u00eete contient un choix complet de figurines cl\u00e9s d&rsquo;infanterie du Mechanicum, qui constituera le noyau de votre arm\u00e9e du Mechanicum ou du Mechanicum Noir dans les parties de Legions Imperialis. Sinon, ces figurines pourront \u00eatre d\u00e9ploy\u00e9es comme D\u00e9tachements Alli\u00e9s dans les arm\u00e9es des Legiones Astartes ou des Solar Auxilia.<\/p>\n<p><strong>Cette bo\u00eete contient 110x figurines en plastique Citadel \u00e0 l&rsquo;\u00e9chelle Epic, qui permettent d&rsquo;assembler 32x socles pour le Mechanicum ou le Mechanicum Noir, r\u00e9partis comme suit:<\/strong><\/p>\n<p>\u2013 2x Archmagos Prime on Abeyant<\/p>\n<p>\u2013 2x Myrmidon Secutor Host<\/p>\n<p>\u2013 2x Tech-Priest Auxilia<\/p>\n<p>\u2013 4x Ursarax Cohort<\/p>\n<p>\u2013 4x Myrmidon Destructor Host<\/p>\n<p>\u2013 8x Thallax Cohort<\/p>\n<p>\u2013 10x Tech-Thrall Covenant<\/p>\n<p>Ce kit est compos\u00e9 de 152 \u00e9l\u00e9ments en plastique et de 32x Socles Ronds Legions Imperialis de 25mm.<\/p>\n","protected":false},"excerpt":{"rendered":"<p>La myst\u00e9rieuse infanterie du Mechanicum part en guerre arm\u00e9e d&rsquo;une science \u00e9sot\u00e9rique et inconcevable: leurs osts d&rsquo;automates de bataille et de soldats cybern\u00e9tiques sont guid\u00e9s par la logique froide de leurs ma\u00eetres Technopr\u00eatres. Ayant acc\u00e8s \u00e0 des ressources in\u00e9gal\u00e9es \u00e0 l&rsquo;\u00c2ge des T\u00e9n\u00e8bres, ces guerriers&hellip;<\/p>\n","protected":false},"featured_media":13229,"comment_status":"open","ping_status":"closed","template":"","meta":[],"product_brand":[23],"product_cat":[6185],"product_tag":[434,6184],"class_list":{"0":"post-13040","1":"product","2":"type-product","3":"status-publish","4":"has-post-thumbnail","6":"product_brand-games-workshop","7":"product_cat-legion-imperialis","8":"product_tag-generic","9":"product_tag-legion-imperialis","11":"first","12":"onbackorder","13":"sale","14":"taxable","15":"shipping-taxable","16":"purchasable","17":"product-type-simple"},"yoast_head":"<!-- This site is optimized with the Yoast SEO plugin v26.4 - https:\/\/yoast.com\/wordpress\/plugins\/seo\/ -->\n<title>MECHANICUM INFANTRY - Coccigames<\/title>\n<meta name=\"robots\" content=\"index, follow, max-snippet:-1, max-image-preview:large, max-video-preview:-1\" \/>\n<link rel=\"canonical\" href=\"https:\/\/www.coccigames.com\/index.php\/produit\/mechanicum-infantry\/\" \/>\n<meta property=\"og:locale\" content=\"fr_FR\" \/>\n<meta property=\"og:type\" content=\"article\" \/>\n<meta property=\"og:title\" content=\"MECHANICUM INFANTRY - Coccigames\" \/>\n<meta property=\"og:description\" content=\"La myst\u00e9rieuse infanterie du Mechanicum part en guerre arm\u00e9e d&rsquo;une science \u00e9sot\u00e9rique et inconcevable: leurs osts d&rsquo;automates de bataille et de soldats cybern\u00e9tiques sont guid\u00e9s par la logique froide de leurs ma\u00eetres Technopr\u00eatres. Ayant acc\u00e8s \u00e0 des ressources in\u00e9gal\u00e9es \u00e0 l&rsquo;\u00c2ge des T\u00e9n\u00e8bres, ces guerriers&hellip;\" \/>\n<meta property=\"og:url\" content=\"https:\/\/www.coccigames.com\/index.php\/produit\/mechanicum-infantry\/\" \/>\n<meta property=\"og:site_name\" content=\"Coccigames\" \/>\n<meta property=\"article:modified_time\" content=\"2026-04-06T07:28:33+00:00\" \/>\n<meta property=\"og:image\" content=\"https:\/\/www.coccigames.com\/wp-content\/uploads\/2025\/12\/99122616001_LIMechanicumInfantry01.jpg\" \/>\n\t<meta property=\"og:image:width\" content=\"918\" \/>\n\t<meta property=\"og:image:height\" content=\"948\" \/>\n\t<meta property=\"og:image:type\" content=\"image\/jpeg\" \/>\n<meta name=\"twitter:card\" content=\"summary_large_image\" \/>\n<meta name=\"twitter:label1\" content=\"Dur\u00e9e de lecture estim\u00e9e\" \/>\n\t<meta name=\"twitter:data1\" content=\"2 minutes\" \/>\n<script type=\"application\/ld+json\" class=\"yoast-schema-graph\">{\"@context\":\"https:\/\/schema.org\",\"@graph\":[{\"@type\":\"WebPage\",\"@id\":\"https:\/\/www.coccigames.com\/index.php\/produit\/mechanicum-infantry\/\",\"url\":\"https:\/\/www.coccigames.com\/index.php\/produit\/mechanicum-infantry\/\",\"name\":\"MECHANICUM INFANTRY - Coccigames\",\"isPartOf\":{\"@id\":\"https:\/\/www.coccigames.com\/#website\"},\"primaryImageOfPage\":{\"@id\":\"https:\/\/www.coccigames.com\/index.php\/produit\/mechanicum-infantry\/#primaryimage\"},\"image\":{\"@id\":\"https:\/\/www.coccigames.com\/index.php\/produit\/mechanicum-infantry\/#primaryimage\"},\"thumbnailUrl\":\"https:\/\/www.coccigames.com\/wp-content\/uploads\/2025\/12\/99122616001_LIMechanicumInfantry01.jpg\",\"datePublished\":\"2025-12-20T12:22:38+00:00\",\"dateModified\":\"2026-04-06T07:28:33+00:00\",\"breadcrumb\":{\"@id\":\"https:\/\/www.coccigames.com\/index.php\/produit\/mechanicum-infantry\/#breadcrumb\"},\"inLanguage\":\"fr-FR\",\"potentialAction\":[{\"@type\":\"ReadAction\",\"target\":[\"https:\/\/www.coccigames.com\/index.php\/produit\/mechanicum-infantry\/\"]}]},{\"@type\":\"ImageObject\",\"inLanguage\":\"fr-FR\",\"@id\":\"https:\/\/www.coccigames.com\/index.php\/produit\/mechanicum-infantry\/#primaryimage\",\"url\":\"https:\/\/www.coccigames.com\/wp-content\/uploads\/2025\/12\/99122616001_LIMechanicumInfantry01.jpg\",\"contentUrl\":\"https:\/\/www.coccigames.com\/wp-content\/uploads\/2025\/12\/99122616001_LIMechanicumInfantry01.jpg\",\"width\":918,\"height\":948},{\"@type\":\"BreadcrumbList\",\"@id\":\"https:\/\/www.coccigames.com\/index.php\/produit\/mechanicum-infantry\/#breadcrumb\",\"itemListElement\":[{\"@type\":\"ListItem\",\"position\":1,\"name\":\"Accueil\",\"item\":\"https:\/\/www.coccigames.com\/\"},{\"@type\":\"ListItem\",\"position\":2,\"name\":\"Boutique\",\"item\":\"https:\/\/www.coccigames.com\/index.php\/boutique\/\"},{\"@type\":\"ListItem\",\"position\":3,\"name\":\"MECHANICUM INFANTRY\"}]},{\"@type\":\"WebSite\",\"@id\":\"https:\/\/www.coccigames.com\/#website\",\"url\":\"https:\/\/www.coccigames.com\/\",\"name\":\"Coccigames - Figurines et Peintures\",\"description\":\"Figurines et Peintures\",\"publisher\":{\"@id\":\"https:\/\/www.coccigames.com\/#organization\"},\"potentialAction\":[{\"@type\":\"SearchAction\",\"target\":{\"@type\":\"EntryPoint\",\"urlTemplate\":\"https:\/\/www.coccigames.com\/?s={search_term_string}\"},\"query-input\":{\"@type\":\"PropertyValueSpecification\",\"valueRequired\":true,\"valueName\":\"search_term_string\"}}],\"inLanguage\":\"fr-FR\"},{\"@type\":\"Organization\",\"@id\":\"https:\/\/www.coccigames.com\/#organization\",\"name\":\"Coccigames\",\"url\":\"https:\/\/www.coccigames.com\/\",\"logo\":{\"@type\":\"ImageObject\",\"inLanguage\":\"fr-FR\",\"@id\":\"https:\/\/www.coccigames.com\/#\/schema\/logo\/image\/\",\"url\":\"https:\/\/www.coccigames.com\/wp-content\/uploads\/2025\/12\/coccigames_logo_v5.png\",\"contentUrl\":\"https:\/\/www.coccigames.com\/wp-content\/uploads\/2025\/12\/coccigames_logo_v5.png\",\"width\":1768,\"height\":424,\"caption\":\"Coccigames\"},\"image\":{\"@id\":\"https:\/\/www.coccigames.com\/#\/schema\/logo\/image\/\"}}]}<\/script>\n<!-- \/ Yoast SEO plugin. -->","yoast_head_json":{"title":"MECHANICUM INFANTRY - Coccigames","robots":{"index":"index","follow":"follow","max-snippet":"max-snippet:-1","max-image-preview":"max-image-preview:large","max-video-preview":"max-video-preview:-1"},"canonical":"https:\/\/www.coccigames.com\/index.php\/produit\/mechanicum-infantry\/","og_locale":"fr_FR","og_type":"article","og_title":"MECHANICUM INFANTRY - Coccigames","og_description":"La myst\u00e9rieuse infanterie du Mechanicum part en guerre arm\u00e9e d&rsquo;une science \u00e9sot\u00e9rique et inconcevable: leurs osts d&rsquo;automates de bataille et de soldats cybern\u00e9tiques sont guid\u00e9s par la logique froide de leurs ma\u00eetres Technopr\u00eatres. Ayant acc\u00e8s \u00e0 des ressources in\u00e9gal\u00e9es \u00e0 l&rsquo;\u00c2ge des T\u00e9n\u00e8bres, ces guerriers&hellip;","og_url":"https:\/\/www.coccigames.com\/index.php\/produit\/mechanicum-infantry\/","og_site_name":"Coccigames","article_modified_time":"2026-04-06T07:28:33+00:00","og_image":[{"width":918,"height":948,"url":"https:\/\/www.coccigames.com\/wp-content\/uploads\/2025\/12\/99122616001_LIMechanicumInfantry01.jpg","type":"image\/jpeg"}],"twitter_card":"summary_large_image","twitter_misc":{"Dur\u00e9e de lecture estim\u00e9e":"2 minutes"},"schema":{"@context":"https:\/\/schema.org","@graph":[{"@type":"WebPage","@id":"https:\/\/www.coccigames.com\/index.php\/produit\/mechanicum-infantry\/","url":"https:\/\/www.coccigames.com\/index.php\/produit\/mechanicum-infantry\/","name":"MECHANICUM INFANTRY - Coccigames","isPartOf":{"@id":"https:\/\/www.coccigames.com\/#website"},"primaryImageOfPage":{"@id":"https:\/\/www.coccigames.com\/index.php\/produit\/mechanicum-infantry\/#primaryimage"},"image":{"@id":"https:\/\/www.coccigames.com\/index.php\/produit\/mechanicum-infantry\/#primaryimage"},"thumbnailUrl":"https:\/\/www.coccigames.com\/wp-content\/uploads\/2025\/12\/99122616001_LIMechanicumInfantry01.jpg","datePublished":"2025-12-20T12:22:38+00:00","dateModified":"2026-04-06T07:28:33+00:00","breadcrumb":{"@id":"https:\/\/www.coccigames.com\/index.php\/produit\/mechanicum-infantry\/#breadcrumb"},"inLanguage":"fr-FR","potentialAction":[{"@type":"ReadAction","target":["https:\/\/www.coccigames.com\/index.php\/produit\/mechanicum-infantry\/"]}]},{"@type":"ImageObject","inLanguage":"fr-FR","@id":"https:\/\/www.coccigames.com\/index.php\/produit\/mechanicum-infantry\/#primaryimage","url":"https:\/\/www.coccigames.com\/wp-content\/uploads\/2025\/12\/99122616001_LIMechanicumInfantry01.jpg","contentUrl":"https:\/\/www.coccigames.com\/wp-content\/uploads\/2025\/12\/99122616001_LIMechanicumInfantry01.jpg","width":918,"height":948},{"@type":"BreadcrumbList","@id":"https:\/\/www.coccigames.com\/index.php\/produit\/mechanicum-infantry\/#breadcrumb","itemListElement":[{"@type":"ListItem","position":1,"name":"Accueil","item":"https:\/\/www.coccigames.com\/"},{"@type":"ListItem","position":2,"name":"Boutique","item":"https:\/\/www.coccigames.com\/index.php\/boutique\/"},{"@type":"ListItem","position":3,"name":"MECHANICUM INFANTRY"}]},{"@type":"WebSite","@id":"https:\/\/www.coccigames.com\/#website","url":"https:\/\/www.coccigames.com\/","name":"Coccigames - Figurines et Peintures","description":"Figurines et Peintures","publisher":{"@id":"https:\/\/www.coccigames.com\/#organization"},"potentialAction":[{"@type":"SearchAction","target":{"@type":"EntryPoint","urlTemplate":"https:\/\/www.coccigames.com\/?s={search_term_string}"},"query-input":{"@type":"PropertyValueSpecification","valueRequired":true,"valueName":"search_term_string"}}],"inLanguage":"fr-FR"},{"@type":"Organization","@id":"https:\/\/www.coccigames.com\/#organization","name":"Coccigames","url":"https:\/\/www.coccigames.com\/","logo":{"@type":"ImageObject","inLanguage":"fr-FR","@id":"https:\/\/www.coccigames.com\/#\/schema\/logo\/image\/","url":"https:\/\/www.coccigames.com\/wp-content\/uploads\/2025\/12\/coccigames_logo_v5.png","contentUrl":"https:\/\/www.coccigames.com\/wp-content\/uploads\/2025\/12\/coccigames_logo_v5.png","width":1768,"height":424,"caption":"Coccigames"},"image":{"@id":"https:\/\/www.coccigames.com\/#\/schema\/logo\/image\/"}}]}},"_links":{"self":[{"href":"https:\/\/www.coccigames.com\/index.php\/wp-json\/wp\/v2\/product\/13040","targetHints":{"allow":["GET"]}}],"collection":[{"href":"https:\/\/www.coccigames.com\/index.php\/wp-json\/wp\/v2\/product"}],"about":[{"href":"https:\/\/www.coccigames.com\/index.php\/wp-json\/wp\/v2\/types\/product"}],"replies":[{"embeddable":true,"href":"https:\/\/www.coccigames.com\/index.php\/wp-json\/wp\/v2\/comments?post=13040"}],"wp:featuredmedia":[{"embeddable":true,"href":"https:\/\/www.coccigames.com\/index.php\/wp-json\/wp\/v2\/media\/13229"}],"wp:attachment":[{"href":"https:\/\/www.coccigames.com\/index.php\/wp-json\/wp\/v2\/media?parent=13040"}],"wp:term":[{"taxonomy":"product_brand","embeddable":true,"href":"https:\/\/www.coccigames.com\/index.php\/wp-json\/wp\/v2\/product_brand?post=13040"},{"taxonomy":"product_cat","embeddable":true,"href":"https:\/\/www.coccigames.com\/index.php\/wp-json\/wp\/v2\/product_cat?post=13040"},{"taxonomy":"product_tag","embeddable":true,"href":"https:\/\/www.coccigames.com\/index.php\/wp-json\/wp\/v2\/product_tag?post=13040"}],"curies":[{"name":"wp","href":"https:\/\/api.w.org\/{rel}","templated":true}]}}