{"id":13036,"date":"2025-12-20T13:22:36","date_gmt":"2025-12-20T12:22:36","guid":{"rendered":"https:\/\/www.coccigames.com\/index.php\/produit\/questoris-knights-magaera-styrix\/"},"modified":"2026-04-06T09:28:33","modified_gmt":"2026-04-06T07:28:33","slug":"questoris-knights-magaera-styrix","status":"publish","type":"product","link":"https:\/\/www.coccigames.com\/index.php\/produit\/questoris-knights-magaera-styrix\/","title":{"rendered":"QUESTORIS KNIGHTS MAGAERA\/STYRIX"},"content":{"rendered":"<p>Les Chevaliers Magaera et Styrix sont des variantes rares du harnais Questoris standard. Ce sont des merveilles de sophistication technologique, con\u00e7ues pour \u00e9radiquer sans piti\u00e9 tout ce qui s&rsquo;oppose \u00e0 la volont\u00e9 de l&rsquo;Omnimessie, \u00e9quip\u00e9es d&rsquo;auto-simulacres de r\u00e9paration et de boucliers r\u00e9pulsifs ioniques qui acroissent plus encore leur immense r\u00e9sistance. Ce sont des machines mortelles destin\u00e9es \u00e0 charger en premi\u00e8re ligne et \u00e0 prendre d&rsquo;assaut les positions fortifi\u00e9es ennemies.<\/p>\n<p>Ce kit en plastique permet d&rsquo;assembler deux Questoris Knights Magaera et deux Questoris Knights Styrix, des Chevaliers particuli\u00e8rement robustes \u00e0 d\u00e9ployer dans vos arm\u00e9es du Mechanicum, du Mechanicum Noir ou de Questoris Familia, ou en tant qu&rsquo;alli\u00e9s dans vos arm\u00e9es de Legiones Astartes ou de Solar Auxilia, lors des parties de Legions Imperialis. Les Knights Magaera sont \u00e9quip\u00e9s d&rsquo;un canon \u00e0 foudre et d&rsquo;un fusil \u00e0 plasma phas\u00e9, tandis que les Knights Styrix portent un chieorovile Volkite et un fusil \u00e0 gravitons. Les deux variantes sont arm\u00e9es d&rsquo;une pince de si\u00e8ge Hekaton pour d\u00e9chirer tout ce qui s&rsquo;approche de trop pr\u00e8s, ainsi que de boucliers r\u00e9pulsifs ioniques et d&rsquo;auto-simulacres pour se r\u00e9parer eux-m\u00eames, ce qui les rends extr\u00eamement r\u00e9silients. Chaque Chevalier peut \u00eatre assembl\u00e9 avec une banni\u00e8re optionnelle d&rsquo;une Maisonn\u00e9e Questoris ou du Mechanicum.<\/p>\n<p>Ce kit se compose de 122 \u00e9l\u00e9ments en plastique, de 4x Socles Ronds Legions Imperialis de 40mm et de 1x Planche de D\u00e9calcos des Chevaliers du Mechanicum proposant 419 D\u00e9calcos de grande qualit\u00e9 pour d\u00e9corer vos figurines. Ces figurines sont fournies non peintes et n\u00e9cessitent assemblage \u2013 nous recommandons d&#8217;employer la Colle Plastique Citadel et la peinture Citadel Colour. Ce kit contient aussi un Terminal de Commandement Magaera et unTerminal de Commandement Styrix pour Adeptus Titanicus.<\/p>\n","protected":false},"excerpt":{"rendered":"<p>Les Chevaliers Magaera et Styrix sont des variantes rares du harnais Questoris standard. Ce sont des merveilles de sophistication technologique, con\u00e7ues pour \u00e9radiquer sans piti\u00e9 tout ce qui s&rsquo;oppose \u00e0 la volont\u00e9 de l&rsquo;Omnimessie, \u00e9quip\u00e9es d&rsquo;auto-simulacres de r\u00e9paration et de boucliers r\u00e9pulsifs ioniques qui acroissent&hellip;<\/p>\n","protected":false},"featured_media":13071,"comment_status":"open","ping_status":"closed","template":"","meta":[],"product_brand":[23],"product_cat":[6202],"product_tag":[256,6184],"class_list":{"0":"post-13036","1":"product","2":"type-product","3":"status-publish","4":"has-post-thumbnail","6":"product_brand-games-workshop","7":"product_cat-knights","8":"product_tag-knights","9":"product_tag-legion-imperialis","11":"first","12":"onbackorder","13":"sale","14":"taxable","15":"shipping-taxable","16":"purchasable","17":"product-type-simple"},"yoast_head":"<!-- This site is optimized with the Yoast SEO plugin v26.4 - https:\/\/yoast.com\/wordpress\/plugins\/seo\/ -->\n<title>QUESTORIS KNIGHTS MAGAERA\/STYRIX - Coccigames<\/title>\n<meta name=\"robots\" content=\"index, follow, max-snippet:-1, max-image-preview:large, max-video-preview:-1\" \/>\n<link rel=\"canonical\" href=\"https:\/\/www.coccigames.com\/index.php\/produit\/questoris-knights-magaera-styrix\/\" \/>\n<meta property=\"og:locale\" content=\"fr_FR\" \/>\n<meta property=\"og:type\" content=\"article\" \/>\n<meta property=\"og:title\" content=\"QUESTORIS KNIGHTS MAGAERA\/STYRIX - Coccigames\" \/>\n<meta property=\"og:description\" content=\"Les Chevaliers Magaera et Styrix sont des variantes rares du harnais Questoris standard. Ce sont des merveilles de sophistication technologique, con\u00e7ues pour \u00e9radiquer sans piti\u00e9 tout ce qui s&rsquo;oppose \u00e0 la volont\u00e9 de l&rsquo;Omnimessie, \u00e9quip\u00e9es d&rsquo;auto-simulacres de r\u00e9paration et de boucliers r\u00e9pulsifs ioniques qui acroissent&hellip;\" \/>\n<meta property=\"og:url\" content=\"https:\/\/www.coccigames.com\/index.php\/produit\/questoris-knights-magaera-styrix\/\" \/>\n<meta property=\"og:site_name\" content=\"Coccigames\" \/>\n<meta property=\"article:modified_time\" content=\"2026-04-06T07:28:33+00:00\" \/>\n<meta property=\"og:image\" content=\"https:\/\/www.coccigames.com\/wp-content\/uploads\/2025\/12\/99122616004_LegionsImperialisMechanicumKnightsMagaeraStyrixMiniature4.jpg\" \/>\n\t<meta property=\"og:image:width\" content=\"918\" \/>\n\t<meta property=\"og:image:height\" content=\"948\" \/>\n\t<meta property=\"og:image:type\" content=\"image\/jpeg\" \/>\n<meta name=\"twitter:card\" content=\"summary_large_image\" \/>\n<meta name=\"twitter:label1\" content=\"Dur\u00e9e de lecture estim\u00e9e\" \/>\n\t<meta name=\"twitter:data1\" content=\"2 minutes\" \/>\n<script type=\"application\/ld+json\" class=\"yoast-schema-graph\">{\"@context\":\"https:\/\/schema.org\",\"@graph\":[{\"@type\":\"WebPage\",\"@id\":\"https:\/\/www.coccigames.com\/index.php\/produit\/questoris-knights-magaera-styrix\/\",\"url\":\"https:\/\/www.coccigames.com\/index.php\/produit\/questoris-knights-magaera-styrix\/\",\"name\":\"QUESTORIS KNIGHTS MAGAERA\/STYRIX - Coccigames\",\"isPartOf\":{\"@id\":\"https:\/\/www.coccigames.com\/#website\"},\"primaryImageOfPage\":{\"@id\":\"https:\/\/www.coccigames.com\/index.php\/produit\/questoris-knights-magaera-styrix\/#primaryimage\"},\"image\":{\"@id\":\"https:\/\/www.coccigames.com\/index.php\/produit\/questoris-knights-magaera-styrix\/#primaryimage\"},\"thumbnailUrl\":\"https:\/\/www.coccigames.com\/wp-content\/uploads\/2025\/12\/99122616004_LegionsImperialisMechanicumKnightsMagaeraStyrixMiniature4.jpg\",\"datePublished\":\"2025-12-20T12:22:36+00:00\",\"dateModified\":\"2026-04-06T07:28:33+00:00\",\"breadcrumb\":{\"@id\":\"https:\/\/www.coccigames.com\/index.php\/produit\/questoris-knights-magaera-styrix\/#breadcrumb\"},\"inLanguage\":\"fr-FR\",\"potentialAction\":[{\"@type\":\"ReadAction\",\"target\":[\"https:\/\/www.coccigames.com\/index.php\/produit\/questoris-knights-magaera-styrix\/\"]}]},{\"@type\":\"ImageObject\",\"inLanguage\":\"fr-FR\",\"@id\":\"https:\/\/www.coccigames.com\/index.php\/produit\/questoris-knights-magaera-styrix\/#primaryimage\",\"url\":\"https:\/\/www.coccigames.com\/wp-content\/uploads\/2025\/12\/99122616004_LegionsImperialisMechanicumKnightsMagaeraStyrixMiniature4.jpg\",\"contentUrl\":\"https:\/\/www.coccigames.com\/wp-content\/uploads\/2025\/12\/99122616004_LegionsImperialisMechanicumKnightsMagaeraStyrixMiniature4.jpg\",\"width\":918,\"height\":948},{\"@type\":\"BreadcrumbList\",\"@id\":\"https:\/\/www.coccigames.com\/index.php\/produit\/questoris-knights-magaera-styrix\/#breadcrumb\",\"itemListElement\":[{\"@type\":\"ListItem\",\"position\":1,\"name\":\"Accueil\",\"item\":\"https:\/\/www.coccigames.com\/\"},{\"@type\":\"ListItem\",\"position\":2,\"name\":\"Boutique\",\"item\":\"https:\/\/www.coccigames.com\/index.php\/boutique\/\"},{\"@type\":\"ListItem\",\"position\":3,\"name\":\"QUESTORIS KNIGHTS MAGAERA\/STYRIX\"}]},{\"@type\":\"WebSite\",\"@id\":\"https:\/\/www.coccigames.com\/#website\",\"url\":\"https:\/\/www.coccigames.com\/\",\"name\":\"Coccigames - Figurines et Peintures\",\"description\":\"Figurines et Peintures\",\"publisher\":{\"@id\":\"https:\/\/www.coccigames.com\/#organization\"},\"potentialAction\":[{\"@type\":\"SearchAction\",\"target\":{\"@type\":\"EntryPoint\",\"urlTemplate\":\"https:\/\/www.coccigames.com\/?s={search_term_string}\"},\"query-input\":{\"@type\":\"PropertyValueSpecification\",\"valueRequired\":true,\"valueName\":\"search_term_string\"}}],\"inLanguage\":\"fr-FR\"},{\"@type\":\"Organization\",\"@id\":\"https:\/\/www.coccigames.com\/#organization\",\"name\":\"Coccigames\",\"url\":\"https:\/\/www.coccigames.com\/\",\"logo\":{\"@type\":\"ImageObject\",\"inLanguage\":\"fr-FR\",\"@id\":\"https:\/\/www.coccigames.com\/#\/schema\/logo\/image\/\",\"url\":\"https:\/\/www.coccigames.com\/wp-content\/uploads\/2025\/12\/coccigames_logo_v5.png\",\"contentUrl\":\"https:\/\/www.coccigames.com\/wp-content\/uploads\/2025\/12\/coccigames_logo_v5.png\",\"width\":1768,\"height\":424,\"caption\":\"Coccigames\"},\"image\":{\"@id\":\"https:\/\/www.coccigames.com\/#\/schema\/logo\/image\/\"}}]}<\/script>\n<!-- \/ Yoast SEO plugin. -->","yoast_head_json":{"title":"QUESTORIS KNIGHTS MAGAERA\/STYRIX - Coccigames","robots":{"index":"index","follow":"follow","max-snippet":"max-snippet:-1","max-image-preview":"max-image-preview:large","max-video-preview":"max-video-preview:-1"},"canonical":"https:\/\/www.coccigames.com\/index.php\/produit\/questoris-knights-magaera-styrix\/","og_locale":"fr_FR","og_type":"article","og_title":"QUESTORIS KNIGHTS MAGAERA\/STYRIX - Coccigames","og_description":"Les Chevaliers Magaera et Styrix sont des variantes rares du harnais Questoris standard. Ce sont des merveilles de sophistication technologique, con\u00e7ues pour \u00e9radiquer sans piti\u00e9 tout ce qui s&rsquo;oppose \u00e0 la volont\u00e9 de l&rsquo;Omnimessie, \u00e9quip\u00e9es d&rsquo;auto-simulacres de r\u00e9paration et de boucliers r\u00e9pulsifs ioniques qui acroissent&hellip;","og_url":"https:\/\/www.coccigames.com\/index.php\/produit\/questoris-knights-magaera-styrix\/","og_site_name":"Coccigames","article_modified_time":"2026-04-06T07:28:33+00:00","og_image":[{"width":918,"height":948,"url":"https:\/\/www.coccigames.com\/wp-content\/uploads\/2025\/12\/99122616004_LegionsImperialisMechanicumKnightsMagaeraStyrixMiniature4.jpg","type":"image\/jpeg"}],"twitter_card":"summary_large_image","twitter_misc":{"Dur\u00e9e de lecture estim\u00e9e":"2 minutes"},"schema":{"@context":"https:\/\/schema.org","@graph":[{"@type":"WebPage","@id":"https:\/\/www.coccigames.com\/index.php\/produit\/questoris-knights-magaera-styrix\/","url":"https:\/\/www.coccigames.com\/index.php\/produit\/questoris-knights-magaera-styrix\/","name":"QUESTORIS KNIGHTS MAGAERA\/STYRIX - Coccigames","isPartOf":{"@id":"https:\/\/www.coccigames.com\/#website"},"primaryImageOfPage":{"@id":"https:\/\/www.coccigames.com\/index.php\/produit\/questoris-knights-magaera-styrix\/#primaryimage"},"image":{"@id":"https:\/\/www.coccigames.com\/index.php\/produit\/questoris-knights-magaera-styrix\/#primaryimage"},"thumbnailUrl":"https:\/\/www.coccigames.com\/wp-content\/uploads\/2025\/12\/99122616004_LegionsImperialisMechanicumKnightsMagaeraStyrixMiniature4.jpg","datePublished":"2025-12-20T12:22:36+00:00","dateModified":"2026-04-06T07:28:33+00:00","breadcrumb":{"@id":"https:\/\/www.coccigames.com\/index.php\/produit\/questoris-knights-magaera-styrix\/#breadcrumb"},"inLanguage":"fr-FR","potentialAction":[{"@type":"ReadAction","target":["https:\/\/www.coccigames.com\/index.php\/produit\/questoris-knights-magaera-styrix\/"]}]},{"@type":"ImageObject","inLanguage":"fr-FR","@id":"https:\/\/www.coccigames.com\/index.php\/produit\/questoris-knights-magaera-styrix\/#primaryimage","url":"https:\/\/www.coccigames.com\/wp-content\/uploads\/2025\/12\/99122616004_LegionsImperialisMechanicumKnightsMagaeraStyrixMiniature4.jpg","contentUrl":"https:\/\/www.coccigames.com\/wp-content\/uploads\/2025\/12\/99122616004_LegionsImperialisMechanicumKnightsMagaeraStyrixMiniature4.jpg","width":918,"height":948},{"@type":"BreadcrumbList","@id":"https:\/\/www.coccigames.com\/index.php\/produit\/questoris-knights-magaera-styrix\/#breadcrumb","itemListElement":[{"@type":"ListItem","position":1,"name":"Accueil","item":"https:\/\/www.coccigames.com\/"},{"@type":"ListItem","position":2,"name":"Boutique","item":"https:\/\/www.coccigames.com\/index.php\/boutique\/"},{"@type":"ListItem","position":3,"name":"QUESTORIS KNIGHTS MAGAERA\/STYRIX"}]},{"@type":"WebSite","@id":"https:\/\/www.coccigames.com\/#website","url":"https:\/\/www.coccigames.com\/","name":"Coccigames - Figurines et Peintures","description":"Figurines et Peintures","publisher":{"@id":"https:\/\/www.coccigames.com\/#organization"},"potentialAction":[{"@type":"SearchAction","target":{"@type":"EntryPoint","urlTemplate":"https:\/\/www.coccigames.com\/?s={search_term_string}"},"query-input":{"@type":"PropertyValueSpecification","valueRequired":true,"valueName":"search_term_string"}}],"inLanguage":"fr-FR"},{"@type":"Organization","@id":"https:\/\/www.coccigames.com\/#organization","name":"Coccigames","url":"https:\/\/www.coccigames.com\/","logo":{"@type":"ImageObject","inLanguage":"fr-FR","@id":"https:\/\/www.coccigames.com\/#\/schema\/logo\/image\/","url":"https:\/\/www.coccigames.com\/wp-content\/uploads\/2025\/12\/coccigames_logo_v5.png","contentUrl":"https:\/\/www.coccigames.com\/wp-content\/uploads\/2025\/12\/coccigames_logo_v5.png","width":1768,"height":424,"caption":"Coccigames"},"image":{"@id":"https:\/\/www.coccigames.com\/#\/schema\/logo\/image\/"}}]}},"_links":{"self":[{"href":"https:\/\/www.coccigames.com\/index.php\/wp-json\/wp\/v2\/product\/13036","targetHints":{"allow":["GET"]}}],"collection":[{"href":"https:\/\/www.coccigames.com\/index.php\/wp-json\/wp\/v2\/product"}],"about":[{"href":"https:\/\/www.coccigames.com\/index.php\/wp-json\/wp\/v2\/types\/product"}],"replies":[{"embeddable":true,"href":"https:\/\/www.coccigames.com\/index.php\/wp-json\/wp\/v2\/comments?post=13036"}],"wp:featuredmedia":[{"embeddable":true,"href":"https:\/\/www.coccigames.com\/index.php\/wp-json\/wp\/v2\/media\/13071"}],"wp:attachment":[{"href":"https:\/\/www.coccigames.com\/index.php\/wp-json\/wp\/v2\/media?parent=13036"}],"wp:term":[{"taxonomy":"product_brand","embeddable":true,"href":"https:\/\/www.coccigames.com\/index.php\/wp-json\/wp\/v2\/product_brand?post=13036"},{"taxonomy":"product_cat","embeddable":true,"href":"https:\/\/www.coccigames.com\/index.php\/wp-json\/wp\/v2\/product_cat?post=13036"},{"taxonomy":"product_tag","embeddable":true,"href":"https:\/\/www.coccigames.com\/index.php\/wp-json\/wp\/v2\/product_tag?post=13036"}],"curies":[{"name":"wp","href":"https:\/\/api.w.org\/{rel}","templated":true}]}}