{"id":13031,"date":"2025-12-20T13:22:34","date_gmt":"2025-12-20T12:22:34","guid":{"rendered":"https:\/\/www.coccigames.com\/index.php\/produit\/questoris-knights\/"},"modified":"2026-04-06T09:28:32","modified_gmt":"2026-04-06T07:28:32","slug":"questoris-knights","status":"publish","type":"product","link":"https:\/\/www.coccigames.com\/index.php\/produit\/questoris-knights\/","title":{"rendered":"QUESTORIS KNIGHTS"},"content":{"rendered":"<p>Le Chevalier Questoris est le harnois de Chevalier le plus courant dans l&rsquo;Imperium au cours de l&rsquo;\u00c2ge des T\u00e9n\u00e8bres. Il forme le pilier des forces des Maisonn\u00e9es et peut \u00eatre configur\u00e9 avec pl\u00e9thore d&rsquo;armes diff\u00e9rentes. Les Chevaliers Questoris sont souvent d\u00e9ploy\u00e9s en Lances, qui consistent en plusieurs H\u00e9ritiers nobles op\u00e9rant de concert.<\/p>\n<p>Ce kit plastique permet d&rsquo;assembler trois Questoris Knights \u00e0 l&rsquo;\u00e9chelle epic. Chacune de ces machines peut \u00eatre \u00e9quip\u00e9e de diverses armes destructrices, de la tron\u00e7onneuse Reaper et du gantelet Thunderstrike con\u00e7us pour le combat rapproch\u00e9 aux canons thermiques, obusiers \u00e0 tir rapide, canons gatling Avenger et nacelles lance-roquettes, en passant par des armes de coque, au choix des mitrailleuses lourdes ou des fuseurs. Chacune de ces options vous permet d&rsquo;utiliser vos Chevaliers d&rsquo;une mani\u00e8re diff\u00e9rente au combat, pour priver les Titans ennemis de leurs boucliers, chasser les Chevaliers adverses ou d\u00e9molir l&rsquo;infanterie et les blind\u00e9s ennemis.<\/p>\n<p>Ces figurines peuvent \u00eatre utilis\u00e9es dans les parties de Legions Imperialis, ainsi que dans les parties d&rsquo;Adeptus Titanicus en utilisant le Terminal de Commandement Adeptus Titanicus inclus.<\/p>\n<p><strong>Ce set contient:<\/strong><\/p>\n<p>&#8211; 1x obusier \u00e0 tir rapide avec mitrailleuse lourde<\/p>\n<p>&#8211; 1x canon thermique<\/p>\n<p>&#8211; 1x canon gatling Avenger<\/p>\n<p>&#8211; 3x gantelets Thunderstrike gauchers<\/p>\n<p>&#8211; 3x gantelets Thunderstrike droitiers<\/p>\n<p>&#8211; 3x nacelles lance-roquettes<\/p>\n<p>&#8211; 3x lames tron\u00e7onneuses Reaper<\/p>\n<p>&#8211; 3x mitrailleuses lourdes<\/p>\n<p>&#8211; 3x fuseurs<\/p>\n<p>&#8211; 6x t\u00eates<\/p>\n<p>&#8211; 3x \u00e9cussons<\/p>\n<p>&#8211; 3x Socles Ronds Legions Imperialis de 40mm<\/p>\n<p>&#8211; 1x Planche de D\u00e9calcos des Maisonn\u00e9es de Chevaliers Adeptus Titanicus<\/p>\n<p>&#8211; 1x Terminal de Commandement Questoris Knight Adeptus Titanicus<\/p>\n","protected":false},"excerpt":{"rendered":"<p>Le Chevalier Questoris est le harnois de Chevalier le plus courant dans l&rsquo;Imperium au cours de l&rsquo;\u00c2ge des T\u00e9n\u00e8bres. Il forme le pilier des forces des Maisonn\u00e9es et peut \u00eatre configur\u00e9 avec pl\u00e9thore d&rsquo;armes diff\u00e9rentes. Les Chevaliers Questoris sont souvent d\u00e9ploy\u00e9s en Lances, qui consistent&hellip;<\/p>\n","protected":false},"featured_media":13244,"comment_status":"open","ping_status":"closed","template":"","meta":[],"product_brand":[23],"product_cat":[6202],"product_tag":[256,6184],"class_list":{"0":"post-13031","1":"product","2":"type-product","3":"status-publish","4":"has-post-thumbnail","6":"product_brand-games-workshop","7":"product_cat-knights","8":"product_tag-knights","9":"product_tag-legion-imperialis","11":"first","12":"onbackorder","13":"sale","14":"taxable","15":"shipping-taxable","16":"purchasable","17":"product-type-simple"},"yoast_head":"<!-- This site is optimized with the Yoast SEO plugin v26.4 - https:\/\/yoast.com\/wordpress\/plugins\/seo\/ -->\n<title>QUESTORIS KNIGHTS - Coccigames<\/title>\n<meta name=\"robots\" content=\"index, follow, max-snippet:-1, max-image-preview:large, max-video-preview:-1\" \/>\n<link rel=\"canonical\" href=\"https:\/\/www.coccigames.com\/index.php\/produit\/questoris-knights\/\" \/>\n<meta property=\"og:locale\" content=\"fr_FR\" \/>\n<meta property=\"og:type\" content=\"article\" \/>\n<meta property=\"og:title\" content=\"QUESTORIS KNIGHTS - Coccigames\" \/>\n<meta property=\"og:description\" content=\"Le Chevalier Questoris est le harnois de Chevalier le plus courant dans l&rsquo;Imperium au cours de l&rsquo;\u00c2ge des T\u00e9n\u00e8bres. Il forme le pilier des forces des Maisonn\u00e9es et peut \u00eatre configur\u00e9 avec pl\u00e9thore d&rsquo;armes diff\u00e9rentes. Les Chevaliers Questoris sont souvent d\u00e9ploy\u00e9s en Lances, qui consistent&hellip;\" \/>\n<meta property=\"og:url\" content=\"https:\/\/www.coccigames.com\/index.php\/produit\/questoris-knights\/\" \/>\n<meta property=\"og:site_name\" content=\"Coccigames\" \/>\n<meta property=\"article:modified_time\" content=\"2026-04-06T07:28:32+00:00\" \/>\n<meta property=\"og:image\" content=\"https:\/\/www.coccigames.com\/wp-content\/uploads\/2025\/12\/99122699015_QuestorisKnights6.jpg\" \/>\n\t<meta property=\"og:image:width\" content=\"918\" \/>\n\t<meta property=\"og:image:height\" content=\"948\" \/>\n\t<meta property=\"og:image:type\" content=\"image\/jpeg\" \/>\n<meta name=\"twitter:card\" content=\"summary_large_image\" \/>\n<meta name=\"twitter:label1\" content=\"Dur\u00e9e de lecture estim\u00e9e\" \/>\n\t<meta name=\"twitter:data1\" content=\"2 minutes\" \/>\n<script type=\"application\/ld+json\" class=\"yoast-schema-graph\">{\"@context\":\"https:\/\/schema.org\",\"@graph\":[{\"@type\":\"WebPage\",\"@id\":\"https:\/\/www.coccigames.com\/index.php\/produit\/questoris-knights\/\",\"url\":\"https:\/\/www.coccigames.com\/index.php\/produit\/questoris-knights\/\",\"name\":\"QUESTORIS KNIGHTS - Coccigames\",\"isPartOf\":{\"@id\":\"https:\/\/www.coccigames.com\/#website\"},\"primaryImageOfPage\":{\"@id\":\"https:\/\/www.coccigames.com\/index.php\/produit\/questoris-knights\/#primaryimage\"},\"image\":{\"@id\":\"https:\/\/www.coccigames.com\/index.php\/produit\/questoris-knights\/#primaryimage\"},\"thumbnailUrl\":\"https:\/\/www.coccigames.com\/wp-content\/uploads\/2025\/12\/99122699015_QuestorisKnights6.jpg\",\"datePublished\":\"2025-12-20T12:22:34+00:00\",\"dateModified\":\"2026-04-06T07:28:32+00:00\",\"breadcrumb\":{\"@id\":\"https:\/\/www.coccigames.com\/index.php\/produit\/questoris-knights\/#breadcrumb\"},\"inLanguage\":\"fr-FR\",\"potentialAction\":[{\"@type\":\"ReadAction\",\"target\":[\"https:\/\/www.coccigames.com\/index.php\/produit\/questoris-knights\/\"]}]},{\"@type\":\"ImageObject\",\"inLanguage\":\"fr-FR\",\"@id\":\"https:\/\/www.coccigames.com\/index.php\/produit\/questoris-knights\/#primaryimage\",\"url\":\"https:\/\/www.coccigames.com\/wp-content\/uploads\/2025\/12\/99122699015_QuestorisKnights6.jpg\",\"contentUrl\":\"https:\/\/www.coccigames.com\/wp-content\/uploads\/2025\/12\/99122699015_QuestorisKnights6.jpg\",\"width\":918,\"height\":948},{\"@type\":\"BreadcrumbList\",\"@id\":\"https:\/\/www.coccigames.com\/index.php\/produit\/questoris-knights\/#breadcrumb\",\"itemListElement\":[{\"@type\":\"ListItem\",\"position\":1,\"name\":\"Accueil\",\"item\":\"https:\/\/www.coccigames.com\/\"},{\"@type\":\"ListItem\",\"position\":2,\"name\":\"Boutique\",\"item\":\"https:\/\/www.coccigames.com\/index.php\/boutique\/\"},{\"@type\":\"ListItem\",\"position\":3,\"name\":\"QUESTORIS KNIGHTS\"}]},{\"@type\":\"WebSite\",\"@id\":\"https:\/\/www.coccigames.com\/#website\",\"url\":\"https:\/\/www.coccigames.com\/\",\"name\":\"Coccigames - Figurines et Peintures\",\"description\":\"Figurines et Peintures\",\"publisher\":{\"@id\":\"https:\/\/www.coccigames.com\/#organization\"},\"potentialAction\":[{\"@type\":\"SearchAction\",\"target\":{\"@type\":\"EntryPoint\",\"urlTemplate\":\"https:\/\/www.coccigames.com\/?s={search_term_string}\"},\"query-input\":{\"@type\":\"PropertyValueSpecification\",\"valueRequired\":true,\"valueName\":\"search_term_string\"}}],\"inLanguage\":\"fr-FR\"},{\"@type\":\"Organization\",\"@id\":\"https:\/\/www.coccigames.com\/#organization\",\"name\":\"Coccigames\",\"url\":\"https:\/\/www.coccigames.com\/\",\"logo\":{\"@type\":\"ImageObject\",\"inLanguage\":\"fr-FR\",\"@id\":\"https:\/\/www.coccigames.com\/#\/schema\/logo\/image\/\",\"url\":\"https:\/\/www.coccigames.com\/wp-content\/uploads\/2025\/12\/coccigames_logo_v5.png\",\"contentUrl\":\"https:\/\/www.coccigames.com\/wp-content\/uploads\/2025\/12\/coccigames_logo_v5.png\",\"width\":1768,\"height\":424,\"caption\":\"Coccigames\"},\"image\":{\"@id\":\"https:\/\/www.coccigames.com\/#\/schema\/logo\/image\/\"}}]}<\/script>\n<!-- \/ Yoast SEO plugin. -->","yoast_head_json":{"title":"QUESTORIS KNIGHTS - Coccigames","robots":{"index":"index","follow":"follow","max-snippet":"max-snippet:-1","max-image-preview":"max-image-preview:large","max-video-preview":"max-video-preview:-1"},"canonical":"https:\/\/www.coccigames.com\/index.php\/produit\/questoris-knights\/","og_locale":"fr_FR","og_type":"article","og_title":"QUESTORIS KNIGHTS - Coccigames","og_description":"Le Chevalier Questoris est le harnois de Chevalier le plus courant dans l&rsquo;Imperium au cours de l&rsquo;\u00c2ge des T\u00e9n\u00e8bres. Il forme le pilier des forces des Maisonn\u00e9es et peut \u00eatre configur\u00e9 avec pl\u00e9thore d&rsquo;armes diff\u00e9rentes. Les Chevaliers Questoris sont souvent d\u00e9ploy\u00e9s en Lances, qui consistent&hellip;","og_url":"https:\/\/www.coccigames.com\/index.php\/produit\/questoris-knights\/","og_site_name":"Coccigames","article_modified_time":"2026-04-06T07:28:32+00:00","og_image":[{"width":918,"height":948,"url":"https:\/\/www.coccigames.com\/wp-content\/uploads\/2025\/12\/99122699015_QuestorisKnights6.jpg","type":"image\/jpeg"}],"twitter_card":"summary_large_image","twitter_misc":{"Dur\u00e9e de lecture estim\u00e9e":"2 minutes"},"schema":{"@context":"https:\/\/schema.org","@graph":[{"@type":"WebPage","@id":"https:\/\/www.coccigames.com\/index.php\/produit\/questoris-knights\/","url":"https:\/\/www.coccigames.com\/index.php\/produit\/questoris-knights\/","name":"QUESTORIS KNIGHTS - Coccigames","isPartOf":{"@id":"https:\/\/www.coccigames.com\/#website"},"primaryImageOfPage":{"@id":"https:\/\/www.coccigames.com\/index.php\/produit\/questoris-knights\/#primaryimage"},"image":{"@id":"https:\/\/www.coccigames.com\/index.php\/produit\/questoris-knights\/#primaryimage"},"thumbnailUrl":"https:\/\/www.coccigames.com\/wp-content\/uploads\/2025\/12\/99122699015_QuestorisKnights6.jpg","datePublished":"2025-12-20T12:22:34+00:00","dateModified":"2026-04-06T07:28:32+00:00","breadcrumb":{"@id":"https:\/\/www.coccigames.com\/index.php\/produit\/questoris-knights\/#breadcrumb"},"inLanguage":"fr-FR","potentialAction":[{"@type":"ReadAction","target":["https:\/\/www.coccigames.com\/index.php\/produit\/questoris-knights\/"]}]},{"@type":"ImageObject","inLanguage":"fr-FR","@id":"https:\/\/www.coccigames.com\/index.php\/produit\/questoris-knights\/#primaryimage","url":"https:\/\/www.coccigames.com\/wp-content\/uploads\/2025\/12\/99122699015_QuestorisKnights6.jpg","contentUrl":"https:\/\/www.coccigames.com\/wp-content\/uploads\/2025\/12\/99122699015_QuestorisKnights6.jpg","width":918,"height":948},{"@type":"BreadcrumbList","@id":"https:\/\/www.coccigames.com\/index.php\/produit\/questoris-knights\/#breadcrumb","itemListElement":[{"@type":"ListItem","position":1,"name":"Accueil","item":"https:\/\/www.coccigames.com\/"},{"@type":"ListItem","position":2,"name":"Boutique","item":"https:\/\/www.coccigames.com\/index.php\/boutique\/"},{"@type":"ListItem","position":3,"name":"QUESTORIS KNIGHTS"}]},{"@type":"WebSite","@id":"https:\/\/www.coccigames.com\/#website","url":"https:\/\/www.coccigames.com\/","name":"Coccigames - Figurines et Peintures","description":"Figurines et Peintures","publisher":{"@id":"https:\/\/www.coccigames.com\/#organization"},"potentialAction":[{"@type":"SearchAction","target":{"@type":"EntryPoint","urlTemplate":"https:\/\/www.coccigames.com\/?s={search_term_string}"},"query-input":{"@type":"PropertyValueSpecification","valueRequired":true,"valueName":"search_term_string"}}],"inLanguage":"fr-FR"},{"@type":"Organization","@id":"https:\/\/www.coccigames.com\/#organization","name":"Coccigames","url":"https:\/\/www.coccigames.com\/","logo":{"@type":"ImageObject","inLanguage":"fr-FR","@id":"https:\/\/www.coccigames.com\/#\/schema\/logo\/image\/","url":"https:\/\/www.coccigames.com\/wp-content\/uploads\/2025\/12\/coccigames_logo_v5.png","contentUrl":"https:\/\/www.coccigames.com\/wp-content\/uploads\/2025\/12\/coccigames_logo_v5.png","width":1768,"height":424,"caption":"Coccigames"},"image":{"@id":"https:\/\/www.coccigames.com\/#\/schema\/logo\/image\/"}}]}},"_links":{"self":[{"href":"https:\/\/www.coccigames.com\/index.php\/wp-json\/wp\/v2\/product\/13031","targetHints":{"allow":["GET"]}}],"collection":[{"href":"https:\/\/www.coccigames.com\/index.php\/wp-json\/wp\/v2\/product"}],"about":[{"href":"https:\/\/www.coccigames.com\/index.php\/wp-json\/wp\/v2\/types\/product"}],"replies":[{"embeddable":true,"href":"https:\/\/www.coccigames.com\/index.php\/wp-json\/wp\/v2\/comments?post=13031"}],"wp:featuredmedia":[{"embeddable":true,"href":"https:\/\/www.coccigames.com\/index.php\/wp-json\/wp\/v2\/media\/13244"}],"wp:attachment":[{"href":"https:\/\/www.coccigames.com\/index.php\/wp-json\/wp\/v2\/media?parent=13031"}],"wp:term":[{"taxonomy":"product_brand","embeddable":true,"href":"https:\/\/www.coccigames.com\/index.php\/wp-json\/wp\/v2\/product_brand?post=13031"},{"taxonomy":"product_cat","embeddable":true,"href":"https:\/\/www.coccigames.com\/index.php\/wp-json\/wp\/v2\/product_cat?post=13031"},{"taxonomy":"product_tag","embeddable":true,"href":"https:\/\/www.coccigames.com\/index.php\/wp-json\/wp\/v2\/product_tag?post=13031"}],"curies":[{"name":"wp","href":"https:\/\/api.w.org\/{rel}","templated":true}]}}