{"id":13024,"date":"2025-12-20T13:22:31","date_gmt":"2025-12-20T12:22:31","guid":{"rendered":"https:\/\/www.coccigames.com\/index.php\/produit\/reaver-titan-w-melta-cannon\/"},"modified":"2026-04-06T09:28:31","modified_gmt":"2026-04-06T07:28:31","slug":"reaver-titan-w-melta-cannon","status":"publish","type":"product","link":"https:\/\/www.coccigames.com\/index.php\/produit\/reaver-titan-w-melta-cannon\/","title":{"rendered":"REAVER TITAN WITH MELTA CANNON AND CHAINFIST"},"content":{"rendered":"<p>Le Titan Reaver est l&rsquo;une des classes de Titan de Bataille les plus omnipr\u00e9sentes et les plus destructrices. Cette machine gargantuesque constitue le c\u0153ur des L\u00e9gions Titaniques et tient la ligne ou m\u00e8ne la charge selon la volont\u00e9 de son Princeps. Qu&rsquo;il tire de formidables d\u00e9flagrations thermiques de son canon fuseur ou Volcano, qu&rsquo;il crache des rayons mortels \u00e0 l&rsquo;aide de son destructeur turbo-laser ou qu&rsquo;il se rapproche pour \u00e9ventrer les blind\u00e9s lourds avec son poing tron\u00e7onneur rugissant, le Reaver ne laisse pas le choix l&rsquo;ennemi: fuir ou mourir.<\/p>\n<p>Ce kit plastique permet d&rsquo;assembler un Reaver Battle Titan \u00e0 l&rsquo;\u00e9chelle epic. Cette machine divine finement d\u00e9taill\u00e9e et d&rsquo;apparence agressive est ais\u00e9ment reconnaissable gr\u00e2ce \u00e0 sa t\u00eate et \u00e0 sa carapace anguleuse caract\u00e9ristiques. Ce kit comprend un destructeur turbo-laser mont\u00e9 sur la carapace, et trois armes \u00e0 monter sur les bras, au choix un canon fuseur, un canon Volcano ou un poing tron\u00e7onneur.<\/p>\n<p>Ce kit propose de nombreuses options pour personnaliser votre Titan. Vous trouverez une carapace vierge ou aux sculptures ornementales, une genouill\u00e8re en option arborant le symbole de l&rsquo;Opus Titanicus, et trois paires d&rsquo;\u00e9pauli\u00e8res: une avec le symbole sculpt\u00e9 de la Grande Croisade, une avec l&rsquo;imagerie des Tra\u00eetres et une vierge. Le kit dispose d&rsquo;articulations \u00e0 diff\u00e9rents endroits, ce qui vous permet de changer la position de votre Titan au niveau de la t\u00eate, des genoux, de la taille, et bien plus.<\/p>\n<p>Cette figurine peut \u00eatre utilis\u00e9e dans les parties de Legions Imperialis, ainsi que dans les parties d&rsquo;Adeptus Titanicus, \u00e0 l&rsquo;aide du Terminal de Commandement Adeptus Titanicus inclus.<\/p>\n<p><strong>Ce set contient:<\/strong><\/p>\n<p>&#8211; 1x Reaver Battle Titan<\/p>\n<p>&#8211; 1x destructeur turbo-laser Reaver<\/p>\n<p>&#8211; 1x canon Volcano Reaver<\/p>\n<p>&#8211; 1x canon fuseur Reaver<\/p>\n<p>&#8211; 1x poing tron\u00e7onneur Reaver<\/p>\n<p>&#8211; 1x Socle Ovale Legions Imperialis de 105mm<\/p>\n<p>&#8211; 1x Planche de D\u00e9calcos de Titan Reaver Adeptus Titanicus<\/p>\n<p>&#8211; 1x Terminal de Commandement de Reaver Titan Adeptus Titanicus<\/p>\n<p>&#8211; 8x Cartes d&rsquo;Arme de Reaver Titan<\/p>\n","protected":false},"excerpt":{"rendered":"<p>Le Titan Reaver est l&rsquo;une des classes de Titan de Bataille les plus omnipr\u00e9sentes et les plus destructrices. Cette machine gargantuesque constitue le c\u0153ur des L\u00e9gions Titaniques et tient la ligne ou m\u00e8ne la charge selon la volont\u00e9 de son Princeps. Qu&rsquo;il tire de formidables&hellip;<\/p>\n","protected":false},"featured_media":13202,"comment_status":"open","ping_status":"closed","template":"","meta":[],"product_brand":[23],"product_cat":[6200],"product_tag":[6184,6201],"class_list":{"0":"post-13024","1":"product","2":"type-product","3":"status-publish","4":"has-post-thumbnail","6":"product_brand-games-workshop","7":"product_cat-titans","8":"product_tag-legion-imperialis","9":"product_tag-titans","11":"first","12":"onbackorder","13":"sale","14":"taxable","15":"shipping-taxable","16":"purchasable","17":"product-type-simple"},"yoast_head":"<!-- This site is optimized with the Yoast SEO plugin v26.4 - https:\/\/yoast.com\/wordpress\/plugins\/seo\/ -->\n<title>REAVER TITAN WITH MELTA CANNON AND CHAINFIST - Coccigames<\/title>\n<meta name=\"robots\" content=\"index, follow, max-snippet:-1, max-image-preview:large, max-video-preview:-1\" \/>\n<link rel=\"canonical\" href=\"https:\/\/www.coccigames.com\/index.php\/produit\/reaver-titan-w-melta-cannon\/\" \/>\n<meta property=\"og:locale\" content=\"fr_FR\" \/>\n<meta property=\"og:type\" content=\"article\" \/>\n<meta property=\"og:title\" content=\"REAVER TITAN WITH MELTA CANNON AND CHAINFIST - Coccigames\" \/>\n<meta property=\"og:description\" content=\"Le Titan Reaver est l&rsquo;une des classes de Titan de Bataille les plus omnipr\u00e9sentes et les plus destructrices. Cette machine gargantuesque constitue le c\u0153ur des L\u00e9gions Titaniques et tient la ligne ou m\u00e8ne la charge selon la volont\u00e9 de son Princeps. Qu&rsquo;il tire de formidables&hellip;\" \/>\n<meta property=\"og:url\" content=\"https:\/\/www.coccigames.com\/index.php\/produit\/reaver-titan-w-melta-cannon\/\" \/>\n<meta property=\"og:site_name\" content=\"Coccigames\" \/>\n<meta property=\"article:modified_time\" content=\"2026-04-06T07:28:31+00:00\" \/>\n<meta property=\"og:image\" content=\"https:\/\/www.coccigames.com\/wp-content\/uploads\/2025\/12\/99122699010_ReaverTitanMeltaCannonChainfist7.jpg\" \/>\n\t<meta property=\"og:image:width\" content=\"918\" \/>\n\t<meta property=\"og:image:height\" content=\"948\" \/>\n\t<meta property=\"og:image:type\" content=\"image\/jpeg\" \/>\n<meta name=\"twitter:card\" content=\"summary_large_image\" \/>\n<meta name=\"twitter:label1\" content=\"Dur\u00e9e de lecture estim\u00e9e\" \/>\n\t<meta name=\"twitter:data1\" content=\"2 minutes\" \/>\n<script type=\"application\/ld+json\" class=\"yoast-schema-graph\">{\"@context\":\"https:\/\/schema.org\",\"@graph\":[{\"@type\":\"WebPage\",\"@id\":\"https:\/\/www.coccigames.com\/index.php\/produit\/reaver-titan-w-melta-cannon\/\",\"url\":\"https:\/\/www.coccigames.com\/index.php\/produit\/reaver-titan-w-melta-cannon\/\",\"name\":\"REAVER TITAN WITH MELTA CANNON AND CHAINFIST - Coccigames\",\"isPartOf\":{\"@id\":\"https:\/\/www.coccigames.com\/#website\"},\"primaryImageOfPage\":{\"@id\":\"https:\/\/www.coccigames.com\/index.php\/produit\/reaver-titan-w-melta-cannon\/#primaryimage\"},\"image\":{\"@id\":\"https:\/\/www.coccigames.com\/index.php\/produit\/reaver-titan-w-melta-cannon\/#primaryimage\"},\"thumbnailUrl\":\"https:\/\/www.coccigames.com\/wp-content\/uploads\/2025\/12\/99122699010_ReaverTitanMeltaCannonChainfist7.jpg\",\"datePublished\":\"2025-12-20T12:22:31+00:00\",\"dateModified\":\"2026-04-06T07:28:31+00:00\",\"breadcrumb\":{\"@id\":\"https:\/\/www.coccigames.com\/index.php\/produit\/reaver-titan-w-melta-cannon\/#breadcrumb\"},\"inLanguage\":\"fr-FR\",\"potentialAction\":[{\"@type\":\"ReadAction\",\"target\":[\"https:\/\/www.coccigames.com\/index.php\/produit\/reaver-titan-w-melta-cannon\/\"]}]},{\"@type\":\"ImageObject\",\"inLanguage\":\"fr-FR\",\"@id\":\"https:\/\/www.coccigames.com\/index.php\/produit\/reaver-titan-w-melta-cannon\/#primaryimage\",\"url\":\"https:\/\/www.coccigames.com\/wp-content\/uploads\/2025\/12\/99122699010_ReaverTitanMeltaCannonChainfist7.jpg\",\"contentUrl\":\"https:\/\/www.coccigames.com\/wp-content\/uploads\/2025\/12\/99122699010_ReaverTitanMeltaCannonChainfist7.jpg\",\"width\":918,\"height\":948},{\"@type\":\"BreadcrumbList\",\"@id\":\"https:\/\/www.coccigames.com\/index.php\/produit\/reaver-titan-w-melta-cannon\/#breadcrumb\",\"itemListElement\":[{\"@type\":\"ListItem\",\"position\":1,\"name\":\"Accueil\",\"item\":\"https:\/\/www.coccigames.com\/\"},{\"@type\":\"ListItem\",\"position\":2,\"name\":\"Boutique\",\"item\":\"https:\/\/www.coccigames.com\/index.php\/boutique\/\"},{\"@type\":\"ListItem\",\"position\":3,\"name\":\"REAVER TITAN WITH MELTA CANNON AND CHAINFIST\"}]},{\"@type\":\"WebSite\",\"@id\":\"https:\/\/www.coccigames.com\/#website\",\"url\":\"https:\/\/www.coccigames.com\/\",\"name\":\"Coccigames - Figurines et Peintures\",\"description\":\"Figurines et Peintures\",\"publisher\":{\"@id\":\"https:\/\/www.coccigames.com\/#organization\"},\"potentialAction\":[{\"@type\":\"SearchAction\",\"target\":{\"@type\":\"EntryPoint\",\"urlTemplate\":\"https:\/\/www.coccigames.com\/?s={search_term_string}\"},\"query-input\":{\"@type\":\"PropertyValueSpecification\",\"valueRequired\":true,\"valueName\":\"search_term_string\"}}],\"inLanguage\":\"fr-FR\"},{\"@type\":\"Organization\",\"@id\":\"https:\/\/www.coccigames.com\/#organization\",\"name\":\"Coccigames\",\"url\":\"https:\/\/www.coccigames.com\/\",\"logo\":{\"@type\":\"ImageObject\",\"inLanguage\":\"fr-FR\",\"@id\":\"https:\/\/www.coccigames.com\/#\/schema\/logo\/image\/\",\"url\":\"https:\/\/www.coccigames.com\/wp-content\/uploads\/2025\/12\/coccigames_logo_v5.png\",\"contentUrl\":\"https:\/\/www.coccigames.com\/wp-content\/uploads\/2025\/12\/coccigames_logo_v5.png\",\"width\":1768,\"height\":424,\"caption\":\"Coccigames\"},\"image\":{\"@id\":\"https:\/\/www.coccigames.com\/#\/schema\/logo\/image\/\"}}]}<\/script>\n<!-- \/ Yoast SEO plugin. -->","yoast_head_json":{"title":"REAVER TITAN WITH MELTA CANNON AND CHAINFIST - Coccigames","robots":{"index":"index","follow":"follow","max-snippet":"max-snippet:-1","max-image-preview":"max-image-preview:large","max-video-preview":"max-video-preview:-1"},"canonical":"https:\/\/www.coccigames.com\/index.php\/produit\/reaver-titan-w-melta-cannon\/","og_locale":"fr_FR","og_type":"article","og_title":"REAVER TITAN WITH MELTA CANNON AND CHAINFIST - Coccigames","og_description":"Le Titan Reaver est l&rsquo;une des classes de Titan de Bataille les plus omnipr\u00e9sentes et les plus destructrices. Cette machine gargantuesque constitue le c\u0153ur des L\u00e9gions Titaniques et tient la ligne ou m\u00e8ne la charge selon la volont\u00e9 de son Princeps. Qu&rsquo;il tire de formidables&hellip;","og_url":"https:\/\/www.coccigames.com\/index.php\/produit\/reaver-titan-w-melta-cannon\/","og_site_name":"Coccigames","article_modified_time":"2026-04-06T07:28:31+00:00","og_image":[{"width":918,"height":948,"url":"https:\/\/www.coccigames.com\/wp-content\/uploads\/2025\/12\/99122699010_ReaverTitanMeltaCannonChainfist7.jpg","type":"image\/jpeg"}],"twitter_card":"summary_large_image","twitter_misc":{"Dur\u00e9e de lecture estim\u00e9e":"2 minutes"},"schema":{"@context":"https:\/\/schema.org","@graph":[{"@type":"WebPage","@id":"https:\/\/www.coccigames.com\/index.php\/produit\/reaver-titan-w-melta-cannon\/","url":"https:\/\/www.coccigames.com\/index.php\/produit\/reaver-titan-w-melta-cannon\/","name":"REAVER TITAN WITH MELTA CANNON AND CHAINFIST - Coccigames","isPartOf":{"@id":"https:\/\/www.coccigames.com\/#website"},"primaryImageOfPage":{"@id":"https:\/\/www.coccigames.com\/index.php\/produit\/reaver-titan-w-melta-cannon\/#primaryimage"},"image":{"@id":"https:\/\/www.coccigames.com\/index.php\/produit\/reaver-titan-w-melta-cannon\/#primaryimage"},"thumbnailUrl":"https:\/\/www.coccigames.com\/wp-content\/uploads\/2025\/12\/99122699010_ReaverTitanMeltaCannonChainfist7.jpg","datePublished":"2025-12-20T12:22:31+00:00","dateModified":"2026-04-06T07:28:31+00:00","breadcrumb":{"@id":"https:\/\/www.coccigames.com\/index.php\/produit\/reaver-titan-w-melta-cannon\/#breadcrumb"},"inLanguage":"fr-FR","potentialAction":[{"@type":"ReadAction","target":["https:\/\/www.coccigames.com\/index.php\/produit\/reaver-titan-w-melta-cannon\/"]}]},{"@type":"ImageObject","inLanguage":"fr-FR","@id":"https:\/\/www.coccigames.com\/index.php\/produit\/reaver-titan-w-melta-cannon\/#primaryimage","url":"https:\/\/www.coccigames.com\/wp-content\/uploads\/2025\/12\/99122699010_ReaverTitanMeltaCannonChainfist7.jpg","contentUrl":"https:\/\/www.coccigames.com\/wp-content\/uploads\/2025\/12\/99122699010_ReaverTitanMeltaCannonChainfist7.jpg","width":918,"height":948},{"@type":"BreadcrumbList","@id":"https:\/\/www.coccigames.com\/index.php\/produit\/reaver-titan-w-melta-cannon\/#breadcrumb","itemListElement":[{"@type":"ListItem","position":1,"name":"Accueil","item":"https:\/\/www.coccigames.com\/"},{"@type":"ListItem","position":2,"name":"Boutique","item":"https:\/\/www.coccigames.com\/index.php\/boutique\/"},{"@type":"ListItem","position":3,"name":"REAVER TITAN WITH MELTA CANNON AND CHAINFIST"}]},{"@type":"WebSite","@id":"https:\/\/www.coccigames.com\/#website","url":"https:\/\/www.coccigames.com\/","name":"Coccigames - Figurines et Peintures","description":"Figurines et Peintures","publisher":{"@id":"https:\/\/www.coccigames.com\/#organization"},"potentialAction":[{"@type":"SearchAction","target":{"@type":"EntryPoint","urlTemplate":"https:\/\/www.coccigames.com\/?s={search_term_string}"},"query-input":{"@type":"PropertyValueSpecification","valueRequired":true,"valueName":"search_term_string"}}],"inLanguage":"fr-FR"},{"@type":"Organization","@id":"https:\/\/www.coccigames.com\/#organization","name":"Coccigames","url":"https:\/\/www.coccigames.com\/","logo":{"@type":"ImageObject","inLanguage":"fr-FR","@id":"https:\/\/www.coccigames.com\/#\/schema\/logo\/image\/","url":"https:\/\/www.coccigames.com\/wp-content\/uploads\/2025\/12\/coccigames_logo_v5.png","contentUrl":"https:\/\/www.coccigames.com\/wp-content\/uploads\/2025\/12\/coccigames_logo_v5.png","width":1768,"height":424,"caption":"Coccigames"},"image":{"@id":"https:\/\/www.coccigames.com\/#\/schema\/logo\/image\/"}}]}},"_links":{"self":[{"href":"https:\/\/www.coccigames.com\/index.php\/wp-json\/wp\/v2\/product\/13024","targetHints":{"allow":["GET"]}}],"collection":[{"href":"https:\/\/www.coccigames.com\/index.php\/wp-json\/wp\/v2\/product"}],"about":[{"href":"https:\/\/www.coccigames.com\/index.php\/wp-json\/wp\/v2\/types\/product"}],"replies":[{"embeddable":true,"href":"https:\/\/www.coccigames.com\/index.php\/wp-json\/wp\/v2\/comments?post=13024"}],"wp:featuredmedia":[{"embeddable":true,"href":"https:\/\/www.coccigames.com\/index.php\/wp-json\/wp\/v2\/media\/13202"}],"wp:attachment":[{"href":"https:\/\/www.coccigames.com\/index.php\/wp-json\/wp\/v2\/media?parent=13024"}],"wp:term":[{"taxonomy":"product_brand","embeddable":true,"href":"https:\/\/www.coccigames.com\/index.php\/wp-json\/wp\/v2\/product_brand?post=13024"},{"taxonomy":"product_cat","embeddable":true,"href":"https:\/\/www.coccigames.com\/index.php\/wp-json\/wp\/v2\/product_cat?post=13024"},{"taxonomy":"product_tag","embeddable":true,"href":"https:\/\/www.coccigames.com\/index.php\/wp-json\/wp\/v2\/product_tag?post=13024"}],"curies":[{"name":"wp","href":"https:\/\/api.w.org\/{rel}","templated":true}]}}