{"id":13014,"date":"2025-12-20T13:22:25","date_gmt":"2025-12-20T12:22:25","guid":{"rendered":"https:\/\/www.coccigames.com\/index.php\/produit\/solar-auxilia-basilisks-medusas\/"},"modified":"2026-04-20T10:05:51","modified_gmt":"2026-04-20T08:05:51","slug":"solar-auxilia-basilisks-medusas","status":"publish","type":"product","link":"https:\/\/www.coccigames.com\/index.php\/produit\/solar-auxilia-basilisks-medusas\/","title":{"rendered":"SOLAR AUXILIA BASILISKS\/MEDUSAS"},"content":{"rendered":"<p>Les escadrons de chars Basilisk et Medusa des Solar Auxilia sont capables de d\u00e9cha\u00eener de terrifiants barrages en avance des rangs d&rsquo;infanterie. Le canon de si\u00e8ge Medusa peut \u00e9ventrer de puissantes fortifications, tandis que le canon Earthshaker du Basilisk tire des ogives d\u00e9vastatrices \u00e0 des distances ahurissantes. Leurs coques, d\u00e9riv\u00e9es du Leman Russ mod\u00e8le Solar offrent, offrent une protection accrue contre toutes les armes ennemies, sinon les plus puissantes.<\/p>\n<p>Ce kit permet d&rsquo;assembler une colonne de huit chars d&rsquo;artillerie \u00e0 l&rsquo;\u00e9chelle epic pour offrir un appui feu \u00e0 vos arm\u00e9es des Solar Auxilia dans les parties de Legions Imperialis. Chaque char peut \u00eatre assembl\u00e9 comme un Medusa capable d&rsquo;ouvrir un bunnker ou comme un Basilisk \u00e0 longue port\u00e9e, et dispose d&rsquo;un choix de positions d&rsquo;\u00e9quipage ou d&rsquo;\u00e9coutilles ferm\u00e9es. Ces chars polyvalents vous permettront de remporter des parties s&rsquo;ils sont utilis\u00e9s correctement et vous offrent de nombreuses options tactiques.<\/p>\n","protected":false},"excerpt":{"rendered":"<p>Les escadrons de chars Basilisk et Medusa des Solar Auxilia sont capables de d\u00e9cha\u00eener de terrifiants barrages en avance des rangs d&rsquo;infanterie. Le canon de si\u00e8ge Medusa peut \u00e9ventrer de puissantes fortifications, tandis que le canon Earthshaker du Basilisk tire des ogives d\u00e9vastatrices \u00e0 des&hellip;<\/p>\n","protected":false},"featured_media":13139,"comment_status":"open","ping_status":"closed","template":"","meta":[],"product_brand":[23],"product_cat":[6198],"product_tag":[6184,224],"class_list":{"0":"post-13014","1":"product","2":"type-product","3":"status-publish","4":"has-post-thumbnail","6":"product_brand-games-workshop","7":"product_cat-solar-auxilia","8":"product_tag-legion-imperialis","9":"product_tag-solar-auxilia","11":"first","12":"onbackorder","13":"sale","14":"taxable","15":"shipping-taxable","16":"purchasable","17":"product-type-simple"},"yoast_head":"<!-- This site is optimized with the Yoast SEO plugin v26.4 - https:\/\/yoast.com\/wordpress\/plugins\/seo\/ -->\n<title>SOLAR AUXILIA BASILISKS\/MEDUSAS - Coccigames<\/title>\n<meta name=\"robots\" content=\"index, follow, max-snippet:-1, max-image-preview:large, max-video-preview:-1\" \/>\n<link rel=\"canonical\" href=\"https:\/\/www.coccigames.com\/index.php\/produit\/solar-auxilia-basilisks-medusas\/\" \/>\n<meta property=\"og:locale\" content=\"fr_FR\" \/>\n<meta property=\"og:type\" content=\"article\" \/>\n<meta property=\"og:title\" content=\"SOLAR AUXILIA BASILISKS\/MEDUSAS - Coccigames\" \/>\n<meta property=\"og:description\" content=\"Les escadrons de chars Basilisk et Medusa des Solar Auxilia sont capables de d\u00e9cha\u00eener de terrifiants barrages en avance des rangs d&rsquo;infanterie. Le canon de si\u00e8ge Medusa peut \u00e9ventrer de puissantes fortifications, tandis que le canon Earthshaker du Basilisk tire des ogives d\u00e9vastatrices \u00e0 des&hellip;\" \/>\n<meta property=\"og:url\" content=\"https:\/\/www.coccigames.com\/index.php\/produit\/solar-auxilia-basilisks-medusas\/\" \/>\n<meta property=\"og:site_name\" content=\"Coccigames\" \/>\n<meta property=\"article:modified_time\" content=\"2026-04-20T08:05:51+00:00\" \/>\n<meta property=\"og:image\" content=\"https:\/\/www.coccigames.com\/wp-content\/uploads\/2025\/12\/99122605006_LISABasilisksMedusasStock.jpg\" \/>\n\t<meta property=\"og:image:width\" content=\"918\" \/>\n\t<meta property=\"og:image:height\" content=\"948\" \/>\n\t<meta property=\"og:image:type\" content=\"image\/jpeg\" \/>\n<meta name=\"twitter:card\" content=\"summary_large_image\" \/>\n<meta name=\"twitter:label1\" content=\"Dur\u00e9e de lecture estim\u00e9e\" \/>\n\t<meta name=\"twitter:data1\" content=\"1 minute\" \/>\n<script type=\"application\/ld+json\" class=\"yoast-schema-graph\">{\"@context\":\"https:\/\/schema.org\",\"@graph\":[{\"@type\":\"WebPage\",\"@id\":\"https:\/\/www.coccigames.com\/index.php\/produit\/solar-auxilia-basilisks-medusas\/\",\"url\":\"https:\/\/www.coccigames.com\/index.php\/produit\/solar-auxilia-basilisks-medusas\/\",\"name\":\"SOLAR AUXILIA BASILISKS\/MEDUSAS - Coccigames\",\"isPartOf\":{\"@id\":\"https:\/\/www.coccigames.com\/#website\"},\"primaryImageOfPage\":{\"@id\":\"https:\/\/www.coccigames.com\/index.php\/produit\/solar-auxilia-basilisks-medusas\/#primaryimage\"},\"image\":{\"@id\":\"https:\/\/www.coccigames.com\/index.php\/produit\/solar-auxilia-basilisks-medusas\/#primaryimage\"},\"thumbnailUrl\":\"https:\/\/www.coccigames.com\/wp-content\/uploads\/2025\/12\/99122605006_LISABasilisksMedusasStock.jpg\",\"datePublished\":\"2025-12-20T12:22:25+00:00\",\"dateModified\":\"2026-04-20T08:05:51+00:00\",\"breadcrumb\":{\"@id\":\"https:\/\/www.coccigames.com\/index.php\/produit\/solar-auxilia-basilisks-medusas\/#breadcrumb\"},\"inLanguage\":\"fr-FR\",\"potentialAction\":[{\"@type\":\"ReadAction\",\"target\":[\"https:\/\/www.coccigames.com\/index.php\/produit\/solar-auxilia-basilisks-medusas\/\"]}]},{\"@type\":\"ImageObject\",\"inLanguage\":\"fr-FR\",\"@id\":\"https:\/\/www.coccigames.com\/index.php\/produit\/solar-auxilia-basilisks-medusas\/#primaryimage\",\"url\":\"https:\/\/www.coccigames.com\/wp-content\/uploads\/2025\/12\/99122605006_LISABasilisksMedusasStock.jpg\",\"contentUrl\":\"https:\/\/www.coccigames.com\/wp-content\/uploads\/2025\/12\/99122605006_LISABasilisksMedusasStock.jpg\",\"width\":918,\"height\":948},{\"@type\":\"BreadcrumbList\",\"@id\":\"https:\/\/www.coccigames.com\/index.php\/produit\/solar-auxilia-basilisks-medusas\/#breadcrumb\",\"itemListElement\":[{\"@type\":\"ListItem\",\"position\":1,\"name\":\"Accueil\",\"item\":\"https:\/\/www.coccigames.com\/\"},{\"@type\":\"ListItem\",\"position\":2,\"name\":\"Boutique\",\"item\":\"https:\/\/www.coccigames.com\/index.php\/boutique\/\"},{\"@type\":\"ListItem\",\"position\":3,\"name\":\"SOLAR AUXILIA BASILISKS\/MEDUSAS\"}]},{\"@type\":\"WebSite\",\"@id\":\"https:\/\/www.coccigames.com\/#website\",\"url\":\"https:\/\/www.coccigames.com\/\",\"name\":\"Coccigames - Figurines et Peintures\",\"description\":\"Figurines et Peintures\",\"publisher\":{\"@id\":\"https:\/\/www.coccigames.com\/#organization\"},\"potentialAction\":[{\"@type\":\"SearchAction\",\"target\":{\"@type\":\"EntryPoint\",\"urlTemplate\":\"https:\/\/www.coccigames.com\/?s={search_term_string}\"},\"query-input\":{\"@type\":\"PropertyValueSpecification\",\"valueRequired\":true,\"valueName\":\"search_term_string\"}}],\"inLanguage\":\"fr-FR\"},{\"@type\":\"Organization\",\"@id\":\"https:\/\/www.coccigames.com\/#organization\",\"name\":\"Coccigames\",\"url\":\"https:\/\/www.coccigames.com\/\",\"logo\":{\"@type\":\"ImageObject\",\"inLanguage\":\"fr-FR\",\"@id\":\"https:\/\/www.coccigames.com\/#\/schema\/logo\/image\/\",\"url\":\"https:\/\/www.coccigames.com\/wp-content\/uploads\/2025\/12\/coccigames_logo_v5.png\",\"contentUrl\":\"https:\/\/www.coccigames.com\/wp-content\/uploads\/2025\/12\/coccigames_logo_v5.png\",\"width\":1768,\"height\":424,\"caption\":\"Coccigames\"},\"image\":{\"@id\":\"https:\/\/www.coccigames.com\/#\/schema\/logo\/image\/\"}}]}<\/script>\n<!-- \/ Yoast SEO plugin. -->","yoast_head_json":{"title":"SOLAR AUXILIA BASILISKS\/MEDUSAS - Coccigames","robots":{"index":"index","follow":"follow","max-snippet":"max-snippet:-1","max-image-preview":"max-image-preview:large","max-video-preview":"max-video-preview:-1"},"canonical":"https:\/\/www.coccigames.com\/index.php\/produit\/solar-auxilia-basilisks-medusas\/","og_locale":"fr_FR","og_type":"article","og_title":"SOLAR AUXILIA BASILISKS\/MEDUSAS - Coccigames","og_description":"Les escadrons de chars Basilisk et Medusa des Solar Auxilia sont capables de d\u00e9cha\u00eener de terrifiants barrages en avance des rangs d&rsquo;infanterie. Le canon de si\u00e8ge Medusa peut \u00e9ventrer de puissantes fortifications, tandis que le canon Earthshaker du Basilisk tire des ogives d\u00e9vastatrices \u00e0 des&hellip;","og_url":"https:\/\/www.coccigames.com\/index.php\/produit\/solar-auxilia-basilisks-medusas\/","og_site_name":"Coccigames","article_modified_time":"2026-04-20T08:05:51+00:00","og_image":[{"width":918,"height":948,"url":"https:\/\/www.coccigames.com\/wp-content\/uploads\/2025\/12\/99122605006_LISABasilisksMedusasStock.jpg","type":"image\/jpeg"}],"twitter_card":"summary_large_image","twitter_misc":{"Dur\u00e9e de lecture estim\u00e9e":"1 minute"},"schema":{"@context":"https:\/\/schema.org","@graph":[{"@type":"WebPage","@id":"https:\/\/www.coccigames.com\/index.php\/produit\/solar-auxilia-basilisks-medusas\/","url":"https:\/\/www.coccigames.com\/index.php\/produit\/solar-auxilia-basilisks-medusas\/","name":"SOLAR AUXILIA BASILISKS\/MEDUSAS - Coccigames","isPartOf":{"@id":"https:\/\/www.coccigames.com\/#website"},"primaryImageOfPage":{"@id":"https:\/\/www.coccigames.com\/index.php\/produit\/solar-auxilia-basilisks-medusas\/#primaryimage"},"image":{"@id":"https:\/\/www.coccigames.com\/index.php\/produit\/solar-auxilia-basilisks-medusas\/#primaryimage"},"thumbnailUrl":"https:\/\/www.coccigames.com\/wp-content\/uploads\/2025\/12\/99122605006_LISABasilisksMedusasStock.jpg","datePublished":"2025-12-20T12:22:25+00:00","dateModified":"2026-04-20T08:05:51+00:00","breadcrumb":{"@id":"https:\/\/www.coccigames.com\/index.php\/produit\/solar-auxilia-basilisks-medusas\/#breadcrumb"},"inLanguage":"fr-FR","potentialAction":[{"@type":"ReadAction","target":["https:\/\/www.coccigames.com\/index.php\/produit\/solar-auxilia-basilisks-medusas\/"]}]},{"@type":"ImageObject","inLanguage":"fr-FR","@id":"https:\/\/www.coccigames.com\/index.php\/produit\/solar-auxilia-basilisks-medusas\/#primaryimage","url":"https:\/\/www.coccigames.com\/wp-content\/uploads\/2025\/12\/99122605006_LISABasilisksMedusasStock.jpg","contentUrl":"https:\/\/www.coccigames.com\/wp-content\/uploads\/2025\/12\/99122605006_LISABasilisksMedusasStock.jpg","width":918,"height":948},{"@type":"BreadcrumbList","@id":"https:\/\/www.coccigames.com\/index.php\/produit\/solar-auxilia-basilisks-medusas\/#breadcrumb","itemListElement":[{"@type":"ListItem","position":1,"name":"Accueil","item":"https:\/\/www.coccigames.com\/"},{"@type":"ListItem","position":2,"name":"Boutique","item":"https:\/\/www.coccigames.com\/index.php\/boutique\/"},{"@type":"ListItem","position":3,"name":"SOLAR AUXILIA BASILISKS\/MEDUSAS"}]},{"@type":"WebSite","@id":"https:\/\/www.coccigames.com\/#website","url":"https:\/\/www.coccigames.com\/","name":"Coccigames - Figurines et Peintures","description":"Figurines et Peintures","publisher":{"@id":"https:\/\/www.coccigames.com\/#organization"},"potentialAction":[{"@type":"SearchAction","target":{"@type":"EntryPoint","urlTemplate":"https:\/\/www.coccigames.com\/?s={search_term_string}"},"query-input":{"@type":"PropertyValueSpecification","valueRequired":true,"valueName":"search_term_string"}}],"inLanguage":"fr-FR"},{"@type":"Organization","@id":"https:\/\/www.coccigames.com\/#organization","name":"Coccigames","url":"https:\/\/www.coccigames.com\/","logo":{"@type":"ImageObject","inLanguage":"fr-FR","@id":"https:\/\/www.coccigames.com\/#\/schema\/logo\/image\/","url":"https:\/\/www.coccigames.com\/wp-content\/uploads\/2025\/12\/coccigames_logo_v5.png","contentUrl":"https:\/\/www.coccigames.com\/wp-content\/uploads\/2025\/12\/coccigames_logo_v5.png","width":1768,"height":424,"caption":"Coccigames"},"image":{"@id":"https:\/\/www.coccigames.com\/#\/schema\/logo\/image\/"}}]}},"_links":{"self":[{"href":"https:\/\/www.coccigames.com\/index.php\/wp-json\/wp\/v2\/product\/13014","targetHints":{"allow":["GET"]}}],"collection":[{"href":"https:\/\/www.coccigames.com\/index.php\/wp-json\/wp\/v2\/product"}],"about":[{"href":"https:\/\/www.coccigames.com\/index.php\/wp-json\/wp\/v2\/types\/product"}],"replies":[{"embeddable":true,"href":"https:\/\/www.coccigames.com\/index.php\/wp-json\/wp\/v2\/comments?post=13014"}],"wp:featuredmedia":[{"embeddable":true,"href":"https:\/\/www.coccigames.com\/index.php\/wp-json\/wp\/v2\/media\/13139"}],"wp:attachment":[{"href":"https:\/\/www.coccigames.com\/index.php\/wp-json\/wp\/v2\/media?parent=13014"}],"wp:term":[{"taxonomy":"product_brand","embeddable":true,"href":"https:\/\/www.coccigames.com\/index.php\/wp-json\/wp\/v2\/product_brand?post=13014"},{"taxonomy":"product_cat","embeddable":true,"href":"https:\/\/www.coccigames.com\/index.php\/wp-json\/wp\/v2\/product_cat?post=13014"},{"taxonomy":"product_tag","embeddable":true,"href":"https:\/\/www.coccigames.com\/index.php\/wp-json\/wp\/v2\/product_tag?post=13014"}],"curies":[{"name":"wp","href":"https:\/\/api.w.org\/{rel}","templated":true}]}}