{"id":13011,"date":"2025-12-20T13:22:23","date_gmt":"2025-12-20T12:22:23","guid":{"rendered":"https:\/\/www.coccigames.com\/index.php\/produit\/baneblade-squadron\/"},"modified":"2026-04-06T09:28:30","modified_gmt":"2026-04-06T07:28:30","slug":"baneblade-squadron","status":"publish","type":"product","link":"https:\/\/www.coccigames.com\/index.php\/produit\/baneblade-squadron\/","title":{"rendered":"BANEBLADE SQUADRON"},"content":{"rendered":"<p>Le Baneblade est un char super-lourd dot\u00e9 d&rsquo;un nombre d&rsquo;armes \u00e9tourdissant, m\u00eame pour un v\u00e9hicule de cette taille prodigieuse. Chaque Baneblade est un bastion mobile, ainsi qu&rsquo;un symbole de fiert\u00e9 pour ceux qui marchent \u00e0 ses c\u00f4t\u00e9s. Le ch\u00e2ssis du Baneblade sert aussi de base \u00e0 de nombreuses variantes plus sp\u00e9cialis\u00e9es et employ\u00e9es par les Solar Auxilia, comme le Hellhammer, qui troque l&rsquo;obusier Baneblade standard contre un canon Hellhammer sacrifiant sa longue port\u00e9e au profit d&rsquo;un plus grand potentiel destructeur.<\/p>\n<p>Ce kit plastique permet d&rsquo;assembler deux chars super-lourds des Solar Auxilia \u00e0 l&rsquo;\u00e9chelle epic. Chacun de ces v\u00e9hicules massifs est h\u00e9riss\u00e9 d&rsquo;armes de tir et peut \u00eatre assembl\u00e9 avec une arme en tourelle parmi deux au choix: l&rsquo;obusier Baneblade pour \u00e9radiquer des cibles \u00e0 longue distance, ou le canon Hellhammer pour \u00e9liminer les bunkers et les blind\u00e9s. L&rsquo;arme choisie est dot\u00e9e d&rsquo;un autocanon coaxial. Les chars proposent \u00e9galement plusieurs choix d&rsquo;armes lat\u00e9rales: des autocanons, bolters lourds ou lance-flammes lourds jumel\u00e9s. En plus de ces options d&rsquo;armes, les deux chars sont dot\u00e9s d&rsquo;un canon Demolisher mont\u00e9 sur la coque et d&rsquo;un bolter lourd jumel\u00e9, ainsi que de canons laser lat\u00e9raux. Le kit inclut des options esth\u00e9tiques pour la coupole du char, ce qui vous permet de personnaliser vos v\u00e9hicules avec des artilleurs, des observateurs, des \u00e9coutilles ferm\u00e9es, etc.<\/p>\n<p>Ce set contient:<\/p>\n<p>&#8211; 2x Chars Super Lourds des Solar Auxilia, chacun avec les options d&rsquo;armes suivantes:<\/p>\n<p>\u2013 1x canon Baneblade en tourelle<\/p>\n<p>\u2013 1x canon Hellhammer en tourelle<\/p>\n<p>\u2013 2x autocanons lat\u00e9raux<\/p>\n<p>\u2013 2x bolters lourds lat\u00e9raux<\/p>\n<p>\u2013 2x lance-flammes lourds lat\u00e9raux<\/p>\n<p>&#8211; 1x Planche de D\u00e9calcos de V\u00e9hicule des Solar Auxilia<\/p>\n","protected":false},"excerpt":{"rendered":"<p>Le Baneblade est un char super-lourd dot\u00e9 d&rsquo;un nombre d&rsquo;armes \u00e9tourdissant, m\u00eame pour un v\u00e9hicule de cette taille prodigieuse. Chaque Baneblade est un bastion mobile, ainsi qu&rsquo;un symbole de fiert\u00e9 pour ceux qui marchent \u00e0 ses c\u00f4t\u00e9s. Le ch\u00e2ssis du Baneblade sert aussi de base&hellip;<\/p>\n","protected":false},"featured_media":13135,"comment_status":"open","ping_status":"closed","template":"","meta":[],"product_brand":[23],"product_cat":[6198],"product_tag":[6184,224],"class_list":{"0":"post-13011","1":"product","2":"type-product","3":"status-publish","4":"has-post-thumbnail","6":"product_brand-games-workshop","7":"product_cat-solar-auxilia","8":"product_tag-legion-imperialis","9":"product_tag-solar-auxilia","11":"first","12":"onbackorder","13":"sale","14":"taxable","15":"shipping-taxable","16":"purchasable","17":"product-type-simple"},"yoast_head":"<!-- This site is optimized with the Yoast SEO plugin v26.4 - https:\/\/yoast.com\/wordpress\/plugins\/seo\/ -->\n<title>BANEBLADE SQUADRON - Coccigames<\/title>\n<meta name=\"robots\" content=\"index, follow, max-snippet:-1, max-image-preview:large, max-video-preview:-1\" \/>\n<link rel=\"canonical\" href=\"https:\/\/www.coccigames.com\/index.php\/produit\/baneblade-squadron\/\" \/>\n<meta property=\"og:locale\" content=\"fr_FR\" \/>\n<meta property=\"og:type\" content=\"article\" \/>\n<meta property=\"og:title\" content=\"BANEBLADE SQUADRON - Coccigames\" \/>\n<meta property=\"og:description\" content=\"Le Baneblade est un char super-lourd dot\u00e9 d&rsquo;un nombre d&rsquo;armes \u00e9tourdissant, m\u00eame pour un v\u00e9hicule de cette taille prodigieuse. Chaque Baneblade est un bastion mobile, ainsi qu&rsquo;un symbole de fiert\u00e9 pour ceux qui marchent \u00e0 ses c\u00f4t\u00e9s. Le ch\u00e2ssis du Baneblade sert aussi de base&hellip;\" \/>\n<meta property=\"og:url\" content=\"https:\/\/www.coccigames.com\/index.php\/produit\/baneblade-squadron\/\" \/>\n<meta property=\"og:site_name\" content=\"Coccigames\" \/>\n<meta property=\"article:modified_time\" content=\"2026-04-06T07:28:30+00:00\" \/>\n<meta property=\"og:image\" content=\"https:\/\/www.coccigames.com\/wp-content\/uploads\/2025\/12\/99122605003_BanebladeSquadronStock.jpg\" \/>\n\t<meta property=\"og:image:width\" content=\"918\" \/>\n\t<meta property=\"og:image:height\" content=\"948\" \/>\n\t<meta property=\"og:image:type\" content=\"image\/jpeg\" \/>\n<meta name=\"twitter:card\" content=\"summary_large_image\" \/>\n<meta name=\"twitter:label1\" content=\"Dur\u00e9e de lecture estim\u00e9e\" \/>\n\t<meta name=\"twitter:data1\" content=\"2 minutes\" \/>\n<script type=\"application\/ld+json\" class=\"yoast-schema-graph\">{\"@context\":\"https:\/\/schema.org\",\"@graph\":[{\"@type\":\"WebPage\",\"@id\":\"https:\/\/www.coccigames.com\/index.php\/produit\/baneblade-squadron\/\",\"url\":\"https:\/\/www.coccigames.com\/index.php\/produit\/baneblade-squadron\/\",\"name\":\"BANEBLADE SQUADRON - Coccigames\",\"isPartOf\":{\"@id\":\"https:\/\/www.coccigames.com\/#website\"},\"primaryImageOfPage\":{\"@id\":\"https:\/\/www.coccigames.com\/index.php\/produit\/baneblade-squadron\/#primaryimage\"},\"image\":{\"@id\":\"https:\/\/www.coccigames.com\/index.php\/produit\/baneblade-squadron\/#primaryimage\"},\"thumbnailUrl\":\"https:\/\/www.coccigames.com\/wp-content\/uploads\/2025\/12\/99122605003_BanebladeSquadronStock.jpg\",\"datePublished\":\"2025-12-20T12:22:23+00:00\",\"dateModified\":\"2026-04-06T07:28:30+00:00\",\"breadcrumb\":{\"@id\":\"https:\/\/www.coccigames.com\/index.php\/produit\/baneblade-squadron\/#breadcrumb\"},\"inLanguage\":\"fr-FR\",\"potentialAction\":[{\"@type\":\"ReadAction\",\"target\":[\"https:\/\/www.coccigames.com\/index.php\/produit\/baneblade-squadron\/\"]}]},{\"@type\":\"ImageObject\",\"inLanguage\":\"fr-FR\",\"@id\":\"https:\/\/www.coccigames.com\/index.php\/produit\/baneblade-squadron\/#primaryimage\",\"url\":\"https:\/\/www.coccigames.com\/wp-content\/uploads\/2025\/12\/99122605003_BanebladeSquadronStock.jpg\",\"contentUrl\":\"https:\/\/www.coccigames.com\/wp-content\/uploads\/2025\/12\/99122605003_BanebladeSquadronStock.jpg\",\"width\":918,\"height\":948},{\"@type\":\"BreadcrumbList\",\"@id\":\"https:\/\/www.coccigames.com\/index.php\/produit\/baneblade-squadron\/#breadcrumb\",\"itemListElement\":[{\"@type\":\"ListItem\",\"position\":1,\"name\":\"Accueil\",\"item\":\"https:\/\/www.coccigames.com\/\"},{\"@type\":\"ListItem\",\"position\":2,\"name\":\"Boutique\",\"item\":\"https:\/\/www.coccigames.com\/index.php\/boutique\/\"},{\"@type\":\"ListItem\",\"position\":3,\"name\":\"BANEBLADE SQUADRON\"}]},{\"@type\":\"WebSite\",\"@id\":\"https:\/\/www.coccigames.com\/#website\",\"url\":\"https:\/\/www.coccigames.com\/\",\"name\":\"Coccigames - Figurines et Peintures\",\"description\":\"Figurines et Peintures\",\"publisher\":{\"@id\":\"https:\/\/www.coccigames.com\/#organization\"},\"potentialAction\":[{\"@type\":\"SearchAction\",\"target\":{\"@type\":\"EntryPoint\",\"urlTemplate\":\"https:\/\/www.coccigames.com\/?s={search_term_string}\"},\"query-input\":{\"@type\":\"PropertyValueSpecification\",\"valueRequired\":true,\"valueName\":\"search_term_string\"}}],\"inLanguage\":\"fr-FR\"},{\"@type\":\"Organization\",\"@id\":\"https:\/\/www.coccigames.com\/#organization\",\"name\":\"Coccigames\",\"url\":\"https:\/\/www.coccigames.com\/\",\"logo\":{\"@type\":\"ImageObject\",\"inLanguage\":\"fr-FR\",\"@id\":\"https:\/\/www.coccigames.com\/#\/schema\/logo\/image\/\",\"url\":\"https:\/\/www.coccigames.com\/wp-content\/uploads\/2025\/12\/coccigames_logo_v5.png\",\"contentUrl\":\"https:\/\/www.coccigames.com\/wp-content\/uploads\/2025\/12\/coccigames_logo_v5.png\",\"width\":1768,\"height\":424,\"caption\":\"Coccigames\"},\"image\":{\"@id\":\"https:\/\/www.coccigames.com\/#\/schema\/logo\/image\/\"}}]}<\/script>\n<!-- \/ Yoast SEO plugin. -->","yoast_head_json":{"title":"BANEBLADE SQUADRON - Coccigames","robots":{"index":"index","follow":"follow","max-snippet":"max-snippet:-1","max-image-preview":"max-image-preview:large","max-video-preview":"max-video-preview:-1"},"canonical":"https:\/\/www.coccigames.com\/index.php\/produit\/baneblade-squadron\/","og_locale":"fr_FR","og_type":"article","og_title":"BANEBLADE SQUADRON - Coccigames","og_description":"Le Baneblade est un char super-lourd dot\u00e9 d&rsquo;un nombre d&rsquo;armes \u00e9tourdissant, m\u00eame pour un v\u00e9hicule de cette taille prodigieuse. Chaque Baneblade est un bastion mobile, ainsi qu&rsquo;un symbole de fiert\u00e9 pour ceux qui marchent \u00e0 ses c\u00f4t\u00e9s. Le ch\u00e2ssis du Baneblade sert aussi de base&hellip;","og_url":"https:\/\/www.coccigames.com\/index.php\/produit\/baneblade-squadron\/","og_site_name":"Coccigames","article_modified_time":"2026-04-06T07:28:30+00:00","og_image":[{"width":918,"height":948,"url":"https:\/\/www.coccigames.com\/wp-content\/uploads\/2025\/12\/99122605003_BanebladeSquadronStock.jpg","type":"image\/jpeg"}],"twitter_card":"summary_large_image","twitter_misc":{"Dur\u00e9e de lecture estim\u00e9e":"2 minutes"},"schema":{"@context":"https:\/\/schema.org","@graph":[{"@type":"WebPage","@id":"https:\/\/www.coccigames.com\/index.php\/produit\/baneblade-squadron\/","url":"https:\/\/www.coccigames.com\/index.php\/produit\/baneblade-squadron\/","name":"BANEBLADE SQUADRON - Coccigames","isPartOf":{"@id":"https:\/\/www.coccigames.com\/#website"},"primaryImageOfPage":{"@id":"https:\/\/www.coccigames.com\/index.php\/produit\/baneblade-squadron\/#primaryimage"},"image":{"@id":"https:\/\/www.coccigames.com\/index.php\/produit\/baneblade-squadron\/#primaryimage"},"thumbnailUrl":"https:\/\/www.coccigames.com\/wp-content\/uploads\/2025\/12\/99122605003_BanebladeSquadronStock.jpg","datePublished":"2025-12-20T12:22:23+00:00","dateModified":"2026-04-06T07:28:30+00:00","breadcrumb":{"@id":"https:\/\/www.coccigames.com\/index.php\/produit\/baneblade-squadron\/#breadcrumb"},"inLanguage":"fr-FR","potentialAction":[{"@type":"ReadAction","target":["https:\/\/www.coccigames.com\/index.php\/produit\/baneblade-squadron\/"]}]},{"@type":"ImageObject","inLanguage":"fr-FR","@id":"https:\/\/www.coccigames.com\/index.php\/produit\/baneblade-squadron\/#primaryimage","url":"https:\/\/www.coccigames.com\/wp-content\/uploads\/2025\/12\/99122605003_BanebladeSquadronStock.jpg","contentUrl":"https:\/\/www.coccigames.com\/wp-content\/uploads\/2025\/12\/99122605003_BanebladeSquadronStock.jpg","width":918,"height":948},{"@type":"BreadcrumbList","@id":"https:\/\/www.coccigames.com\/index.php\/produit\/baneblade-squadron\/#breadcrumb","itemListElement":[{"@type":"ListItem","position":1,"name":"Accueil","item":"https:\/\/www.coccigames.com\/"},{"@type":"ListItem","position":2,"name":"Boutique","item":"https:\/\/www.coccigames.com\/index.php\/boutique\/"},{"@type":"ListItem","position":3,"name":"BANEBLADE SQUADRON"}]},{"@type":"WebSite","@id":"https:\/\/www.coccigames.com\/#website","url":"https:\/\/www.coccigames.com\/","name":"Coccigames - Figurines et Peintures","description":"Figurines et Peintures","publisher":{"@id":"https:\/\/www.coccigames.com\/#organization"},"potentialAction":[{"@type":"SearchAction","target":{"@type":"EntryPoint","urlTemplate":"https:\/\/www.coccigames.com\/?s={search_term_string}"},"query-input":{"@type":"PropertyValueSpecification","valueRequired":true,"valueName":"search_term_string"}}],"inLanguage":"fr-FR"},{"@type":"Organization","@id":"https:\/\/www.coccigames.com\/#organization","name":"Coccigames","url":"https:\/\/www.coccigames.com\/","logo":{"@type":"ImageObject","inLanguage":"fr-FR","@id":"https:\/\/www.coccigames.com\/#\/schema\/logo\/image\/","url":"https:\/\/www.coccigames.com\/wp-content\/uploads\/2025\/12\/coccigames_logo_v5.png","contentUrl":"https:\/\/www.coccigames.com\/wp-content\/uploads\/2025\/12\/coccigames_logo_v5.png","width":1768,"height":424,"caption":"Coccigames"},"image":{"@id":"https:\/\/www.coccigames.com\/#\/schema\/logo\/image\/"}}]}},"_links":{"self":[{"href":"https:\/\/www.coccigames.com\/index.php\/wp-json\/wp\/v2\/product\/13011","targetHints":{"allow":["GET"]}}],"collection":[{"href":"https:\/\/www.coccigames.com\/index.php\/wp-json\/wp\/v2\/product"}],"about":[{"href":"https:\/\/www.coccigames.com\/index.php\/wp-json\/wp\/v2\/types\/product"}],"replies":[{"embeddable":true,"href":"https:\/\/www.coccigames.com\/index.php\/wp-json\/wp\/v2\/comments?post=13011"}],"wp:featuredmedia":[{"embeddable":true,"href":"https:\/\/www.coccigames.com\/index.php\/wp-json\/wp\/v2\/media\/13135"}],"wp:attachment":[{"href":"https:\/\/www.coccigames.com\/index.php\/wp-json\/wp\/v2\/media?parent=13011"}],"wp:term":[{"taxonomy":"product_brand","embeddable":true,"href":"https:\/\/www.coccigames.com\/index.php\/wp-json\/wp\/v2\/product_brand?post=13011"},{"taxonomy":"product_cat","embeddable":true,"href":"https:\/\/www.coccigames.com\/index.php\/wp-json\/wp\/v2\/product_cat?post=13011"},{"taxonomy":"product_tag","embeddable":true,"href":"https:\/\/www.coccigames.com\/index.php\/wp-json\/wp\/v2\/product_tag?post=13011"}],"curies":[{"name":"wp","href":"https:\/\/api.w.org\/{rel}","templated":true}]}}