{"id":12994,"date":"2025-12-20T13:22:14","date_gmt":"2025-12-20T12:22:14","guid":{"rendered":"https:\/\/www.coccigames.com\/index.php\/produit\/astartes-combined-arms-battle-group\/"},"modified":"2026-04-06T09:28:28","modified_gmt":"2026-04-06T07:28:28","slug":"astartes-combined-arms-battle-group","status":"publish","type":"product","link":"https:\/\/www.coccigames.com\/index.php\/produit\/astartes-combined-arms-battle-group\/","title":{"rendered":"ASTARTES COMBINED ARMS BATTLE GROUP"},"content":{"rendered":"<p>Les Legiones Astartes emploient une doctrine interarmes, et d\u00e9ploient ainsi tout un \u00e9ventail d&rsquo;escouades soutenues par des pi\u00e8ces d&rsquo;artillerie mobiles, par de redoutables marcheurs Dreadnought, et par un armement encore plus lourd mont\u00e9 sur d&rsquo;implacables chars de combat.<\/p>\n<p>Cette bo\u00eete bien remplie est id\u00e9ale pour d\u00e9buter une nouvelle collection ou pour \u00e9tendre votre arm\u00e9e existante des Legiones Astartes avant de la d\u00e9cha\u00eener dans les parties de Legions Imperialis, et vous ferez des \u00e9conomies par rapport \u00e0 l&rsquo;achat des kits au d\u00e9tail. Cette force est b\u00e2tie autour d&rsquo;un noyau d&rsquo;infanterie polyvalente pr\u00eate \u00e0 remplir divers r\u00f4les sur le champ de bataille. Elle dispose du soutien de Dreadnoughts, incluant des Leviathan pesants, des Contemptor et des Deredeo, ainsi que de plateformes d&rsquo;armes lourdes, de chars de combat, et m\u00eame de Xiphon Interceptors en couverture a\u00e9rienne.<\/p>\n<p><strong>Le set inclut 150 figurines en plastique, qui se combinent pour obtenir 58 socles d&rsquo;infanterie ou v\u00e9hicules des Legiones Astartes:<\/strong><\/p>\n<p>\u2013 2x Legion Command Squads<\/p>\n<p>\u2013 8x Tactical Legionaries<\/p>\n<p>\u2013 2x Terminators<\/p>\n<p>\u2013 2x Assault Marines<\/p>\n<p>\u2013\u00a04x Support Legionaries<\/p>\n<p>\u2013 4x Contemptor Dreadnoughts<\/p>\n<p>\u2013 4x Leviathan Siege Dreadnoughts<\/p>\n<p>\u2013\u00a04x Deredeo Dreadnoughts<\/p>\n<p>\u2013 4x Legion Rapier<\/p>\n<p>\u2013 4x Tarantula<\/p>\n<p>\u2013 4x Kratos<\/p>\n<p>\u2013 4x Sicaran Tanks<\/p>\n<p>\u2013 6x Land Raider Proteus<\/p>\n<p>\u2013\u00a06x Xiphon Interceptors<\/p>\n<p>Les Support Legionaries permettent d&rsquo;obtenir deux socles avec fusils \u00e0 plasma et deux avec lance-missiles. Les Contemptor Dreadnoughts sont deux avec canon d&rsquo;assaut Kheres et deux avec canon laser jumel\u00e9. Les Leviathan Dreadnoughts sont deux avec quadritube Leviathan et deux avec lance \u00e0 fusion cyclonique. Les Deredeo Dreadnoughts sont deux avec batterie d&rsquo;autocanons Anvilus et deux avec canonnade \u00e0 plasma Feu d&rsquo;Enfer. Les Rapier sont deux avec lanceur quadruple et deux avec ensemble de destructeurs laser. Les Tarantula sont deux avec lance-missiles Hyperios antia\u00e9riens et deux avec batterie de canons laser. Les Sicaran Tanks peuvent chacun \u00eatre assembl\u00e9s comme un Sicaran Arcus ou un Sicaran Punisher.<\/p>\n<p>Ce kit s&rsquo;accompagne de 3x Planches de D\u00e9calcos des V\u00e9hicules des L\u00e9gions, comprenant chacune 1130x d\u00e9calcos de grande qualit\u00e9, et de 1x Planche de D\u00e9calcos des Appareils Volants des Legiones Astartes, comprenant 748 d\u00e9calcos de grande qualit\u00e9, afin de d\u00e9corer vos figurines. Il s&rsquo;y trouve des ic\u00f4nes pour chacune des 18 L\u00e9gions de l&rsquo;H\u00e9r\u00e9sie d&rsquo;Horus, ainsi que des chiffres et des symboles honorifiques.<\/p>\n<p>Ce kit est compos\u00e9 de 724 \u00e9l\u00e9ments en plastique, de 38x Socles Legions Imperialis de 25mm, de 6x Socles Volants Ronds Legions Imperialis de 40mm et de 6x Tiges \u00e0 Rotule. Ces figurines sont fournies non peintes et n\u00e9cessitent assemblage \u2013 nous recommandons d&#8217;employer la Colle Plastique Citadel et la peinture Citadel Colour.<\/p>\n","protected":false},"excerpt":{"rendered":"<p>Les Legiones Astartes emploient une doctrine interarmes, et d\u00e9ploient ainsi tout un \u00e9ventail d&rsquo;escouades soutenues par des pi\u00e8ces d&rsquo;artillerie mobiles, par de redoutables marcheurs Dreadnought, et par un armement encore plus lourd mont\u00e9 sur d&rsquo;implacables chars de combat. Cette bo\u00eete bien remplie est id\u00e9ale pour&hellip;<\/p>\n","protected":false},"featured_media":13080,"comment_status":"open","ping_status":"closed","template":"","meta":[],"product_brand":[23],"product_cat":[6185],"product_tag":[434,6184],"class_list":{"0":"post-12994","1":"product","2":"type-product","3":"status-publish","4":"has-post-thumbnail","6":"product_brand-games-workshop","7":"product_cat-legion-imperialis","8":"product_tag-generic","9":"product_tag-legion-imperialis","11":"first","12":"outofstock","13":"sale","14":"taxable","15":"shipping-taxable","16":"purchasable","17":"product-type-simple"},"yoast_head":"<!-- This site is optimized with the Yoast SEO plugin v26.4 - https:\/\/yoast.com\/wordpress\/plugins\/seo\/ -->\n<title>ASTARTES COMBINED ARMS BATTLE GROUP - Coccigames<\/title>\n<meta name=\"robots\" content=\"index, follow, max-snippet:-1, max-image-preview:large, max-video-preview:-1\" \/>\n<link rel=\"canonical\" href=\"https:\/\/www.coccigames.com\/index.php\/produit\/astartes-combined-arms-battle-group\/\" \/>\n<meta property=\"og:locale\" content=\"fr_FR\" \/>\n<meta property=\"og:type\" content=\"article\" \/>\n<meta property=\"og:title\" content=\"ASTARTES COMBINED ARMS BATTLE GROUP - Coccigames\" \/>\n<meta property=\"og:description\" content=\"Les Legiones Astartes emploient une doctrine interarmes, et d\u00e9ploient ainsi tout un \u00e9ventail d&rsquo;escouades soutenues par des pi\u00e8ces d&rsquo;artillerie mobiles, par de redoutables marcheurs Dreadnought, et par un armement encore plus lourd mont\u00e9 sur d&rsquo;implacables chars de combat. Cette bo\u00eete bien remplie est id\u00e9ale pour&hellip;\" \/>\n<meta property=\"og:url\" content=\"https:\/\/www.coccigames.com\/index.php\/produit\/astartes-combined-arms-battle-group\/\" \/>\n<meta property=\"og:site_name\" content=\"Coccigames\" \/>\n<meta property=\"article:modified_time\" content=\"2026-04-06T07:28:28+00:00\" \/>\n<meta property=\"og:image\" content=\"https:\/\/www.coccigames.com\/wp-content\/uploads\/2025\/12\/99122601020_LegionsImperialisLegionAstartesCombinedArmsBattleGroup05.jpg\" \/>\n\t<meta property=\"og:image:width\" content=\"918\" \/>\n\t<meta property=\"og:image:height\" content=\"948\" \/>\n\t<meta property=\"og:image:type\" content=\"image\/jpeg\" \/>\n<meta name=\"twitter:card\" content=\"summary_large_image\" \/>\n<meta name=\"twitter:label1\" content=\"Dur\u00e9e de lecture estim\u00e9e\" \/>\n\t<meta name=\"twitter:data1\" content=\"3 minutes\" \/>\n<script type=\"application\/ld+json\" class=\"yoast-schema-graph\">{\"@context\":\"https:\/\/schema.org\",\"@graph\":[{\"@type\":\"WebPage\",\"@id\":\"https:\/\/www.coccigames.com\/index.php\/produit\/astartes-combined-arms-battle-group\/\",\"url\":\"https:\/\/www.coccigames.com\/index.php\/produit\/astartes-combined-arms-battle-group\/\",\"name\":\"ASTARTES COMBINED ARMS BATTLE GROUP - Coccigames\",\"isPartOf\":{\"@id\":\"https:\/\/www.coccigames.com\/#website\"},\"primaryImageOfPage\":{\"@id\":\"https:\/\/www.coccigames.com\/index.php\/produit\/astartes-combined-arms-battle-group\/#primaryimage\"},\"image\":{\"@id\":\"https:\/\/www.coccigames.com\/index.php\/produit\/astartes-combined-arms-battle-group\/#primaryimage\"},\"thumbnailUrl\":\"https:\/\/www.coccigames.com\/wp-content\/uploads\/2025\/12\/99122601020_LegionsImperialisLegionAstartesCombinedArmsBattleGroup05.jpg\",\"datePublished\":\"2025-12-20T12:22:14+00:00\",\"dateModified\":\"2026-04-06T07:28:28+00:00\",\"breadcrumb\":{\"@id\":\"https:\/\/www.coccigames.com\/index.php\/produit\/astartes-combined-arms-battle-group\/#breadcrumb\"},\"inLanguage\":\"fr-FR\",\"potentialAction\":[{\"@type\":\"ReadAction\",\"target\":[\"https:\/\/www.coccigames.com\/index.php\/produit\/astartes-combined-arms-battle-group\/\"]}]},{\"@type\":\"ImageObject\",\"inLanguage\":\"fr-FR\",\"@id\":\"https:\/\/www.coccigames.com\/index.php\/produit\/astartes-combined-arms-battle-group\/#primaryimage\",\"url\":\"https:\/\/www.coccigames.com\/wp-content\/uploads\/2025\/12\/99122601020_LegionsImperialisLegionAstartesCombinedArmsBattleGroup05.jpg\",\"contentUrl\":\"https:\/\/www.coccigames.com\/wp-content\/uploads\/2025\/12\/99122601020_LegionsImperialisLegionAstartesCombinedArmsBattleGroup05.jpg\",\"width\":918,\"height\":948},{\"@type\":\"BreadcrumbList\",\"@id\":\"https:\/\/www.coccigames.com\/index.php\/produit\/astartes-combined-arms-battle-group\/#breadcrumb\",\"itemListElement\":[{\"@type\":\"ListItem\",\"position\":1,\"name\":\"Accueil\",\"item\":\"https:\/\/www.coccigames.com\/\"},{\"@type\":\"ListItem\",\"position\":2,\"name\":\"Boutique\",\"item\":\"https:\/\/www.coccigames.com\/index.php\/boutique\/\"},{\"@type\":\"ListItem\",\"position\":3,\"name\":\"ASTARTES COMBINED ARMS BATTLE GROUP\"}]},{\"@type\":\"WebSite\",\"@id\":\"https:\/\/www.coccigames.com\/#website\",\"url\":\"https:\/\/www.coccigames.com\/\",\"name\":\"Coccigames - Figurines et Peintures\",\"description\":\"Figurines et Peintures\",\"publisher\":{\"@id\":\"https:\/\/www.coccigames.com\/#organization\"},\"potentialAction\":[{\"@type\":\"SearchAction\",\"target\":{\"@type\":\"EntryPoint\",\"urlTemplate\":\"https:\/\/www.coccigames.com\/?s={search_term_string}\"},\"query-input\":{\"@type\":\"PropertyValueSpecification\",\"valueRequired\":true,\"valueName\":\"search_term_string\"}}],\"inLanguage\":\"fr-FR\"},{\"@type\":\"Organization\",\"@id\":\"https:\/\/www.coccigames.com\/#organization\",\"name\":\"Coccigames\",\"url\":\"https:\/\/www.coccigames.com\/\",\"logo\":{\"@type\":\"ImageObject\",\"inLanguage\":\"fr-FR\",\"@id\":\"https:\/\/www.coccigames.com\/#\/schema\/logo\/image\/\",\"url\":\"https:\/\/www.coccigames.com\/wp-content\/uploads\/2025\/12\/coccigames_logo_v5.png\",\"contentUrl\":\"https:\/\/www.coccigames.com\/wp-content\/uploads\/2025\/12\/coccigames_logo_v5.png\",\"width\":1768,\"height\":424,\"caption\":\"Coccigames\"},\"image\":{\"@id\":\"https:\/\/www.coccigames.com\/#\/schema\/logo\/image\/\"}}]}<\/script>\n<!-- \/ Yoast SEO plugin. -->","yoast_head_json":{"title":"ASTARTES COMBINED ARMS BATTLE GROUP - Coccigames","robots":{"index":"index","follow":"follow","max-snippet":"max-snippet:-1","max-image-preview":"max-image-preview:large","max-video-preview":"max-video-preview:-1"},"canonical":"https:\/\/www.coccigames.com\/index.php\/produit\/astartes-combined-arms-battle-group\/","og_locale":"fr_FR","og_type":"article","og_title":"ASTARTES COMBINED ARMS BATTLE GROUP - Coccigames","og_description":"Les Legiones Astartes emploient une doctrine interarmes, et d\u00e9ploient ainsi tout un \u00e9ventail d&rsquo;escouades soutenues par des pi\u00e8ces d&rsquo;artillerie mobiles, par de redoutables marcheurs Dreadnought, et par un armement encore plus lourd mont\u00e9 sur d&rsquo;implacables chars de combat. Cette bo\u00eete bien remplie est id\u00e9ale pour&hellip;","og_url":"https:\/\/www.coccigames.com\/index.php\/produit\/astartes-combined-arms-battle-group\/","og_site_name":"Coccigames","article_modified_time":"2026-04-06T07:28:28+00:00","og_image":[{"width":918,"height":948,"url":"https:\/\/www.coccigames.com\/wp-content\/uploads\/2025\/12\/99122601020_LegionsImperialisLegionAstartesCombinedArmsBattleGroup05.jpg","type":"image\/jpeg"}],"twitter_card":"summary_large_image","twitter_misc":{"Dur\u00e9e de lecture estim\u00e9e":"3 minutes"},"schema":{"@context":"https:\/\/schema.org","@graph":[{"@type":"WebPage","@id":"https:\/\/www.coccigames.com\/index.php\/produit\/astartes-combined-arms-battle-group\/","url":"https:\/\/www.coccigames.com\/index.php\/produit\/astartes-combined-arms-battle-group\/","name":"ASTARTES COMBINED ARMS BATTLE GROUP - Coccigames","isPartOf":{"@id":"https:\/\/www.coccigames.com\/#website"},"primaryImageOfPage":{"@id":"https:\/\/www.coccigames.com\/index.php\/produit\/astartes-combined-arms-battle-group\/#primaryimage"},"image":{"@id":"https:\/\/www.coccigames.com\/index.php\/produit\/astartes-combined-arms-battle-group\/#primaryimage"},"thumbnailUrl":"https:\/\/www.coccigames.com\/wp-content\/uploads\/2025\/12\/99122601020_LegionsImperialisLegionAstartesCombinedArmsBattleGroup05.jpg","datePublished":"2025-12-20T12:22:14+00:00","dateModified":"2026-04-06T07:28:28+00:00","breadcrumb":{"@id":"https:\/\/www.coccigames.com\/index.php\/produit\/astartes-combined-arms-battle-group\/#breadcrumb"},"inLanguage":"fr-FR","potentialAction":[{"@type":"ReadAction","target":["https:\/\/www.coccigames.com\/index.php\/produit\/astartes-combined-arms-battle-group\/"]}]},{"@type":"ImageObject","inLanguage":"fr-FR","@id":"https:\/\/www.coccigames.com\/index.php\/produit\/astartes-combined-arms-battle-group\/#primaryimage","url":"https:\/\/www.coccigames.com\/wp-content\/uploads\/2025\/12\/99122601020_LegionsImperialisLegionAstartesCombinedArmsBattleGroup05.jpg","contentUrl":"https:\/\/www.coccigames.com\/wp-content\/uploads\/2025\/12\/99122601020_LegionsImperialisLegionAstartesCombinedArmsBattleGroup05.jpg","width":918,"height":948},{"@type":"BreadcrumbList","@id":"https:\/\/www.coccigames.com\/index.php\/produit\/astartes-combined-arms-battle-group\/#breadcrumb","itemListElement":[{"@type":"ListItem","position":1,"name":"Accueil","item":"https:\/\/www.coccigames.com\/"},{"@type":"ListItem","position":2,"name":"Boutique","item":"https:\/\/www.coccigames.com\/index.php\/boutique\/"},{"@type":"ListItem","position":3,"name":"ASTARTES COMBINED ARMS BATTLE GROUP"}]},{"@type":"WebSite","@id":"https:\/\/www.coccigames.com\/#website","url":"https:\/\/www.coccigames.com\/","name":"Coccigames - Figurines et Peintures","description":"Figurines et Peintures","publisher":{"@id":"https:\/\/www.coccigames.com\/#organization"},"potentialAction":[{"@type":"SearchAction","target":{"@type":"EntryPoint","urlTemplate":"https:\/\/www.coccigames.com\/?s={search_term_string}"},"query-input":{"@type":"PropertyValueSpecification","valueRequired":true,"valueName":"search_term_string"}}],"inLanguage":"fr-FR"},{"@type":"Organization","@id":"https:\/\/www.coccigames.com\/#organization","name":"Coccigames","url":"https:\/\/www.coccigames.com\/","logo":{"@type":"ImageObject","inLanguage":"fr-FR","@id":"https:\/\/www.coccigames.com\/#\/schema\/logo\/image\/","url":"https:\/\/www.coccigames.com\/wp-content\/uploads\/2025\/12\/coccigames_logo_v5.png","contentUrl":"https:\/\/www.coccigames.com\/wp-content\/uploads\/2025\/12\/coccigames_logo_v5.png","width":1768,"height":424,"caption":"Coccigames"},"image":{"@id":"https:\/\/www.coccigames.com\/#\/schema\/logo\/image\/"}}]}},"_links":{"self":[{"href":"https:\/\/www.coccigames.com\/index.php\/wp-json\/wp\/v2\/product\/12994","targetHints":{"allow":["GET"]}}],"collection":[{"href":"https:\/\/www.coccigames.com\/index.php\/wp-json\/wp\/v2\/product"}],"about":[{"href":"https:\/\/www.coccigames.com\/index.php\/wp-json\/wp\/v2\/types\/product"}],"replies":[{"embeddable":true,"href":"https:\/\/www.coccigames.com\/index.php\/wp-json\/wp\/v2\/comments?post=12994"}],"wp:featuredmedia":[{"embeddable":true,"href":"https:\/\/www.coccigames.com\/index.php\/wp-json\/wp\/v2\/media\/13080"}],"wp:attachment":[{"href":"https:\/\/www.coccigames.com\/index.php\/wp-json\/wp\/v2\/media?parent=12994"}],"wp:term":[{"taxonomy":"product_brand","embeddable":true,"href":"https:\/\/www.coccigames.com\/index.php\/wp-json\/wp\/v2\/product_brand?post=12994"},{"taxonomy":"product_cat","embeddable":true,"href":"https:\/\/www.coccigames.com\/index.php\/wp-json\/wp\/v2\/product_cat?post=12994"},{"taxonomy":"product_tag","embeddable":true,"href":"https:\/\/www.coccigames.com\/index.php\/wp-json\/wp\/v2\/product_tag?post=12994"}],"curies":[{"name":"wp","href":"https:\/\/api.w.org\/{rel}","templated":true}]}}